{"id":200,"date":"2020-01-28T17:21:10","date_gmt":"2020-01-28T16:21:10","guid":{"rendered":"https:\/\/www.sinn-schaffen.de\/agrar\/?page_id=200"},"modified":"2020-09-06T13:13:21","modified_gmt":"2020-09-06T11:13:21","slug":"landwirtschaftsministerium-scheitert-erneut-mit-duengeverordnung-vor-eu-kommission","status":"publish","type":"page","link":"https:\/\/www.sinn-schaffen.de\/agrar\/landwirtschaftsministerium-scheitert-erneut-mit-duengeverordnung-vor-eu-kommission\/","title":{"rendered":"Landwirtschaftsministerium scheitert erneut mit D\u00fcngeverordnung vor EU-Kommission"},"content":{"rendered":"\n<p><em>Die Generaldirektion Umwelt der Europ\u00e4ischen Kommission lehnt die von der Bundesregierung vorgelegte Novelle zur D\u00fcngeverordnung Ende Januar 2020 erneut ab. Umweltverb\u00e4nde hatten bereits im Rahmen einer Stellungnahme Kritik am Referentenentwurf ge\u00fcbt: Die in der geplanten neuen D\u00fcngeverordnung enthaltenen Ma\u00dfnahmen werden nicht ausreichen, um die Gew\u00e4sser vor \u00fcberm\u00e4\u00dfigen Nitrat-Eintr\u00e4gen zu sch\u00fctzen. Die wesentlichen Kritikpunkte der Kommission sind die nur teilweise Ber\u00fccksichtigung belasteter Nitratmessstellen durch die ausgewiesenen roten Gebiete sowie mangelhafte Regelungen f\u00fcr D\u00fcngung auf gefrorenem Boden.<\/em><\/p>\n\n\n\n<hr>\n<img decoding=\"async\" class=\"alignleft wp-image-313\" title=\"Foto: Nata Uchava, Freiburg.\" src=\"https:\/\/www.sinn-schaffen.de\/agrar\/wp-content\/uploads\/sites\/15\/2020\/01\/NU-200128-D%C3%BCngemittel.jpg\" alt=\"\" width=\"1024\">\n<hr>\n&nbsp;\n\n\n\n<p><strong>(Berlin, 28. Januar 2020)<\/strong> Die Generaldirektion Umwelt der Europ\u00e4ischen Kommission lehnt die von der Bundesregierung vorgelegte Novelle zur D\u00fcngeverordnung erneut ab. Bis April 2020 muss die Bundesregierung eine akzeptable Novelle vorlegen, um Strafzahlungen zu vermeiden. Es kommentiert Sascha M\u00fcller-Kraenner, Bundesgesch\u00e4ftsf\u00fchrer der Deutschen Umwelthilfe: \u201eDie EU-Kommission stellt der Bundesregierung mit der erneuten Ablehnung der vorgeschlagenen \u00c4nderung der D\u00fcngeverordnung ein vernichtendes Urteil aus. Durch die wiederholt halbgaren Vorschl\u00e4ge bringt die Bundesregierung die Landwirte in eine immer schwierigere Lage. Was die Landwirte brauchen, ist Planungssicherheit. Mit dieser Verschleppungstaktik wird die Situation f\u00fcr die Landwirte kurz vor Beginn der j\u00e4hrlichen D\u00fcngeperiode immer prek\u00e4rer. Das Landwirtschaftsministerium muss nun einen Gang hochschalten und eine ausreichende Verordnung vorlegen, um die Gew\u00e4sser vor \u00fcberm\u00e4\u00dfigen Nitrat-Eintr\u00e4gen zu sch\u00fctzen.\u201c<\/p>\n\n\n\n<p>Umweltverb\u00e4nde hatten bereits im Rahmen einer Stellungnahme\nKritik am Referentenentwurf ge\u00fcbt: Die in der geplanten neuen D\u00fcngeverordnung\nenthaltenen Ma\u00dfnahmen werden nicht ausreichen, um die Gew\u00e4sser vor \u00fcberm\u00e4\u00dfigen\nNitrat-Eintr\u00e4gen zu sch\u00fctzen. Die wesentlichen Kritikpunkte der Kommission sind\ndie nur teilweise Ber\u00fccksichtigung belasteter Nitratmessstellen durch die\nausgewiesenen roten Gebiete sowie mangelhafte Regelungen f\u00fcr D\u00fcngung auf\ngefrorenem Boden. Die Umweltverb\u00e4nde haben zus\u00e4tzlich die Nicht-Einf\u00fchrung der\nseit langem geforderten verbindlichen, vollst\u00e4ndigen Stoffstrombilanz auf\nbetrieblicher Ebene kritisiert. Auch Ausnahmetatbest\u00e4nde sind nicht mehr\ntragbar aber dennoch weiterhin Bestand der geplanten D\u00fcngeverordnung.<\/p>\n\n\n\n<p>Die neue D\u00fcngeverordnung unter Federf\u00fchrung von\nLandwirtschaftsministerin Julia Kl\u00f6ckner soll ab April 2020 in Kraft treten.\nAus Sicht der Deutschen Umwelthilfe hat das zust\u00e4ndige Ministerium \u00fcber Jahre\ndas Nitrat-Problem nicht ernst genommen. Bereits seit 2013 l\u00e4uft ein\nVertragsverletzungsverfahren wegen Nicht-Einhaltung der EU Nitrat-Richtlinie\ngegen Deutschland.<\/p>\n\n\n\n<p>Die Deutsche Umwelthilfe hatte im November 2019 Klage in dem\nmit Nitrat stark belasteten Ems-Gebiet eingereicht. Gem\u00e4\u00df EU-Recht m\u00fcssen\nNiedersachsen und Nordrhein-Westfalen daf\u00fcr sorgen, dass sich der desolate\nZustand der Grundwasserk\u00f6rper in dem Gebiet verbessert. Das Einhalten des\nNitrat-Grenzwerts von 50 mg Nitrat\/Liter im Grundwasser ist zum Schutz des\nTrinkwassers zwingend n\u00f6tig.<\/p>\n\n\n\n<p><strong>Weitere\nInformationen:<\/strong><\/p>\n\n\n\n<ul class=\"wp-block-list\"><li><a rel=\"noreferrer noopener\" aria-label=\"Stellungnahme der Verb\u00e4nde zur D\u00fcngeverordnung (\u00f6ffnet in neuem Tab)\" href=\"https:\/\/www.dnr.de\/biodiversitaetspolitik\/positionen\/gemeinsame-stellungnahme-der-umweltverbaende-zur-duengeverordnung\/\" target=\"_blank\">Stellungnahme der Verb\u00e4nde zur D\u00fcngeverordnung<\/a> <\/li><li><a rel=\"noreferrer noopener\" aria-label=\"Mehr Informationen zur Deutsche-Umwelthilfe-Klage im Ems-Gebiet (\u00f6ffnet in neuem Tab)\" href=\"https:\/\/www.duh.de\/presse\/pressemitteilungen\/pressemitteilung\/guelle-dilemma-im-ems-gebiet-deutsche-umwelthilfe-reicht-klage-gegen-landesregierung-niedersachsen-u\/\" target=\"_blank\">Mehr Informationen zur Deutsche-Umwelthilfe-Klage im Ems-Gebiet<\/a><\/li><li><a href=\"https:\/\/www.duh.de\/themen\/natur\/planetare-grenzen\/nitrat\/\" target=\"_blank\" rel=\"noreferrer noopener\" aria-label=\"Mehr zur Arbeit der Deutschen Umwelthilfe im Bereich Nitrat und Landwirtschaft (\u00f6ffnet in neuem Tab)\">Mehr zur Arbeit der Deutschen Umwelthilfe im Bereich Nitrat und Landwirtschaft<\/a><\/li><\/ul>\n\n\n\n<figure class=\"wp-block-table\"><table class=\"has-subtle-light-gray-background-color has-background\"><tbody><tr><td width=\"25%\"><a rel=\"noopener noreferrer\" href=\"https:\/\/www.duh.de\/ueberuns\/\" target=\"_blank\"><img decoding=\"async\" width=\"180\" class=\"aligncenter wp-image-313\" title=\"Foto: DUH\/Heidi Scherm.\" src=\"https:\/\/www.sinn-schaffen.de\/agrar\/wp-content\/uploads\/sites\/15\/2020\/01\/Sascha_Mueller-Kraenner-300.jpg\" alt=\"\"><\/a><\/td><td width=\"75%\">Sascha M\u00fcller-Kraenner ist Bundesgesch\u00e4ftsf\u00fchrer der <a href=\"https:\/\/www.duh.de\/\" target=\"_blank\" rel=\"noopener noreferrer\">Deutschen Umwelthilfe<\/a>.<\/td><\/tr><tr><td><\/td><td><a href=\"https:\/\/www.duh.de\/\" target=\"_blank\" rel=\"noopener noreferrer\"><img decoding=\"async\" class=\"aligncenter wp-image-313\" title=\" \" src=\"https:\/\/www.sinn-schaffen.de\/buerger\/wp-content\/uploads\/sites\/18\/2018\/07\/DUHLogo.png\" alt=\"\" width=\"180\"><\/a><\/td><\/tr><\/tbody><\/table><\/figure>\n","protected":false},"excerpt":{"rendered":"<p>Die Generaldirektion Umwelt der Europ\u00e4ischen Kommission lehnt die von der Bundesregierung vorgelegte Novelle zur D\u00fcngeverordnung Ende Januar 2020 erneut ab. Umweltverb\u00e4nde hatten bereits im Rahmen einer Stellungnahme Kritik am Referentenentwurf ge\u00fcbt: Die in der geplanten neuen D\u00fcngeverordnung enthaltenen Ma\u00dfnahmen werden nicht ausreichen, um die Gew\u00e4sser vor \u00fcberm\u00e4\u00dfigen Nitrat-Eintr\u00e4gen zu sch\u00fctzen. Die wesentlichen Kritikpunkte der Kommission &hellip; <\/p>\n<p class=\"link-more\"><a href=\"https:\/\/www.sinn-schaffen.de\/agrar\/landwirtschaftsministerium-scheitert-erneut-mit-duengeverordnung-vor-eu-kommission\/\" class=\"more-link\"><span class=\"screen-reader-text\">\u201eLandwirtschaftsministerium scheitert erneut mit D\u00fcngeverordnung vor EU-Kommission\u201c<\/span> weiterlesen<\/a><\/p>\n","protected":false},"author":1,"featured_media":0,"parent":0,"menu_order":56,"comment_status":"closed","ping_status":"closed","template":"","meta":{"footnotes":""},"class_list":["post-200","page","type-page","status-publish","hentry"],"_links":{"self":[{"href":"https:\/\/www.sinn-schaffen.de\/agrar\/wp-json\/wp\/v2\/pages\/200","targetHints":{"allow":["GET"]}}],"collection":[{"href":"https:\/\/www.sinn-schaffen.de\/agrar\/wp-json\/wp\/v2\/pages"}],"about":[{"href":"https:\/\/www.sinn-schaffen.de\/agrar\/wp-json\/wp\/v2\/types\/page"}],"author":[{"embeddable":true,"href":"https:\/\/www.sinn-schaffen.de\/agrar\/wp-json\/wp\/v2\/users\/1"}],"replies":[{"embeddable":true,"href":"https:\/\/www.sinn-schaffen.de\/agrar\/wp-json\/wp\/v2\/comments?post=200"}],"version-history":[{"count":3,"href":"https:\/\/www.sinn-schaffen.de\/agrar\/wp-json\/wp\/v2\/pages\/200\/revisions"}],"predecessor-version":[{"id":337,"href":"https:\/\/www.sinn-schaffen.de\/agrar\/wp-json\/wp\/v2\/pages\/200\/revisions\/337"}],"wp:attachment":[{"href":"https:\/\/www.sinn-schaffen.de\/agrar\/wp-json\/wp\/v2\/media?parent=200"}],"curies":[{"name":"wp","href":"https:\/\/api.w.org\/{rel}","templated":true}]}}