{"id":602,"date":"2022-05-31T17:31:16","date_gmt":"2022-05-31T15:31:16","guid":{"rendered":"https:\/\/www.sinn-schaffen.de\/agrar\/?page_id=602"},"modified":"2022-05-31T17:31:17","modified_gmt":"2022-05-31T15:31:17","slug":"repraesentative-umfrage-90-prozent-der-menschen-in-deutschland-fordern-verbot-von-reserveantibiotika-in-der-massentierhaltung","status":"publish","type":"page","link":"https:\/\/www.sinn-schaffen.de\/agrar\/repraesentative-umfrage-90-prozent-der-menschen-in-deutschland-fordern-verbot-von-reserveantibiotika-in-der-massentierhaltung\/","title":{"rendered":"Repr\u00e4sentative Umfrage: 90 Prozent der Menschen in Deutschland fordern Verbot von Reserveantibiotika in der Massentierhaltung"},"content":{"rendered":"\n<p><em>Reserveantibiotika kommen zum Einsatz, etwa auf Intensivstationen, wenn gegen antibiotikaresistente Keime andere Medikamente nicht mehr wirken. Der massenhafte Einsatz von Reserveantibiotika in Gro\u00dfmastanlagen beg\u00fcnstigt allerdings die Entstehung von Resistenzen gegen diese Notfall-Antibiotika, die auf den Menschen \u00fcbertragbar sind. Offenbar will die EU-Kommission tatenlos zusehen, wie diese letzten Mittel an Wirkung verlieren durch routinem\u00e4\u00dfigen Einsatz in der Billigfleisch-Produktion.<\/em><\/p>\n\n\n\n<hr class=\"wp-block-separator\"\/>\n\n\n\n<figure class=\"wp-block-image size-full\"><img loading=\"lazy\" decoding=\"async\" width=\"1024\" height=\"413\" src=\"https:\/\/www.sinn-schaffen.de\/agrar\/wp-content\/uploads\/sites\/15\/2022\/05\/NU-220531-reserveantibiotika.jpg\" alt=\"\" class=\"wp-image-597\" title=\"Foto: Nata Uchava, Freiburg\"\/><\/figure>\n\n\n\n<hr class=\"wp-block-separator\"\/>\n\n\n\n<p><strong>(Berlin, 19. Mai 2022)<\/strong> Eine repr\u00e4sentative Forsa-Umfrage im Auftrag der Deutschen Umwelthilfe best\u00e4tigt: 90 Prozent der Bev\u00f6lkerung sind f\u00fcr ein Verbot von Reserveantibiotika in der Massentierhaltung. Die Deutsche Umwelthilfe und die \u00c4rzteinitiative gegen Massentierhaltung fordern die EU-Kommission auf, die Menschen ernst zu nehmen und Reserveantibiotika in der Massentierhaltung gesetzlich zu verbieten. In diesen Tagen endete eine \u00f6ffentliche Konsultation zum Vorschlag der EU-Kommission, Reserveantibiotika weiterhin uneingeschr\u00e4nkt in Gro\u00dfmastanlagen zuzulassen. Reserveantibiotika sind f\u00fcr den Menschen extrem wichtig. Sie kommen immer h\u00e4ufiger zum Einsatz, zum Beispiel auf Intensivstationen, wenn gegen antibiotikaresistente Keime andere Medikamente nicht mehr wirken. Der massenhafte Einsatz von Reserveantibiotika in Gro\u00dfmastanlagen beg\u00fcnstigt jedoch die Entstehung von Resistenzen gegen diese Notfall-Antibiotika, die auch auf den Menschen \u00fcbertragbar sind.<\/p>\n\n\n\n<p>Dazu Sascha M\u00fcller-Kraenner, Bundesgesch\u00e4ftsf\u00fchrer der Deutschen Umwelthilfe: \u201eDie \u00fcberw\u00e4ltigende Mehrheit der Deutschen fordert ein Verbot von Reserveantibiotika in der Tierhaltung. Dieses eindeutige Votum muss endlich gesetzlich festgeschrieben werden. Dazu hat die EU-Kommission mit Rechtsakten zur Tierarzneimittelverordnung die M\u00f6glichkeit. Auch das Bundeslandwirtschaftsministerium muss sein Konzept zur Antibiotikaminimierung deutlich nachsch\u00e4rfen. Reserveantibiotika m\u00fcssen aus dem Futter und den Tr\u00e4nken der Massentierhaltung verbannt werden.\u201c<\/p>\n\n\n\n<p>Imke L\u00fchrs, Vorstandssprecherin der \u00c4rzteinitiative gegen Massentierhaltung erg\u00e4nzt: \u201ePatienten mit multiresistenten Erregern kann immer h\u00e4ufiger nur noch mit Reserveantibiotika geholfen werden. Mit ihrem Vorschlag will die EU-Kommission scheinbar tatenlos zusehen, wie diese letzten Mittel an Wirkung verlieren durch routinem\u00e4\u00dfigen Einsatz in der Billigfleisch-Produktion. Es kann aber nicht sein, dass Profite der Fleischindustrie \u00fcber Menschenleben gestellt werden.\u201c<\/p>\n\n\n\n<p>Die Deutsche Umwelthilfe und die \u00c4rzteinitiative gegen Massentierhaltung kritisieren, dass der EU-Vorschlag ma\u00dfgeblich von der Tierhaltungs- und Tier\u00e4rzte-Lobby beeinflusst ist. Humanmedizin-Experten wurden hingegen nicht in gleichem Ma\u00dfe einbezogen. So fordert beispielsweise die Arzneimittelkommission der Bundes\u00e4rztekammer einen Stopp von Reserveantibiotika f\u00fcr Lebensmittel liefernde Tiere. Auch die G7 Agrarministerinnen und -minister haben vergangene Woche beschlossen, dass sie einen verantwortungsvollen Umgang mit Antibiotika innerhalb der Lebensmittelkette als wesentlichen Bestandteil zum Schutz von Mensch, Tier und Umwelt ansehen.<\/p>\n\n\n\n<div class=\"wp-block-columns is-layout-flex wp-container-core-columns-is-layout-9d6595d7 wp-block-columns-is-layout-flex\">\n<div class=\"wp-block-column is-layout-flow wp-block-column-is-layout-flow\" style=\"flex-basis:33.33%\">\n<figure class=\"wp-block-image size-full\"><a href=\"https:\/\/www.duh.de\/ueberuns\/\" target=\"_blank\" rel=\"noopener\"><img loading=\"lazy\" decoding=\"async\" width=\"600\" height=\"490\" src=\"https:\/\/www.sinn-schaffen.de\/agrar\/wp-content\/uploads\/sites\/15\/2022\/05\/Sascha-Mueller-Kraenner-2-DUH-Stefan-Wieland-KK.jpg\" alt=\"\" class=\"wp-image-598\" title=\"Foto: Deutsche Umwelthilfe, Stefan Wieland\"\/><\/a><\/figure>\n<\/div>\n\n\n\n<div class=\"wp-block-column is-layout-flow wp-block-column-is-layout-flow\" style=\"flex-basis:66.66%\">\n<p><a href=\"https:\/\/www.duh.de\/ueberuns\/\" target=\"_blank\" rel=\"noreferrer noopener\">Sascha M\u00fcller-Kraenner<\/a> ist Bundesgesch\u00e4ftsf\u00fchrer der <a href=\"https:\/\/www.duh.de\/\" target=\"_blank\" rel=\"noreferrer noopener\">Deutschen Umwelthilfe<\/a>.<\/p>\n\n\n\n<figure class=\"wp-block-image size-large is-resized\"><a href=\"https:\/\/www.duh.de\/\" target=\"_blank\" rel=\"noopener\"><img loading=\"lazy\" decoding=\"async\" src=\"https:\/\/www.sinn-schaffen.de\/agrar\/wp-content\/uploads\/sites\/15\/2020\/01\/DUHLogo-1024x125.png\" alt=\"\" class=\"wp-image-198\" width=\"397\" height=\"48\"\/><\/a><\/figure>\n<\/div>\n<\/div>\n\n\n\n<div class=\"wp-block-columns is-layout-flex wp-container-core-columns-is-layout-9d6595d7 wp-block-columns-is-layout-flex\">\n<div class=\"wp-block-column is-layout-flow wp-block-column-is-layout-flow\" style=\"flex-basis:33.33%\">\n<figure class=\"wp-block-image size-full\"><a href=\"https:\/\/www.duh.de\/fileadmin\/user_upload\/download\/Pressemitteilungen\/Naturschutz\/Landwirtschaft\/forsa-Ergebnisbericht_Deutsche_Umwelthilfe_Reserveantibiotika_V2.pdf\" target=\"_blank\" rel=\"noopener\"><img loading=\"lazy\" decoding=\"async\" width=\"599\" height=\"846\" src=\"https:\/\/www.sinn-schaffen.de\/agrar\/wp-content\/uploads\/sites\/15\/2022\/05\/forsa-Ergebnisbericht_Deutsche_Umwelthilfe_Reserveantibiotika-T.jpg\" alt=\"\" class=\"wp-image-599\"\/><\/a><\/figure>\n<\/div>\n\n\n\n<div class=\"wp-block-column is-layout-flow wp-block-column-is-layout-flow\" style=\"flex-basis:66.66%\">\n<p>Die Forsa-Umfrage &#8222;Reserve-Antibiotika in der Nutztierhaltung&#8220; vom April 2022 steht <a href=\"https:\/\/www.duh.de\/fileadmin\/user_upload\/download\/Pressemitteilungen\/Naturschutz\/Landwirtschaft\/forsa-Ergebnisbericht_Deutsche_Umwelthilfe_Reserveantibiotika_V2.pdf\" target=\"_blank\" rel=\"noreferrer noopener\">\u00fcber diesen Link zum Download als PDF<\/a> bereit.<\/p>\n<\/div>\n<\/div>\n","protected":false},"excerpt":{"rendered":"<p>Reserveantibiotika kommen zum Einsatz, etwa auf Intensivstationen, wenn gegen antibiotikaresistente Keime andere Medikamente nicht mehr wirken. Der massenhafte Einsatz von Reserveantibiotika in Gro\u00dfmastanlagen beg\u00fcnstigt allerdings die Entstehung von Resistenzen gegen diese Notfall-Antibiotika, die auf den Menschen \u00fcbertragbar sind. Offenbar will die EU-Kommission tatenlos zusehen, wie diese letzten Mittel an Wirkung verlieren durch routinem\u00e4\u00dfigen Einsatz in &hellip; <\/p>\n<p class=\"link-more\"><a href=\"https:\/\/www.sinn-schaffen.de\/agrar\/repraesentative-umfrage-90-prozent-der-menschen-in-deutschland-fordern-verbot-von-reserveantibiotika-in-der-massentierhaltung\/\" class=\"more-link\"><span class=\"screen-reader-text\">\u201eRepr\u00e4sentative Umfrage: 90 Prozent der Menschen in Deutschland fordern Verbot von Reserveantibiotika in der Massentierhaltung\u201c<\/span> weiterlesen<\/a><\/p>\n","protected":false},"author":1,"featured_media":0,"parent":0,"menu_order":28,"comment_status":"closed","ping_status":"closed","template":"","meta":{"footnotes":""},"class_list":["post-602","page","type-page","status-publish","hentry"],"_links":{"self":[{"href":"https:\/\/www.sinn-schaffen.de\/agrar\/wp-json\/wp\/v2\/pages\/602","targetHints":{"allow":["GET"]}}],"collection":[{"href":"https:\/\/www.sinn-schaffen.de\/agrar\/wp-json\/wp\/v2\/pages"}],"about":[{"href":"https:\/\/www.sinn-schaffen.de\/agrar\/wp-json\/wp\/v2\/types\/page"}],"author":[{"embeddable":true,"href":"https:\/\/www.sinn-schaffen.de\/agrar\/wp-json\/wp\/v2\/users\/1"}],"replies":[{"embeddable":true,"href":"https:\/\/www.sinn-schaffen.de\/agrar\/wp-json\/wp\/v2\/comments?post=602"}],"version-history":[{"count":1,"href":"https:\/\/www.sinn-schaffen.de\/agrar\/wp-json\/wp\/v2\/pages\/602\/revisions"}],"predecessor-version":[{"id":603,"href":"https:\/\/www.sinn-schaffen.de\/agrar\/wp-json\/wp\/v2\/pages\/602\/revisions\/603"}],"wp:attachment":[{"href":"https:\/\/www.sinn-schaffen.de\/agrar\/wp-json\/wp\/v2\/media?parent=602"}],"curies":[{"name":"wp","href":"https:\/\/api.w.org\/{rel}","templated":true}]}}