{"id":747,"date":"2024-04-05T15:07:11","date_gmt":"2024-04-05T13:07:11","guid":{"rendered":"https:\/\/www.sinn-schaffen.de\/agrar\/?page_id=747"},"modified":"2024-04-05T15:07:12","modified_gmt":"2024-04-05T13:07:12","slug":"globale-wasserkrise-droht-und-die-groessten-lebensmittel-und-landwirtschaftskonzerne-schauen-zu","status":"publish","type":"page","link":"https:\/\/www.sinn-schaffen.de\/agrar\/globale-wasserkrise-droht-und-die-groessten-lebensmittel-und-landwirtschaftskonzerne-schauen-zu\/","title":{"rendered":"Globale Wasserkrise droht und die gr\u00f6\u00dften Lebensmittel- und Landwirtschaftskonzerne schauen zu"},"content":{"rendered":"\n<p><em>Sch\u00e4tzungen der Vereinten Nationen zufolge verf\u00fcgen zwei Milliarden Menschen weltweit nicht \u00fcber sauberes Trinkwasser und bis zu drei Milliarden Menschen leiden mindestens einen Monat im Jahr unter Wasserknappheit. Die hunderte Milliarden schwere Industrie f\u00fcr abgef\u00fclltes Wasser untergr\u00e4bt die Fortschritte bei der Erreichung des wichtigsten Ziels f\u00fcr nachhaltige Entwicklung (SDG6), den allgemeinen Zugang zu sauberem und bezahlbarem Trinkwasser f\u00fcr alle Menschen bis 2030.<\/em><\/p>\n\n\n\n<figure class=\"wp-block-image size-full\"><img loading=\"lazy\" decoding=\"async\" width=\"1024\" height=\"413\" src=\"https:\/\/www.sinn-schaffen.de\/agrar\/wp-content\/uploads\/sites\/15\/2024\/04\/240405-NU-pxfam-wasser.jpg\" alt=\"\" class=\"wp-image-737\" title=\"Foto: Nata Uchava, Freiburg\"\/><\/figure>\n\n\n\n<p><strong>(Berlin, 21. M\u00e4rz 2024)<\/strong> Die Welt steht vor einer globalen Wasserkrise. Schon jetzt haben zwei Milliarden Menschen keinen Zugang zu sicherem Trinkwasser. Mitverantwortlich sind die weltweit gr\u00f6\u00dften Lebensmittel- und Landwirtschaftskonzerne. Dennoch reduzieren nur 28 Prozent von ihnen ihre Wasserentnahme, und weniger als ein Viertel ergreifen Ma\u00dfnahmen zur Verringerung der Wasserverschmutzung. Das ergibt eine neue Oxfam-Analyse anl\u00e4sslich des Weltwassertags am 22. M\u00e4rz. Die gemeinn\u00fctzige Organisation fordert: Konzerne m\u00fcssen strenger in die Pflicht genommen werden.<\/p>\n\n\n\n<p>Weltweit entfallen rund 70 Prozent aller S\u00fc\u00dfwasserentnahmen auf die Landwirtschaft. Damit ist die Agrarindustrie der Sektor mit dem bei weitem h\u00f6chsten Wasserverbrauch. Auch bei der Wasserverschmutzung, zum Beispiel durch D\u00fcngemittel und Pestizide, spielt die industrielle Landwirtschaft eine gro\u00dfe Rolle. Daneben verbraucht die schnell wachsende Industrie f\u00fcr abgef\u00fclltes Wasser gewaltige Mengen an Trinkwasser. Indem Lebensmittelkonzerne, wie Danone, Wasser zu einer Ware machen, nehmen sie weitere Wasserverschmutzung in Kauf und versch\u00e4rfen soziale Ungleichheiten.<\/p>\n\n\n\n<p>\u201cWasser und Wohlstand sind untrennbar miteinander verbunden. Reiche Menschen haben besseren Zugang zu sicherem \u00f6ffentlichem Trinkwasser \u2011 und Geld, um privat&nbsp; Wasser zu kaufen. Menschen, die in Armut leben, haben oft keinen Zugang zu einer staatlich gef\u00f6rderten Wasserquelle, sie m\u00fcssen einen erheblichen Aneil ihres Einkommens f\u00fcr den Kauf von Wasser ausgeben. Ein Mangel an Trinkwasser f\u00fchrt zu Hunger, Vertreibung und einem Anstieg von Krankheiten\u201d, so Ludwig Gloger, Referent Humanit\u00e4re Hilfe bei Oxfam.<\/p>\n\n\n\n<p>H\u00e4ufig trifft dies gefl\u00fcchtete Menschen. In Renk beispielsweise, einem \u00dcbergangslager f\u00fcr Gefl\u00fcchtete im S\u00fcdsudan, teilen sich 300 Personen einen einzelnen Wasserhahn. T\u00f6diche Krankheiten wie Cholera k\u00f6nnen sich so leicht ausbreiten.<\/p>\n\n\n\n<p>\u201cSch\u00e4tzungen der Vereinten Nationen zufolge verf\u00fcgen zwei Milliarden Menschen weltweit nicht \u00fcber sauberes Trinkwasser und bis zu drei Milliarden Menschen leiden mindestens einen Monat im Jahr unter Wasserknappheit\u201d, verdeutlicht Gloger die Situation. \u201cDiese Situation ist schlicht und einfach nicht hinnehmbar. Die Politik muss dringend ihren Kurs \u00e4ndern und Unternehmen in die Pflicht nehmen. Ansonsten werden wissentlich tausende Menschenleben geopfert.\u201d<\/p>\n\n\n\n<p>Laut den Vereinten Nationen untergr\u00e4bt die hunderte Milliarden schwere Industrie f\u00fcr abgef\u00fclltes Wasser die Fortschritte bei der Erreichung des wichtigsten Ziels f\u00fcr nachhaltige Entwicklung (SDG6), den allgemeinen Zugang zu sauberem und bezahlbarem Trinkwasser f\u00fcr alle Menschen bis 2030. Doch woher die Agrar- und Lebensmittelkonzerne die immensen Wassermangen beziehen, bleibt h\u00e4ufig im Dunkeln. Nur 108 der 350 untersuchten Unternehmen haben Informationen dazu offengelegt, wie viel Wasser sie aus wasserarmen Regionen entnehmen.<\/p>\n\n\n\n<p>Der globale Temperaturanstieg wird die Verf\u00fcgbarkeit von Wasser in vielen wasserarmen Regionen beispielsweise in Ostafrika und im Nahen Osten, weiter einschr\u00e4nken. Die sich h\u00e4ufenden D\u00fcrreperidoden trocknen immer mehr die B\u00f6den aus, die anschlie\u00dfend immer intensivere Niederschl\u00e4ge schlechter aufnehmen k\u00f6nnen und somit Hochwasserereignisse beg\u00fcnstigen. Dies f\u00fchrt nicht nur dazu, dass die Grundwasserneubildung verringert wird sondern auch, dass wichtige Wasserinfrastruktur wie Filterbrunnen und Speicherbecken besch\u00e4digt werden k\u00f6nnen.<\/p>\n\n\n\n<p>Von den Regierungen fordert Oxfam deswegen:<\/p>\n\n\n\n<ul class=\"wp-block-list\">\n<li>Wasser muss als Menschenrecht und \u00f6ffentliches Gut angesehen werden. Profite d\u00fcrfen nicht die Priorit\u00e4t sein, wenn es um die Bereitstellung von Wasser f\u00fcr Menschen geht.<\/li>\n\n\n\n<li>Unternehmen m\u00fcssen f\u00fcr den Missbrauch und die Verletzung von Menschen- und Umweltrechten und -gesetzen, einschlie\u00dflich der Wasserverschmutzung, konsequent zur Verantwortung gezogen werden.<\/li>\n\n\n\n<li>Es muss in Wassersicherheit, subventionierte \u00f6ffentliche Wasserversorgung, nachhaltige Wasserbewirtschaftung und klimaresistente Wasser-, Sanit\u00e4r- und Hygienedienste (WASH) investiert werden. Die nationale Planung und Politik im Bereich WASH muss die F\u00fchrung, Beteiligung und Entscheidungsfindung von Frauen in allen Phasen vorsehen.<\/li>\n<\/ul>\n\n\n\n<div class=\"wp-block-columns is-layout-flex wp-container-core-columns-is-layout-9d6595d7 wp-block-columns-is-layout-flex\">\n<div class=\"wp-block-column is-layout-flow wp-block-column-is-layout-flow\" style=\"flex-basis:33.33%\">\n<figure class=\"wp-block-image size-full\"><a href=\"https:\/\/www.oxfamwash.org\/en\/response-types\/water-security\" target=\"_blank\" rel=\"noreferrer noopener\"><img loading=\"lazy\" decoding=\"async\" width=\"599\" height=\"846\" src=\"https:\/\/www.sinn-schaffen.de\/agrar\/wp-content\/uploads\/sites\/15\/2024\/04\/Water-Dilemmas-Cascading-Impacts-of-Water-Insecurity-Briefing-Paper-EN-T.jpg\" alt=\"\" class=\"wp-image-738\"\/><\/a><\/figure>\n<\/div>\n\n\n\n<div class=\"wp-block-column is-layout-flow wp-block-column-is-layout-flow\" style=\"flex-basis:66.66%\">\n<p><\/p>\n\n\n\n<p>Der Oxfam-Bericht &#8222;Water Dilemmas&#8220; steht <a href=\"https:\/\/www.oxfamwash.org\/en\/response-types\/water-security\" target=\"_blank\" data-type=\"link\" data-id=\"https:\/\/www.oxfamwash.org\/en\/response-types\/water-security\" rel=\"noreferrer noopener\">\u00fcber diesen Link zum Download als PDF-Datei<\/a> bereit.<\/p>\n<\/div>\n<\/div>\n\n\n\n<div class=\"wp-block-columns is-layout-flex wp-container-core-columns-is-layout-9d6595d7 wp-block-columns-is-layout-flex\">\n<div class=\"wp-block-column is-layout-flow wp-block-column-is-layout-flow\" style=\"flex-basis:33.33%\">\n<figure class=\"wp-block-image size-full\"><a href=\"https:\/\/assets.worldbenchmarkingalliance.org\/app\/uploads\/2022\/08\/The-2022-Nature-Benchmark-Methodology-20-August-update.pdf\" target=\"_blank\" rel=\"noreferrer noopener\"><img loading=\"lazy\" decoding=\"async\" width=\"599\" height=\"846\" src=\"https:\/\/www.sinn-schaffen.de\/agrar\/wp-content\/uploads\/sites\/15\/2024\/04\/The-2022-Nature-Benchmark-Methodology-20-August-update-T.jpg\" alt=\"\" class=\"wp-image-740\"\/><\/a><\/figure>\n<\/div>\n\n\n\n<div class=\"wp-block-column is-layout-flow wp-block-column-is-layout-flow\" style=\"flex-basis:66.66%\">\n<p><\/p>\n\n\n\n<p>Die von Oxfam analysierten Daten zu 350 der einflussreichsten Lebensmittel- und Landwirtschaftskonzerne stammen von der <a href=\"https:\/\/www.worldbenchmarkingalliance.org\/\" target=\"_blank\" data-type=\"link\" data-id=\"https:\/\/www.worldbenchmarkingalliance.org\/\" rel=\"noreferrer noopener\">World Benchmarking Alliance<\/a>. Die Nature Benchmark Methodology steht <a href=\"https:\/\/assets.worldbenchmarkingalliance.org\/app\/uploads\/2022\/08\/The-2022-Nature-Benchmark-Methodology-20-August-update.pdf\" target=\"_blank\" data-type=\"link\" data-id=\"https:\/\/assets.worldbenchmarkingalliance.org\/app\/uploads\/2022\/08\/The-2022-Nature-Benchmark-Methodology-20-August-update.pdf\" rel=\"noreferrer noopener\">\u00fcber diesen Link zum Download als PDF-Datei<\/a> bereit.<\/p>\n<\/div>\n<\/div>\n\n\n\n<div class=\"wp-block-columns is-layout-flex wp-container-core-columns-is-layout-9d6595d7 wp-block-columns-is-layout-flex\">\n<div class=\"wp-block-column is-layout-flow wp-block-column-is-layout-flow\" style=\"flex-basis:33.33%\">\n<figure class=\"wp-block-image size-full\"><a href=\"https:\/\/unesdoc.unesco.org\/ark:\/48223\/pf0000388950_ger\" target=\"_blank\" rel=\"noreferrer noopener\"><img loading=\"lazy\" decoding=\"async\" width=\"595\" height=\"842\" src=\"https:\/\/www.sinn-schaffen.de\/agrar\/wp-content\/uploads\/sites\/15\/2024\/04\/Weltwasserbericht-2024-Zusammenfassung-1.jpg\" alt=\"\" class=\"wp-image-742\"\/><\/a><\/figure>\n<\/div>\n\n\n\n<div class=\"wp-block-column is-layout-flow wp-block-column-is-layout-flow\" style=\"flex-basis:66.66%\">\n<p><\/p>\n\n\n\n<p>Eine Zusammenfassung des Weltwasserbericht der Vereinten Nationen 2024 in deutscher Sprache <a href=\"https:\/\/unesdoc.unesco.org\/ark:\/48223\/pf0000388950_ger\" target=\"_blank\" data-type=\"link\" data-id=\"https:\/\/unesdoc.unesco.org\/ark:\/48223\/pf0000388950_ger\" rel=\"noreferrer noopener\">steht \u00fcber diesen Link zum Download als PDF-Datei<\/a> bereit.<\/p>\n<\/div>\n<\/div>\n\n\n\n<div class=\"wp-block-columns is-layout-flex wp-container-core-columns-is-layout-9d6595d7 wp-block-columns-is-layout-flex\">\n<div class=\"wp-block-column is-layout-flow wp-block-column-is-layout-flow\" style=\"flex-basis:33.33%\">\n<figure class=\"wp-block-image size-full\"><a href=\"https:\/\/unesdoc.unesco.org\/ark:\/48223\/pf0000388948\" target=\"_blank\" rel=\"noreferrer noopener\"><img loading=\"lazy\" decoding=\"async\" width=\"595\" height=\"842\" src=\"https:\/\/www.sinn-schaffen.de\/agrar\/wp-content\/uploads\/sites\/15\/2024\/04\/United-Nations-World-Water-Development-Report-2024-1.jpg\" alt=\"\" class=\"wp-image-744\"\/><\/a><\/figure>\n<\/div>\n\n\n\n<div class=\"wp-block-column is-layout-flow wp-block-column-is-layout-flow\" style=\"flex-basis:66.66%\">\n<p><\/p>\n\n\n\n<p>Der vollst\u00e4ndige Weltwasserbericht der Vereinten Nationen 2024 in englischer Sprache steht <a href=\"https:\/\/unesdoc.unesco.org\/ark:\/48223\/pf0000388948\" target=\"_blank\" data-type=\"link\" data-id=\"https:\/\/unesdoc.unesco.org\/ark:\/48223\/pf0000388948\" rel=\"noreferrer noopener\">\u00fcber diesen Link zum Download als PDF-Datei<\/a> bereit.<\/p>\n<\/div>\n<\/div>\n","protected":false},"excerpt":{"rendered":"<p>Sch\u00e4tzungen der Vereinten Nationen zufolge verf\u00fcgen zwei Milliarden Menschen weltweit nicht \u00fcber sauberes Trinkwasser und bis zu drei Milliarden Menschen leiden mindestens einen Monat im Jahr unter Wasserknappheit. Die hunderte Milliarden schwere Industrie f\u00fcr abgef\u00fclltes Wasser untergr\u00e4bt die Fortschritte bei der Erreichung des wichtigsten Ziels f\u00fcr nachhaltige Entwicklung (SDG6), den allgemeinen Zugang zu sauberem und bezahlbarem Trinkwasser f\u00fcr alle Menschen bis 2030.<\/p>\n","protected":false},"author":1,"featured_media":0,"parent":0,"menu_order":9,"comment_status":"closed","ping_status":"closed","template":"","meta":{"footnotes":""},"class_list":["post-747","page","type-page","status-publish","hentry"],"_links":{"self":[{"href":"https:\/\/www.sinn-schaffen.de\/agrar\/wp-json\/wp\/v2\/pages\/747","targetHints":{"allow":["GET"]}}],"collection":[{"href":"https:\/\/www.sinn-schaffen.de\/agrar\/wp-json\/wp\/v2\/pages"}],"about":[{"href":"https:\/\/www.sinn-schaffen.de\/agrar\/wp-json\/wp\/v2\/types\/page"}],"author":[{"embeddable":true,"href":"https:\/\/www.sinn-schaffen.de\/agrar\/wp-json\/wp\/v2\/users\/1"}],"replies":[{"embeddable":true,"href":"https:\/\/www.sinn-schaffen.de\/agrar\/wp-json\/wp\/v2\/comments?post=747"}],"version-history":[{"count":1,"href":"https:\/\/www.sinn-schaffen.de\/agrar\/wp-json\/wp\/v2\/pages\/747\/revisions"}],"predecessor-version":[{"id":748,"href":"https:\/\/www.sinn-schaffen.de\/agrar\/wp-json\/wp\/v2\/pages\/747\/revisions\/748"}],"wp:attachment":[{"href":"https:\/\/www.sinn-schaffen.de\/agrar\/wp-json\/wp\/v2\/media?parent=747"}],"curies":[{"name":"wp","href":"https:\/\/api.w.org\/{rel}","templated":true}]}}