{"id":829,"date":"2025-08-05T16:33:34","date_gmt":"2025-08-05T14:33:34","guid":{"rendered":"https:\/\/www.sinn-schaffen.de\/agrar\/?page_id=829"},"modified":"2025-08-05T16:33:38","modified_gmt":"2025-08-05T14:33:38","slug":"misereor-stellt-jahresbericht-2024-vor-staatliche-kuerzungen-bei-entwicklungszusammenarbeit-bedeuten-tiefgreifende-zaesur-fuer-entwicklungszusammenarbeit","status":"publish","type":"page","link":"https:\/\/www.sinn-schaffen.de\/agrar\/misereor-stellt-jahresbericht-2024-vor-staatliche-kuerzungen-bei-entwicklungszusammenarbeit-bedeuten-tiefgreifende-zaesur-fuer-entwicklungszusammenarbeit\/","title":{"rendered":"Misereor stellt Jahresbericht 2024 vor: Staatliche K\u00fcrzungen bei Entwicklungszusammenarbeit bedeuten tiefgreifende Z\u00e4sur f\u00fcr Entwicklungszusammenarbeit"},"content":{"rendered":"\n<p><em>Ohne internationale Zusammenarbeit, ohne die weitere Entwicklung anderer L\u00e4nder, mit weltweit wachsender Armut und Hunger wird es weder Frieden noch Sicherheit weltweit geben. Das katholische Hilfswerk Misereor appelliert an die Bundesregierung, die geplanten erheblichen K\u00fcrzungen bei der Entwicklungszusammenarbeit und der humanit\u00e4ren Hilfe zu \u00fcberdenken.<\/em><\/p>\n\n\n\n<p><strong>(Aachen\/Berlin, 2. Juli 2025)<\/strong> Anl\u00e4sslich der Vorstellung seines Jahresberichts appelliert das katholische Hilfswerk Misereor an die Bundesregierung, die geplanten erheblichen K\u00fcrzungen bei der Entwicklungszusammenarbeit und der humanit\u00e4ren Hilfe zu \u00fcberdenken. \u201eDas, was internationale Zusammenarbeit in den letzten Jahren bei der Bek\u00e4mpfung von Hunger, Krankheiten und Ungerechtigkeit erreicht hat, steht nun in vielen Regionen und L\u00e4ndern auf dem Spiel\u201c, erkl\u00e4rte Andreas Frick, Misereor-Hauptgesch\u00e4ftsf\u00fchrer. Die weltweiten K\u00fcrzungen bei der Armutsbek\u00e4mpfung markierten eine tiefgreifende Z\u00e4sur f\u00fcr die internationale Entwicklungszusammenarbeit. Frick warnte vor den Folgen f\u00fcr Frieden und Sicherheit weltweit.<\/p>\n\n\n\n<p>\u201eWo die USA und andere L\u00e4nder momentan gro\u00dfe L\u00fccken in der Entwicklungsfinanzierung rei\u00dfen, kann und muss Deutschland jetzt wichtige Verantwortung \u00fcbernehmen. Wir sind einer der gr\u00f6\u00dften Geber von Entwicklungsgeldern. Diese Rolle sollten wir offensiv annehmen und gestalten \u2013 auch in unserem eigenen Interesse. Denn ohne internationale Zusammenarbeit, ohne die weitere Entwicklung anderer L\u00e4nder, mit weltweit wachsender Armut und Hunger wird es weder Frieden noch Sicherheit f\u00fcr uns und weltweit geben\u201c, betonte Frick am Mittwoch, den 2. Juli 2025, in Berlin.<\/p>\n\n\n\n<p>Besonders im Nahen Osten spitze sich die Situation in der gesamten Region zu. Bernd Bornhorst, Gesch\u00e4ftsf\u00fchrer Internationale Zusammenarbeit bei Misereor, rief die Bundesregierung auf, ihren Einfluss geltend zu machen und von der israelischen Regierung endlich die Aufhebung der Hilfsblockade zu fordern: \u201eDie milit\u00e4rischen Operationen m\u00fcssen ein Ende haben und die Menschen in Gaza fl\u00e4chendeckend mit Nahrung, sauberem Wasser und Medikamenten versorgt werden.\u201c Die chaotischen Zust\u00e4nde mit hunderten Toten und tausenden Verletzten beim Warten auf Hilfslieferungen an den wenigen Verteilzentren verschlimmerten die Situation und widerspr\u00e4chen allen Regeln der humanit\u00e4ren Hilfe, so Bornhorst.<\/p>\n\n\n\n<h2 class=\"wp-block-heading\">Starke Fokussierung auf Aufr\u00fcstung wird langfristig nicht f\u00fcr mehr Frieden sorgen<\/h2>\n\n\n\n<p>Der Vorsitzende der Katholischen Zentralstelle f\u00fcr globale Entwicklung (KZE), Pr\u00e4lat Karl J\u00fcsten, forderte die Bundesregierung auf, keine R\u00fcstungsexporte mehr nach Israel zu genehmigen, die erkennbar zu schweren Verst\u00f6\u00dfen gegen das humanit\u00e4re V\u00f6lkerrecht genutzt w\u00fcrden. \u201eDie Bundesregierung muss sich viel st\u00e4rker als bisher f\u00fcr schnelle und intensive Friedensverhandlungen einsetzen. Deutschland hat hier eine besondere Verantwortung\u201c, so J\u00fcsten. Dar\u00fcber hinaus warnte er vor den geplanten massiven Aufw\u00fcchsen bei Aufr\u00fcstung und milit\u00e4rischen Mitteln in Deutschland: \u201eBei allen Notwendigkeiten f\u00fcr Investitionen in Deutschlands Verteidigungsf\u00e4higkeit \u2011 eine so starke Fokussierung aufs Milit\u00e4rische wird langfristig nicht allein f\u00fcr mehr Frieden sorgen. Deutschland sollte die Ziele der vergangenen Jahrzehnte nicht aus dem Blick verlieren: Der Kampf gegen Hunger, Armut und Klimawandel darf nicht gedrosselt werden, um Krisen vorzubeugen und Stabilit\u00e4t zu schaffen.\u201c<\/p>\n\n\n\n<h2 class=\"wp-block-heading\">62,4 Millionen Spenden bei 229,9 Millionen Gesamteinnahmen<\/h2>\n\n\n\n<p>Misereor hat im Jahr 2024 62,4 Millionen Euro aus Spenden und Kollekten eingenommen, ein leichter R\u00fcckgang von 2,2 Millionen im Vergleich zum Vorjahr. Misereor-Hauptgesch\u00e4ftsf\u00fchrer Frick bedankte sich bei den Spenderinnen und Spendern f\u00fcr die gro\u00dfe Solidarit\u00e4t mit den Menschen in L\u00e4ndern mit hoher Armutsquote. Insgesamt standen Misereor 2024 einschlie\u00dflich der Gelder aus Mitteln des Bundesministeriums f\u00fcr wirtschaftliche Zusammenarbeit und Entwicklung (BMZ) 229,9 Millionen Euro zur Verf\u00fcgung. Aktuell unterst\u00fctzt Misereor mehr als 3100 Projekte in 83 L\u00e4ndern.<\/p>\n\n\n\n<div class=\"wp-block-columns is-layout-flex wp-container-core-columns-is-layout-9d6595d7 wp-block-columns-is-layout-flex\">\n<div class=\"wp-block-column is-layout-flow wp-block-column-is-layout-flow\" style=\"flex-basis:33.33%\">\n<figure class=\"wp-block-image size-full\"><a href=\"https:\/\/www.misereor.de\/fileadmin\/user_upload\/Infothek\/jahresbericht-2024.pdf\" target=\"_blank\" rel=\" noreferrer noopener\"><img loading=\"lazy\" decoding=\"async\" width=\"571\" height=\"798\" src=\"https:\/\/www.sinn-schaffen.de\/agrar\/wp-content\/uploads\/sites\/15\/2025\/08\/misereor-jahresbericht-2024-T.jpg\" alt=\"\" class=\"wp-image-826\"\/><\/a><\/figure>\n<\/div>\n\n\n\n<div class=\"wp-block-column is-layout-flow wp-block-column-is-layout-flow\" style=\"flex-basis:66.66%\">\n<p><\/p>\n\n\n\n<p>Die Jahresbericht 2024 von Misereor steht <a href=\"https:\/\/www.misereor.de\/fileadmin\/user_upload\/Infothek\/jahresbericht-2024.pdf\" target=\"_blank\" rel=\"noreferrer noopener\">\u00fcber diesen Link zum Download als PDF-Datei<\/a> bereit.<\/p>\n<\/div>\n<\/div>\n","protected":false},"excerpt":{"rendered":"<p>Ohne internationale Zusammenarbeit, ohne die weitere Entwicklung anderer L\u00e4nder, mit weltweit wachsender Armut und Hunger wird es weder Frieden noch Sicherheit weltweit geben. Das katholische Hilfswerk Misereor appelliert an die Bundesregierung, die geplanten erheblichen K\u00fcrzungen bei der Entwicklungszusammenarbeit und der humanit\u00e4ren Hilfe zu \u00fcberdenken. (Aachen\/Berlin, 2. Juli 2025) Anl\u00e4sslich der Vorstellung seines Jahresberichts appelliert das &hellip; <\/p>\n<p class=\"link-more\"><a href=\"https:\/\/www.sinn-schaffen.de\/agrar\/misereor-stellt-jahresbericht-2024-vor-staatliche-kuerzungen-bei-entwicklungszusammenarbeit-bedeuten-tiefgreifende-zaesur-fuer-entwicklungszusammenarbeit\/\" class=\"more-link\"><span class=\"screen-reader-text\">\u201eMisereor stellt Jahresbericht 2024 vor: Staatliche K\u00fcrzungen bei Entwicklungszusammenarbeit bedeuten tiefgreifende Z\u00e4sur f\u00fcr Entwicklungszusammenarbeit\u201c<\/span> weiterlesen<\/a><\/p>\n","protected":false},"author":1,"featured_media":0,"parent":0,"menu_order":0,"comment_status":"closed","ping_status":"closed","template":"","meta":{"footnotes":""},"class_list":["post-829","page","type-page","status-publish","hentry"],"_links":{"self":[{"href":"https:\/\/www.sinn-schaffen.de\/agrar\/wp-json\/wp\/v2\/pages\/829","targetHints":{"allow":["GET"]}}],"collection":[{"href":"https:\/\/www.sinn-schaffen.de\/agrar\/wp-json\/wp\/v2\/pages"}],"about":[{"href":"https:\/\/www.sinn-schaffen.de\/agrar\/wp-json\/wp\/v2\/types\/page"}],"author":[{"embeddable":true,"href":"https:\/\/www.sinn-schaffen.de\/agrar\/wp-json\/wp\/v2\/users\/1"}],"replies":[{"embeddable":true,"href":"https:\/\/www.sinn-schaffen.de\/agrar\/wp-json\/wp\/v2\/comments?post=829"}],"version-history":[{"count":1,"href":"https:\/\/www.sinn-schaffen.de\/agrar\/wp-json\/wp\/v2\/pages\/829\/revisions"}],"predecessor-version":[{"id":830,"href":"https:\/\/www.sinn-schaffen.de\/agrar\/wp-json\/wp\/v2\/pages\/829\/revisions\/830"}],"wp:attachment":[{"href":"https:\/\/www.sinn-schaffen.de\/agrar\/wp-json\/wp\/v2\/media?parent=829"}],"curies":[{"name":"wp","href":"https:\/\/api.w.org\/{rel}","templated":true}]}}