{"id":1043,"date":"2025-05-22T15:37:03","date_gmt":"2025-05-22T13:37:03","guid":{"rendered":"https:\/\/www.sinn-schaffen.de\/buerger\/?page_id=1043"},"modified":"2025-05-22T22:39:10","modified_gmt":"2025-05-22T20:39:10","slug":"strukturwandel-in-den-kohlerevieren-dgb-fordert-klare-perspektiven-fuer-beschaeftigte","status":"publish","type":"page","link":"https:\/\/www.sinn-schaffen.de\/buerger\/strukturwandel-in-den-kohlerevieren-dgb-fordert-klare-perspektiven-fuer-beschaeftigte\/","title":{"rendered":"Strukturwandel in den Kohlerevieren: DGB fordert klare Perspektiven f\u00fcr Besch\u00e4ftigte"},"content":{"rendered":"\n<p><em>Der Kohleausstieg bis sp\u00e4testens 2038 wird von Strukturhilfen in H\u00f6he von mehr als 40 Milliarden Euro begleitet zur Unterst\u00fctzung der betroffenen Regionen, sich zu klimaneutralen Energieregionen zu entwickeln. Als Zwischenbilanz nach vier Jahren appelliert der DGB an die Bundesregierung, den Strukturwandel mit klaren politischen Leitplanken zu begleiten, die Sozialpartner st\u00e4rker einzubinden und die Besch\u00e4ftigten in den Mittelpunkt zu stellen.<\/em><\/p>\n\n\n\n<figure class=\"wp-block-image size-full\"><img loading=\"lazy\" decoding=\"async\" width=\"1024\" height=\"413\" src=\"https:\/\/www.sinn-schaffen.de\/buerger\/wp-content\/uploads\/sites\/18\/2025\/05\/REVIERWENDE_\u2013quer.jpg\" alt=\"\" class=\"wp-image-1038\" title=\"Foto: Nata Uchava, Magdeburg\"\/><\/figure>\n\n\n\n<p><strong>(Berlin, 22. Mai 2025) <\/strong>\u201eNiemand f\u00e4llt ins Bergfreie\u201c \u2013 das ist und bleibt das erkl\u00e4rte Ziel des Deutschen Gewerkschaftsbundes (DGB) und seiner Mitgliedsgewerkschaften f\u00fcr den Strukturwandel in den Kohlerevieren Deutschlands. Doch sechs Jahre nach Ende der Kohlekommission zeigt sich, dass der Transformationsdruck in den betroffenen Regionen massiv zugenommen hat. \u201eDie wirtschaftlichen Rahmenbedingungen haben sich versch\u00e4rft und die strukturellen Herausforderungen bleiben enorm\u201c, betonte Stefan K\u00f6rzell, Mitglied im Bundesvorstand des DGB, anl\u00e4sslich einer Tagung des DGB-Projekts \u201eRevierwende\u201c im Hans-B\u00f6ckler-Haus in Berlin.<\/p>\n\n\n\n<p>K\u00f6rzell forderte eine st\u00e4rkere Einbindung der Sozialpartner in die politischen Entscheidungsprozesse: \u201eDie Sozialpartner m\u00fcssen in das Bund-L\u00e4nder-Koordinierungsgremium aufgenommen werden, das den Strukturwandel steuert.\u201c Zudem betonte er: \u201eUnsere Kriterien f\u00fcr Gute Arbeit m\u00fcssen im gesetzlichen Monitoring zum Kohleausstieg fest verankert werden. Was es jetzt braucht, sind klare und verl\u00e4ssliche Perspektiven f\u00fcr die Besch\u00e4ftigten.\u201c<\/p>\n\n\n\n<p>Der gesetzlich festgelegte Kohleausstieg bis sp\u00e4testens 2038 wird von Strukturhilfen in H\u00f6he von mehr als 40 Milliarden Euro begleitet. Diese Mittel sollen die betroffenen Regionen dabei unterst\u00fctzen, sich zu klimaneutralen Energieregionen zu entwickeln. Der DGB machte deutlich, dass der Erfolg des Strukturwandels nicht allein durch F\u00f6rdergelder garantiert werden kann. \u201eEs geht darum, die Besch\u00e4ftigten aktiv einzubinden, neue Zukunftsbranchen anzusiedeln und die Lebensqualit\u00e4t in den Revieren zu verbessern\u201c, so K\u00f6rzell weiter.<\/p>\n\n\n\n<p>Die Menschen an der Gestaltung des Strukturwandels zu beteiligen ist auch das Ziel des <a href=\"https:\/\/revierwende.de\/\" target=\"_blank\" data-type=\"link\" data-id=\"https:\/\/revierwende.de\/\" rel=\"noreferrer noopener\">DGB-Projekts Revierwende<\/a>. Vier Jahre nach dem Start des Projekts zog der DGB Zwischenbilanz: Gemeinsam diskutieren Vertreter:innen aus Politik, Wirtschaft und Gewerkschaften \u00fcber die bisherigen Fortschritte und die dr\u00e4ngenden Herausforderungen.<\/p>\n\n\n\n<p>Der DGB appelliert an die Bundesregierung, den Strukturwandel mit klaren politischen Leitplanken zu begleiten, die Sozialpartner st\u00e4rker einzubinden und die Besch\u00e4ftigten in den Mittelpunkt zu stellen: \u201eDer Strukturwandel kann nur gelingen, wenn er sozial gerecht gestaltet wird und die Besch\u00e4ftigten eine zentrale Rolle spielen\u201c, betonte K\u00f6rzell.<\/p>\n\n\n\n<div class=\"wp-block-columns is-layout-flex wp-container-core-columns-is-layout-9d6595d7 wp-block-columns-is-layout-flex\">\n<div class=\"wp-block-column is-layout-flow wp-block-column-is-layout-flow\" style=\"flex-basis:33.33%\">\n<figure class=\"wp-block-image size-full\"><a href=\"https:\/\/www.dgb.de\/der-dgb\/geschaeftsfuehrender-bundesvorstand\/stefan-koerzell\/\" target=\"_blank\" rel=\" noreferrer noopener\"><img loading=\"lazy\" decoding=\"async\" width=\"960\" height=\"889\" src=\"https:\/\/www.sinn-schaffen.de\/buerger\/wp-content\/uploads\/sites\/18\/2025\/05\/Stefan-Koerzell-DGB-Simone-M-Neumann.jpg\" alt=\"\" class=\"wp-image-1042\" style=\"aspect-ratio:3\/4;object-fit:contain\" title=\"Foto: DGB\/Simone M. Neumann\"\/><\/a><\/figure>\n<\/div>\n\n\n\n<div class=\"wp-block-column is-layout-flow wp-block-column-is-layout-flow\" style=\"flex-basis:66.66%\">\n<p><\/p>\n\n\n\n<p>Stefan K\u00f6rzell ist Mitglied im Bundesvorstand des <a href=\"https:\/\/www.dgb.de\/\" target=\"_blank\" rel=\"noreferrer noopener\">Deutschen Gewerkschaftsbundes (DGB)<\/a>.<\/p>\n\n\n\n<figure class=\"wp-block-image size-full is-resized\"><a href=\"https:\/\/www.dgb.de\/\" target=\"_blank\" rel=\" noreferrer noopener\"><img loading=\"lazy\" decoding=\"async\" width=\"284\" height=\"177\" src=\"https:\/\/www.sinn-schaffen.de\/buerger\/wp-content\/uploads\/sites\/18\/2019\/06\/DGBLOGO.png\" alt=\"\" class=\"wp-image-231\" style=\"width:245px;height:auto\"\/><\/a><\/figure>\n<\/div>\n<\/div>\n\n\n\n<div class=\"wp-block-columns is-layout-flex wp-container-core-columns-is-layout-9d6595d7 wp-block-columns-is-layout-flex\">\n<div class=\"wp-block-column is-layout-flow wp-block-column-is-layout-flow\" style=\"flex-basis:33.33%\">\n<figure class=\"wp-block-image size-full\"><a href=\"https:\/\/www.dgb.de\/fileadmin\/download_center\/Brosch%C3%BCren_und_Flyer\/Zwischenbilanz_aus_vier_Jahren_REVIERWENDE_%E2%80%93_Den_Strukturwandel_zum_Gelingen_bringen.pdf\" target=\"_blank\" rel=\" noreferrer noopener\"><img loading=\"lazy\" decoding=\"async\" width=\"599\" height=\"846\" src=\"https:\/\/www.sinn-schaffen.de\/buerger\/wp-content\/uploads\/sites\/18\/2025\/05\/REVIERWENDE_\u2013T.jpg\" alt=\"\" class=\"wp-image-1039\"\/><\/a><\/figure>\n<\/div>\n\n\n\n<div class=\"wp-block-column is-layout-flow wp-block-column-is-layout-flow\" style=\"flex-basis:66.66%\">\n<p><\/p>\n\n\n\n<p>Die Publikation &#8222;Zwischenbilanz aus vier Jahren Revierwende \u2013 Den Strukturwandel zum Gelingen bringen&#8220; fasst die bisherigen Erfahrungen aus dem Prozess zusammen und pr\u00e4sentiert neun konkrete Handlungsempfehlungen aus Sicht des DGB. Diese reichen von der Sicherung von Fachkr\u00e4ften \u00fcber die Ansiedlung zukunftsf\u00e4higer Unternehmen bis hin zur St\u00e4rkung der sozialen Infrastruktur. Die Publikation steht <a href=\"https:\/\/www.dgb.de\/fileadmin\/download_center\/Brosch%C3%BCren_und_Flyer\/Zwischenbilanz_aus_vier_Jahren_REVIERWENDE_%E2%80%93_Den_Strukturwandel_zum_Gelingen_bringen.pdf\" target=\"_blank\" rel=\"noreferrer noopener\">\u00fcber diesen Link zum Download als PDF-Datei<\/a> bereit.<\/p>\n<\/div>\n<\/div>\n","protected":false},"excerpt":{"rendered":"<p>Der Kohleausstieg bis sp\u00e4testens 2038 wird von Strukturhilfen in H\u00f6he von mehr als 40 Milliarden Euro begleitet zur Unterst\u00fctzung der betroffenen Regionen, sich zu klimaneutralen Energieregionen zu entwickeln. Als Zwischenbilanz nach vier Jahren appelliert der DGB an die Bundesregierung, den Strukturwandel mit klaren politischen Leitplanken zu begleiten, die Sozialpartner st\u00e4rker einzubinden und die Besch\u00e4ftigten in den Mittelpunkt zu stellen.<\/p>\n","protected":false},"author":1,"featured_media":0,"parent":0,"menu_order":0,"comment_status":"closed","ping_status":"closed","template":"","meta":{"footnotes":""},"class_list":["post-1043","page","type-page","status-publish","hentry"],"_links":{"self":[{"href":"https:\/\/www.sinn-schaffen.de\/buerger\/wp-json\/wp\/v2\/pages\/1043","targetHints":{"allow":["GET"]}}],"collection":[{"href":"https:\/\/www.sinn-schaffen.de\/buerger\/wp-json\/wp\/v2\/pages"}],"about":[{"href":"https:\/\/www.sinn-schaffen.de\/buerger\/wp-json\/wp\/v2\/types\/page"}],"author":[{"embeddable":true,"href":"https:\/\/www.sinn-schaffen.de\/buerger\/wp-json\/wp\/v2\/users\/1"}],"replies":[{"embeddable":true,"href":"https:\/\/www.sinn-schaffen.de\/buerger\/wp-json\/wp\/v2\/comments?post=1043"}],"version-history":[{"count":2,"href":"https:\/\/www.sinn-schaffen.de\/buerger\/wp-json\/wp\/v2\/pages\/1043\/revisions"}],"predecessor-version":[{"id":1046,"href":"https:\/\/www.sinn-schaffen.de\/buerger\/wp-json\/wp\/v2\/pages\/1043\/revisions\/1046"}],"wp:attachment":[{"href":"https:\/\/www.sinn-schaffen.de\/buerger\/wp-json\/wp\/v2\/media?parent=1043"}],"curies":[{"name":"wp","href":"https:\/\/api.w.org\/{rel}","templated":true}]}}