{"id":1059,"date":"2025-06-02T15:14:09","date_gmt":"2025-06-02T13:14:09","guid":{"rendered":"https:\/\/www.sinn-schaffen.de\/buerger\/?page_id=1059"},"modified":"2025-06-02T15:18:12","modified_gmt":"2025-06-02T13:18:12","slug":"85-prozent-der-menschen-leben-in-laendern-mit-stark-eingeschraenkter-zivilgesellschaft","status":"publish","type":"page","link":"https:\/\/www.sinn-schaffen.de\/buerger\/85-prozent-der-menschen-leben-in-laendern-mit-stark-eingeschraenkter-zivilgesellschaft\/","title":{"rendered":"85 Prozent der Menschen leben in L\u00e4ndern mit stark eingeschr\u00e4nkter Zivilgesellschaft"},"content":{"rendered":"\n<p><em>Das weltweite Netzwerk CIVICUS stuft in einem j\u00e4hrlich erhobenen \u00dcberblick die Freiheitsrechte in f\u00fcnf Kategorien von &#8222;offen&#8220; bis &#8222;geschlossen&#8220; ein. Deutschland ist in der Bewertung nach wie vor in der zweiten Kategorie &#8222;beeintr\u00e4chtigt&#8220;, 2023 war es noch in der besten Kategorie &#8222;offen&#8220;. &#8222;Wir erwarten von der neuen Bundesregierung und den Bundesl\u00e4ndern, dass demokratisches zivilgesellschaftliches Engagement gesch\u00fctzt und gest\u00e4rkt wird&#8220;, sagt Dagmar Pruin, Pr\u00e4sidentin von Brot f\u00fcr die Welt, das die CIVICUS-Daten im &#8222;Atlas der Zivilgesellschaft&#8220; publiziert.<\/em><\/p>\n\n\n\n<figure class=\"wp-block-image size-full\"><img loading=\"lazy\" decoding=\"async\" width=\"1024\" height=\"589\" src=\"https:\/\/www.sinn-schaffen.de\/buerger\/wp-content\/uploads\/sites\/18\/2025\/06\/Atlas-der-Zivilgesellschaft-2025-NU.jpg\" alt=\"\" class=\"wp-image-1055\" title=\"Foto: Nata Uchava, Magdeburg\"\/><\/figure>\n\n\n\n<p><strong>(Berlin, 2. Juni 2025)<\/strong> Demokratie und Menschenrechte geraten weltweit zunehmend in die Defensive, auch weil rechtsstaatliche Prinzipien immer weiter untergraben werden. Das belegt <a href=\"https:\/\/www.brot-fuer-die-welt.de\/themen\/atlas-der-zivilgesellschaft\/\" target=\"_blank\" rel=\"noreferrer noopener\">der achte Atlas der Zivilgesellschaft<\/a>, den Brot f\u00fcr die Welt heute ver\u00f6ffentlicht. Mehr als 85 Prozent der Weltbev\u00f6lkerung \u2012 etwa sieben Milliarden Menschen \u2012 leben aktuell in L\u00e4ndern, in denen Regierungen und andere Akteur*innen die Handlungsr\u00e4ume f\u00fcr Zivilgesellschaft beschr\u00e4nken, unterdr\u00fccken oder komplett geschlossen haben. Der Atlas der Zivilgesellschaft mit dem Schwerpunktthema \u201eAngriffe auf den Rechtsstaat\u201c untersucht, wie Regierungen rechtsstaatliche Mechanismen missachten, manipulieren und aush\u00f6hlen, um Grundlagen f\u00fcr die Repression der Zivilgesellschaft zu schaffen. Er zeigt aber auch, wie zivilgesellschaftliche Organisationen bestehendes Recht nutzen, um etwa im Rahmen von strategischen Klagen und Prozessen sozialen und \u00f6kologischen Fortschritt voranzutreiben. Deutschland z\u00e4hlt wie schon voriges Jahr zur Kategorie \u201ebeeintr\u00e4chtigt\u201c, der zweith\u00f6chsten nach \u201eoffen\u201c. Der Atlas der Zivilgesellschaft st\u00fctzt sich auf Bewertungen des weltweiten Netzwerks CIVICUS, das die Freiheitsrechte in f\u00fcnf Kategorien von \u201eoffen\u201c bis \u201egeschlossen\u201c einstuft.<\/p>\n\n\n\n<p>\u201eDemokratie und Menschenrechte werden weltweit in einer Weise angegriffen, wie wir es seit Jahrzehnten nicht erlebt haben. Rechtsstaatlichkeit, Gewaltenteilung und Schutz vor staatlicher Willk\u00fcr sind in immer mehr L\u00e4ndern bedroht oder gar nicht mehr vorhanden\u201c, sagt Dagmar Pruin, Pr\u00e4sidentin von Brot f\u00fcr die Welt, und verweist auf die Rolle der Zivilgesellschaft. \u201eWenn wir die Demokratie weltweit sch\u00fctzen wollen, m\u00fcssen wir bei der Zivilgesellschaft anfangen. Sie ist der Schl\u00fcssel. Ohne freie Zivilgesellschaft kann es keine lebendige Demokratie und keinen Einsatz f\u00fcr mehr Gerechtigkeit geben.\u201c<\/p>\n\n\n\n<p>Ein Beispiel im Atlas ist Georgien: Das Land hat 2024 ein \u201eGesetz zur Transparenz ausl\u00e4ndischer Einflussnahme\u201c verabschiedet. Die georgische Regelung nach russischem Vorbild sieht vor, dass Nichtregierungsorganisationen und Medien, die \u201eInteressen einer ausl\u00e4ndischen Macht verfolgen\u201c, in einem Register gef\u00fchrt werden, wenn mehr als 20 Prozent ihrer Mittel aus dem Ausland stammen. Organisationen, die sich dort nicht selbst als \u201eAusl\u00e4ndische Agenten\u201c eintragen, werden zwangsregistriert und m\u00fcssen mit hohen Strafen rechnen. Anfang 2025 wurde die rechtliche Situation f\u00fcr Organisationen massiv versch\u00e4rft. Gegen Proteste der pro-europ\u00e4ischen, liberalen Zivilgesellschaft geht die georgische Regierung mit zunehmender H\u00e4rte vor. Damit geh\u00f6rt Georgien zu den neun L\u00e4ndern, in denen sich die Lage f\u00fcr die Zivilgesellschaft 2024 verschlechtert hat. Weitere repressive NGO-Gesetze sind in den vergangenen Monaten etwa in Ruanda, Paraguay, Peru und Simbabwe in Kraft getreten.<\/p>\n\n\n\n<p>Doch zivilgesellschaftliche Akteur*innen setzen sich juristisch zur Wehr. Ein positives Beispiel f\u00fcr das m\u00e4chtige Instrument der strategischen Prozessf\u00fchrung ist Kenia: Neun von zehn Pendler*innen in Kenia erleben geschlechtsspezifische Gewalt in \u00f6ffentlichen Verkehrsmitteln. Wairimu Muthoni Wachirah, die 2018 von einem Busfahrer attackiert worden war, erk\u00e4mpfte mit neun anderen Frauen 2025 Schadensersatz vor Gericht. Ihre Klage wurde unterst\u00fctzt von ISLA \u2013 einem feministischen, panafrikanischen Netzwerk zur St\u00e4rkung von Menschenrechtsklagen.<\/p>\n\n\n\n<p>Deutschland ist in der Bewertung von CIVICUS nach wie vor in der Kategorie \u201ebeeintr\u00e4chtigt\u201c, 2023 war es noch in der besten Kategorie \u201eoffen\u201c. \u201eWir erwarten von der neuen Bundesregierung und den Bundesl\u00e4ndern, dass demokratisches zivilgesellschaftliches Engagement gesch\u00fctzt und gest\u00e4rkt wird\u201c, sagt Dagmar Pruin und erg\u00e4nzt mit Blick auf die deutsche Au\u00dfenpolitik: \u201eUm Demokratie und Rechtsstaatlichkeit zu verteidigen, muss sich die Koalition weltweit f\u00fcr eine handlungsf\u00e4hige Zivilgesellschaft, unabh\u00e4ngige Gerichte und freie Medien einsetzen.\u201c<\/p>\n\n\n\n<p><strong>Hintergrund<\/strong><\/p>\n\n\n\n<p>Die Daten f\u00fcr den Atlas der Zivilgesellschaft basieren auf Erhebungen von CIVICUS, einem weltweiten Netzwerk f\u00fcr b\u00fcrgerschaftliches Engagement, sowie auf der Auswertung verschiedener Quellen und Indizes, etwa zur Rede- oder Versammlungsfreiheit. CIVICUS unterteilt die Freiheitsgrade einer Gesellschaft in f\u00fcnf Kategorien: offen, beeintr\u00e4chtigt, beschr\u00e4nkt, unterdr\u00fcckt und geschlossen.<\/p>\n\n\n\n<ul class=\"wp-block-list\">\n<li>Die Daten belegen, dass der Handlungsraum der Zivilgesellschaft nur in 40 Staaten \u201eoffen\u201c ist (Atlas 2024: 37), darunter Uruguay, Island oder Kanada. In diesen L\u00e4ndern leben 284 Millionen Menschen.<\/li>\n\n\n\n<li>In 42 Staaten (Atlas 2024: 43) ist der Handlungsraum \u201ebeeintr\u00e4chtigt\u201c \u2013 f\u00fcr insgesamt 905 Millionen Menschen. Neben Deutschland und Australien sind erstmals auch die herabgestuften Niederlande in dieser Kategorie.<\/li>\n\n\n\n<li>35 L\u00e4nder (2024: 40) \u201ebeschr\u00e4nken\u201c den zivilgesellschaftlichen Handlungsraum, darunter Ungarn und Griechenland. Betroffen sind 1,05 Milliarden Menschen.<\/li>\n\n\n\n<li>51 Staaten \u201eunterdr\u00fccken\u201c die Zivilgesellschaft (2024: 50), wie etwa Peru, Kenia und Indien. Das sind 3,5 Milliarden Menschen.<\/li>\n\n\n\n<li>\u201eGeschlossen\u201c ist der Raum f\u00fcr zivilgesellschaftliche Akteure in 29 Staaten (2023: 27), darunter China, Saudi-Arabien und Irak. Dort leben 2,4 Milliarden Menschen.<\/li>\n<\/ul>\n\n\n\n<p>Insgesamt gibt es neun Absteiger: Niederlande, Georgien, Mongolei, Burkina Faso, Kenia, Peru, \u00c4thiopien, Eswatini, Pal\u00e4stinensische Gebiete. Neun L\u00e4nder haben sich im Ranking verbessert: Bangladesch, Botswana, Fidschi, Japan, Jamaika, Liberia, Polen, Trinidad und Tobago sowie Slowenien.<\/p>\n\n\n\n<div class=\"wp-block-columns is-layout-flex wp-container-core-columns-is-layout-9d6595d7 wp-block-columns-is-layout-flex\">\n<div class=\"wp-block-column is-layout-flow wp-block-column-is-layout-flow\" style=\"flex-basis:33.33%\">\n<figure class=\"wp-block-image size-large\"><a href=\"https:\/\/www.brot-fuer-die-welt.de\/ueber-uns\/personen\/dagmar-pruin\/\" target=\"_blank\" rel=\" noreferrer noopener\"><img loading=\"lazy\" decoding=\"async\" width=\"1024\" height=\"777\" src=\"https:\/\/www.sinn-schaffen.de\/buerger\/wp-content\/uploads\/sites\/18\/2025\/03\/Dagmar-Pruin-copyright-Hermann-Bredehorst-Brot-fuer-die-Welt-1200-1024x777.jpg\" alt=\"\" class=\"wp-image-1017\" style=\"aspect-ratio:4\/3;object-fit:contain\" title=\"Foto: Hermann Bredehorst-Brot f\u00fcr die Welt\"\/><\/a><\/figure>\n<\/div>\n\n\n\n<div class=\"wp-block-column is-layout-flow wp-block-column-is-layout-flow\" style=\"flex-basis:66.66%\">\n<p><\/p>\n\n\n\n<p>Dagmar Pruin ist Pr\u00e4sidentin von <a href=\"https:\/\/www.brot-fuer-die-welt.de\/\" target=\"_blank\" rel=\"noreferrer noopener\">Brot f\u00fcr die Welt<\/a>.<\/p>\n\n\n\n<figure class=\"wp-block-image size-full is-resized\"><a href=\"https:\/\/www.brot-fuer-die-welt.de\/\" target=\"_blank\" rel=\" noreferrer noopener\"><img loading=\"lazy\" decoding=\"async\" width=\"258\" height=\"132\" src=\"https:\/\/www.sinn-schaffen.de\/buerger\/wp-content\/uploads\/sites\/18\/2019\/02\/BrotFuerDieWeltLogo.gif\" alt=\"\" class=\"wp-image-123\" style=\"width:230px;height:auto\"\/><\/a><\/figure>\n<\/div>\n<\/div>\n\n\n\n<div class=\"wp-block-columns is-layout-flex wp-container-core-columns-is-layout-9d6595d7 wp-block-columns-is-layout-flex\">\n<div class=\"wp-block-column is-layout-flow wp-block-column-is-layout-flow\" style=\"flex-basis:33.33%\">\n<figure class=\"wp-block-image size-full\"><a href=\"https:\/\/www.brot-fuer-die-welt.de\/fileadmin\/mediapool\/Atlas_der_Zivilgesellschaft\/2025\/Atlas-der-Zivilgesellschaft-2025_Online.pdf\" target=\"_blank\" rel=\" noreferrer noopener\"><img loading=\"lazy\" decoding=\"async\" width=\"599\" height=\"846\" src=\"https:\/\/www.sinn-schaffen.de\/buerger\/wp-content\/uploads\/sites\/18\/2025\/06\/Atlas-der-Zivilgesellschaft-2025-T.jpg\" alt=\"\" class=\"wp-image-1056\" style=\"aspect-ratio:3\/4;object-fit:contain\"\/><\/a><\/figure>\n<\/div>\n\n\n\n<div class=\"wp-block-column is-layout-flow wp-block-column-is-layout-flow\" style=\"flex-basis:66.66%\">\n<p><\/p>\n\n\n\n<p>Der &#8222;Atlas der Zivilgesellschaft 2025&#8220; mit dem Schwerpunktthema &#8222;Angriffe auf den Rechtsstaat&#8220; steht <a href=\"https:\/\/www.brot-fuer-die-welt.de\/fileadmin\/mediapool\/Atlas_der_Zivilgesellschaft\/2025\/Atlas-der-Zivilgesellschaft-2025_Online.pdf\" target=\"_blank\" data-type=\"link\" data-id=\"https:\/\/www.brot-fuer-die-welt.de\/fileadmin\/mediapool\/Atlas_der_Zivilgesellschaft\/2025\/Atlas-der-Zivilgesellschaft-2025_Online.pdf\" rel=\"noreferrer noopener\">\u00fcber diesen Link zum Download als PDF-Datei<\/a> bereit.<\/p>\n<\/div>\n<\/div>\n","protected":false},"excerpt":{"rendered":"<p>Das weltweite Netzwerk CIVICUS stuft in einem j\u00e4hrlich erhobenen \u00dcberblick die Freiheitsrechte in f\u00fcnf Kategorien von &#8222;offen&#8220; bis &#8222;geschlossen&#8220; ein. Deutschland ist in der Bewertung nach wie vor in der zweiten Kategorie &#8222;beeintr\u00e4chtigt&#8220;, 2023 war es noch in der besten Kategorie &#8222;offen&#8220;. &#8222;Wir erwarten von der neuen Bundesregierung und den Bundesl\u00e4ndern, dass demokratisches zivilgesellschaftliches Engagement gesch\u00fctzt und gest\u00e4rkt wird&#8220;, sagt Dagmar Pruin, Pr\u00e4sidentin von Brot f\u00fcr die Welt, das die CIVICUS-Daten im &#8222;Atlas der Zivilgesellschaft&#8220; publiziert.<\/p>\n","protected":false},"author":1,"featured_media":0,"parent":0,"menu_order":0,"comment_status":"closed","ping_status":"closed","template":"","meta":{"footnotes":""},"class_list":["post-1059","page","type-page","status-publish","hentry"],"_links":{"self":[{"href":"https:\/\/www.sinn-schaffen.de\/buerger\/wp-json\/wp\/v2\/pages\/1059","targetHints":{"allow":["GET"]}}],"collection":[{"href":"https:\/\/www.sinn-schaffen.de\/buerger\/wp-json\/wp\/v2\/pages"}],"about":[{"href":"https:\/\/www.sinn-schaffen.de\/buerger\/wp-json\/wp\/v2\/types\/page"}],"author":[{"embeddable":true,"href":"https:\/\/www.sinn-schaffen.de\/buerger\/wp-json\/wp\/v2\/users\/1"}],"replies":[{"embeddable":true,"href":"https:\/\/www.sinn-schaffen.de\/buerger\/wp-json\/wp\/v2\/comments?post=1059"}],"version-history":[{"count":2,"href":"https:\/\/www.sinn-schaffen.de\/buerger\/wp-json\/wp\/v2\/pages\/1059\/revisions"}],"predecessor-version":[{"id":1063,"href":"https:\/\/www.sinn-schaffen.de\/buerger\/wp-json\/wp\/v2\/pages\/1059\/revisions\/1063"}],"wp:attachment":[{"href":"https:\/\/www.sinn-schaffen.de\/buerger\/wp-json\/wp\/v2\/media?parent=1059"}],"curies":[{"name":"wp","href":"https:\/\/api.w.org\/{rel}","templated":true}]}}