{"id":293,"date":"2019-08-29T16:37:14","date_gmt":"2019-08-29T14:37:14","guid":{"rendered":"https:\/\/www.sinn-schaffen.de\/buerger\/?page_id=293"},"modified":"2020-09-09T19:17:21","modified_gmt":"2020-09-09T17:17:21","slug":"mehr-demokratie-e-v-afd-will-die-volksgesetzgebung-offenbar-ueber-die-parlamentarische-gesetzgebung-stellen","status":"publish","type":"page","link":"https:\/\/www.sinn-schaffen.de\/buerger\/mehr-demokratie-e-v-afd-will-die-volksgesetzgebung-offenbar-ueber-die-parlamentarische-gesetzgebung-stellen\/","title":{"rendered":"Mehr Demokratie e.V.: AfD will die &#8222;Volksgesetzgebung&#8220; offenbar \u00fcber die parlamentarische Gesetzgebung stellen"},"content":{"rendered":"\n<p><em>Der von der AfD vorgelegte Gesetzentwurf zur Einf\u00fchrung der direkten Demokratie auf Bundesebene stellt nach Ansicht von Mehr Demokratie e.V. in erster Linie ein Instrument f\u00fcr die eigene Oppositionsarbeit der Partei im Bundestag dar. Nach der AfD-Forderung sollen zehn Prozent der Abgeordneten nach dem Scheitern einer Gesetzesvorlage im Bundestag einen Volksentscheid herbeif\u00fchren k\u00f6nnen. Die B\u00fcrgerinnen und B\u00fcrger aus parteipolitischem Kalk\u00fcl gegen die Parlamente in Stellung zu bringen, sei der falsche Weg, st\u00e4rkere demokratische Teilhabe zu erreichen.<\/em><\/p>\n\n\n\n<hr>\n<img decoding=\"async\" class=\"alignleft wp-image-313\" title=\"Foto: Nata Uchava, Freiburg.\" src=\"https:\/\/www.sinn-schaffen.de\/buerger\/wp-content\/uploads\/sites\/18\/2019\/08\/NU-190829-Mehr-Demokratie.jpg\" alt=\"\" width=\"1024\">\n<hr>\n&nbsp;\n\n\n\n<p><strong>(Berlin, 28. August 2019)<\/strong> \u201eDer AfD zu folgen, h\u00e4tte fatale Auswirkungen f\u00fcr unsere Demokratie, w\u00fcrde Menschen- und Minderheitenrechte in Frage stellen und das Parlament unterlaufen\u201c, dieses Fazit zieht der Verein Mehr Demokratie e.V. zum <a rel=\"noreferrer noopener\" aria-label=\"von der AfD im Bundestag vorgelegten Gesetzentwurf zur Einf\u00fchrung der direkten Demokratie auf Bundesebene (\u00f6ffnet in neuem Tab)\" href=\"http:\/\/dip21.bundestag.de\/dip21\/btd\/19\/123\/1912371.pdf\" target=\"_blank\">von der AfD im Bundestag vorgelegten Gesetzentwurf zur Einf\u00fchrung der direkten Demokratie auf Bundesebene<\/a>. \u201eMehr Demokratie tritt seit Jahrzehnten f\u00fcr ein Miteinander von direkter und parlamentarischer Demokratie ein\u201c, erl\u00e4utert Bundesvorstandssprecher Ralf-Uwe Beck. \u201eSelbstverst\u00e4ndlich sind dabei Grund- und Minderheitenrechte zu beachten und die Volksgesetzgebung darf nicht \u00fcber allem stehen.\u201c<\/p>\n\n\n\n<div class=\"wp-block-image\"><figure class=\"alignright is-resized\"><a href=\"https:\/\/www.mehr-demokratie.de\/fileadmin\/pdf\/MD-Gesetzentwurf_Volksentscheid.pdf\" target=\"_blank\" rel=\"noreferrer noopener\"><img decoding=\"async\" src=\"https:\/\/www.sinn-schaffen.de\/buerger\/wp-content\/uploads\/sites\/18\/2019\/08\/MD-Gesetzentwurf_Volksentscheid-T.jpg\" alt=\"\" class=\"wp-image-289\" width=\"320\"\/><\/a><figcaption>F\u00fcr die Einf\u00fchrung des bundesweiten Volksentscheids hat Mehr Demokratie e. V. selbst einen Gesetzentwurf zur \u00c4nderung des Grundgesetzes ausgearbeitet und in einer Mitgliederurabstimmung beschlossen. Das Instrument soll fair geregelt sein und von den B\u00fcrgerinnen und B\u00fcrgern auch genutzt werden k\u00f6nnen. Gleichzeitig soll der Dialog zwischen den B\u00fcrgerinnen und B\u00fcrgern und dem Bundestag bef\u00f6rdert werden.<\/figcaption><\/figure><\/div>\n\n\n\n<p>Im AfD-Gesetzentwurf fehlt eine Regelung zur \u00dcberpr\u00fcfbarkeit von Volksbegehren g\u00e4nzlich. <a href=\"https:\/\/www.mehr-demokratie.de\/fileadmin\/pdf\/MD-Gesetzentwurf_Volksentscheid.pdf\" target=\"_blank\" rel=\"noreferrer noopener\" aria-label=\"Mehr Demokratie hingegen fordert ein dreistufiges Modell von Initiative, Begehren und Entscheid (\u00f6ffnet in neuem Tab)\">Mehr Demokratie hingegen fordert ein dreistufiges Modell von Initiative, Begehren und Entscheid<\/a>, wobei nach der ersten Stufe eine juristische Pr\u00fcfung stattfinden kann. Anders als in der Schweiz kann das Bundesverfassungsgericht demnach einen Gesetzentwurf vorab auf die Vereinbarkeit mit Verfassung und V\u00f6lkerrecht hin pr\u00fcfen. <\/p>\n\n\n\n<p><a href=\"https:\/\/www.mehr-demokratie.de\/fileadmin\/pdf\/2019-08-27_AfD_und_direkte_Demokratie_-_eine_Kritik.pdf\" target=\"_blank\" rel=\"noreferrer noopener\" aria-label=\"\u201eDie AfD will die Volksgesetzgebung offenbar \u00fcber die parlamentarische Gesetzgebung stellen\u201c (\u00f6ffnet in neuem Tab)\">\u201eDie AfD will die Volksgesetzgebung offenbar \u00fcber die parlamentarische Gesetzgebung stellen\u201c<\/a>, sagt Beck. Das zeige sich auch am Vorschlag, dass per Volksentscheid beschlossene Gesetze auch nur per Volksentscheid wieder ge\u00e4ndert werden k\u00f6nnen. \u201eDie B\u00fcrgerinnen und B\u00fcrger gegen die Parlamente in Stellung zu bringen, ist aus Mehr Demokratie-Sicht der falsche Weg\u201c, sagt Beck. \u201eDirekte Demokratie und Parlamente sind aus unserer Sicht also ziemlich beste Freundinnen.\u201c Ebenfalls kritisch sieht der Fachverband den Vorschlag der AfD, dass die Regierung den B\u00fcrgern \u201eallgemeine Fragen zur Entscheidung im Volksentscheid\u201c vorlegen solle. \u201eVon oben angesetzte Volksabstimmungen sind manipulationsanf\u00e4llig und k\u00f6nnen f\u00fcr Machtspiele missbraucht werden\u201c, erkl\u00e4rt Beck. <\/p>\n\n\n\n<p>\u201eDie AfD will offenbar eher ein Instrument f\u00fcr die eigene\nOppositionsarbeit schaffen als die Interessen der gesamten Bev\u00f6lkerung\nvertreten.\u201c Nach der AfD-Forderung sollen zehn Prozent der Abgeordneten nach\ndem Scheitern einer Gesetzesvorlage im Bundestag einen Volksentscheid\nherbeif\u00fchren k\u00f6nnen. Dem Grundgesetz-Artikel 76 soll nach der AfD-Vorlage\nfolgender Absatz 4 angef\u00fcgt werden:<\/p>\n\n\n\n<p><em>\u201e(4) Wird eine aus der\nMitte des Bundestages eingebrachte Gesetzesvorlage vom Bundestag abgelehnt, so\nk\u00f6nnen zehn Prozent der Mitglieder des Bundestages das Volk zur Entscheidung\nanrufen. [\u2026]\u201c<\/em><\/p>\n\n\n\n<p>\u201eFazit: Direkte Demokratie, ja, aber nicht im Dienst von\nAusgrenzung und parteipolitischen Eigeninteressen\u201c, fasst Beck zusammen. \u201eDie\nRegierung w\u00e4re jetzt jedenfalls gut beraten, die versprochene\nExpertenkommission zum Demokratieausbau einzusetzen, statt das Thema der AfD zu\n\u00fcberlassen.\u201c<\/p>\n\n\n\n<p><strong>Zum Selbstverst\u00e4ndnis\nvon Mehr Demokratie e.V.<\/strong><\/p>\n\n\n\n<p>F\u00fcr den Verein <a href=\"https:\/\/www.mehr-demokratie.de\/\" target=\"_blank\" rel=\"noreferrer noopener\" aria-label=\"Mehr Demokratie e.V. (\u00f6ffnet in neuem Tab)\">Mehr Demokratie e.V.<\/a> ist Demokratie untrennbar verbunden mit<\/p>\n\n\n\n<ul class=\"wp-block-list\"><li>dem aktiven Schutz der W\u00fcrde jedes Menschen,<\/li><li>mit dem Schutz von Minderheiten,<\/li><li>mit der Achtung der Menschenrechte,<\/li><li>mit Toleranz und Respekt f\u00fcr vielf\u00e4ltige\nLebensentw\u00fcrfe und<\/li><li>mit der aus der deutschen Geschichte\nresultierenden Verantwortung.<\/li><\/ul>\n\n\n\n<p>Dieses Demokratieverst\u00e4ndnis ist auch die Voraussetzung f\u00fcr\ndie Zusammenarbeit von Mehr Demokratie e.V. mit Parteien und\nzivilgesellschaftlichen Organisationen. Die Mitgliederversammlung von Mehr\nDemokratie e.V. hat am 6.\/7. Mai 2017 beschlossen:<\/p>\n\n\n\n<ul class=\"wp-block-list\"><li>Keine Veranstaltungen oder sonstige Kooperation\nvon Mehr Demokratie e.V. mit der AfD.<\/li><li>Keine offiziellen Gespr\u00e4che mit der AfD.<\/li><li>Einladungen von Seiten der AfD werden nicht\nangenommen.<\/li><li>Wir nehmen an Veranstaltungen von Dritten, die\nauch die AfD eingeladen haben, teil, wenn mehrere andere Teilnehmer teilnehmen.<\/li><li>Aufnahme von Mitgliedern erfolgt nach\nEinzelfallpr\u00fcfung (kein Unvereinbarkeitsbeschluss).<\/li><li>Mandatstr\u00e4ger und Funktionstr\u00e4ger der AfD werden\nnicht als Mitglied aufgenommen. Wenn es sich bei den Antragstellern um\nkommunale Mandatstr\u00e4ger und Funktionstr\u00e4ger handelt, findet eine\nEinzelfallpr\u00fcfung statt.<\/li><\/ul>\n\n\n\n<figure class=\"wp-block-table\"><table class=\"has-subtle-light-gray-background-color has-background\"><tbody><tr><td width=\"25%\"><a rel=\"noopener noreferrer\" href=\"https:\/\/www.mehr-demokratie.de\/ueber-uns\/organisation\/vorstand\/#c43138\" target=\"_blank\"><img decoding=\"async\" width=\"180\" class=\"aligncenter wp-image-313\" title=\"Foto: Mehr Demokratie e.V., Sascha Willms.\" src=\"https:\/\/www.sinn-schaffen.de\/buerger\/wp-content\/uploads\/sites\/18\/2019\/04\/RalfUweBeck.jpg\" alt=\"\"><\/a><\/td><td width=\"75%\">Ralf-Uwe Beck ist Bundesvorstandssprecher von <a href=\"https:\/\/www.mehr-demokratie.de\/\" target=\"_blank\" rel=\"noopener noreferrer\">&#8222;Mehr Demokratie e.V.&#8220;<\/a><\/td><\/tr><tr><td><\/td><td><a href=\"https:\/\/www.mehr-demokratie.de\/\" target=\"_blank\" rel=\"noopener noreferrer\"><img decoding=\"async\" class=\"aligncenter wp-image-313\" title=\" \" src=\"https:\/\/www.sinn-schaffen.de\/buerger\/wp-content\/uploads\/sites\/18\/2019\/04\/logo_mehr-demokratie.gif\" alt=\"\" width=\"180\"><\/a><\/td><\/tr><\/tbody><\/table><\/figure>\n","protected":false},"excerpt":{"rendered":"<p>Der von der AfD vorgelegte Gesetzentwurf zur Einf\u00fchrung der direkten Demokratie auf Bundesebene stellt nach Ansicht von Mehr Demokratie e.V. in erster Linie ein Instrument f\u00fcr die eigene Oppositionsarbeit der Partei im Bundestag dar. Nach der AfD-Forderung sollen zehn Prozent der Abgeordneten nach dem Scheitern einer Gesetzesvorlage im Bundestag einen Volksentscheid herbeif\u00fchren k\u00f6nnen. Die B\u00fcrgerinnen &hellip; <\/p>\n<p class=\"link-more\"><a href=\"https:\/\/www.sinn-schaffen.de\/buerger\/mehr-demokratie-e-v-afd-will-die-volksgesetzgebung-offenbar-ueber-die-parlamentarische-gesetzgebung-stellen\/\" class=\"more-link\"><span class=\"screen-reader-text\">\u201eMehr Demokratie e.V.: AfD will die &#8222;Volksgesetzgebung&#8220; offenbar \u00fcber die parlamentarische Gesetzgebung stellen\u201c<\/span> weiterlesen<\/a><\/p>\n","protected":false},"author":1,"featured_media":0,"parent":0,"menu_order":92,"comment_status":"closed","ping_status":"closed","template":"","meta":{"footnotes":""},"class_list":["post-293","page","type-page","status-publish","hentry"],"_links":{"self":[{"href":"https:\/\/www.sinn-schaffen.de\/buerger\/wp-json\/wp\/v2\/pages\/293","targetHints":{"allow":["GET"]}}],"collection":[{"href":"https:\/\/www.sinn-schaffen.de\/buerger\/wp-json\/wp\/v2\/pages"}],"about":[{"href":"https:\/\/www.sinn-schaffen.de\/buerger\/wp-json\/wp\/v2\/types\/page"}],"author":[{"embeddable":true,"href":"https:\/\/www.sinn-schaffen.de\/buerger\/wp-json\/wp\/v2\/users\/1"}],"replies":[{"embeddable":true,"href":"https:\/\/www.sinn-schaffen.de\/buerger\/wp-json\/wp\/v2\/comments?post=293"}],"version-history":[{"count":7,"href":"https:\/\/www.sinn-schaffen.de\/buerger\/wp-json\/wp\/v2\/pages\/293\/revisions"}],"predecessor-version":[{"id":500,"href":"https:\/\/www.sinn-schaffen.de\/buerger\/wp-json\/wp\/v2\/pages\/293\/revisions\/500"}],"wp:attachment":[{"href":"https:\/\/www.sinn-schaffen.de\/buerger\/wp-json\/wp\/v2\/media?parent=293"}],"curies":[{"name":"wp","href":"https:\/\/api.w.org\/{rel}","templated":true}]}}