{"id":590,"date":"2020-10-28T15:32:22","date_gmt":"2020-10-28T14:32:22","guid":{"rendered":"https:\/\/www.sinn-schaffen.de\/buerger\/?page_id=590"},"modified":"2020-10-28T15:32:23","modified_gmt":"2020-10-28T14:32:23","slug":"medienmaezen-google-wie-der-datenkonzern-den-journalismus-umgarnt","status":"publish","type":"page","link":"https:\/\/www.sinn-schaffen.de\/buerger\/medienmaezen-google-wie-der-datenkonzern-den-journalismus-umgarnt\/","title":{"rendered":"Medienm\u00e4zen Google: Wie der Datenkonzern den Journalismus umgarnt"},"content":{"rendered":"\n<p><em>Eine von der Otto Brenner Stiftung und dem Deutschen Gewerkschaftsbund finanzierte Studie analysiert, wie und warum Google seit 2013 mehr als 200 Millionen Euro an europ\u00e4ische Medien verschenkt hat und welche Auswirkungen diese Zuwendungen auf die Unabh\u00e4ngigkeit der deutschen Medienlandschaft haben. Nicht nur in Deutschland nehmen Medienh\u00e4user, die unter enormem Innovationsdruck stehen, die Hilfe des Konzerns an, der zugleich Gesch\u00e4ftspartner, Konkurrent und Objekt der Berichterstattung ist. Unter diesen Bedingungen ist eine Zusammenarbeit auf Augenh\u00f6he wohl kaum m\u00f6glich.<\/em><\/p>\n\n\n\n<hr>\n<img decoding=\"async\" class=\"alignleft wp-image-313\" title=\"Grafik: Nata Uchava, Michael Wildberger.\" src=\"https:\/\/www.sinn-schaffen.de\/buerger\/wp-content\/uploads\/sites\/18\/2020\/10\/NU-201028-DGB-Google.jpg\" alt=\"\" width=\"1024\">\n<hr>\n&nbsp;\n\n\n\n<p><strong>(Frankfurt am Main, Berlin, 26. Oktober 2020<\/strong>) Die Wissenschaftler und Journalisten Ingo Dachwitz und Alexander Fanta haben in der Studie \u201eMedienm\u00e4zen Google. Wie der Datenkonzern den Journalismus umgarnt\u201c analysiert, wie und warum Google seit 2013 mehr als 200 Millionen Euro an europ\u00e4ische Medien verschenkt hat und welche Auswirkungen diese Zuwendungen auf die Unabh\u00e4ngigkeit der deutschen Medienlandschaft haben. Die Studie wurde von der Otto Brenner Stiftung (OBS) und dem Deutschen Gewerkschaftsbund (DGB) finanziert.<\/p>\n\n\n\n<p>W\u00e4hrend Google es vehement ablehnt, die Presse an seinen Werbeeinnahmen zu beteiligen, unterst\u00fctzt der Technologie-Konzern die Branche auf vielf\u00e4ltige Weise \u2011 von der Finanzierung von Innovationsprojekten \u00fcber gesponserte Branchenevents bis zu kostenlosen Trainings und Fellowships. Die Studie dokumentiert, wie Googles F\u00f6rdermillionen das Ungleichgewicht in der Branche verst\u00e4rken und wie die Zuwendungen die politischen Beziehungen zwischen dem \u201eRiesen aus dem Silicon Valley\u201c und den deutschen Medienh\u00e4usern ver\u00e4ndern.<\/p>\n\n\n\n<p>Zum Erscheinen der Studie sagte der DGB-Vorsitzende Reiner Hoffmann: \u201eDer Pressekodex verlangt, schon den Anschein zu vermeiden, die Entscheidungsfreiheit von Verlagen und Redaktionen k\u00f6nnte beeintr\u00e4chtigt werden. Bei Google ist \u201ader Anschein\u2018 millionenschwer. Die Medienbranche sollte diese gef\u00e4hrliche Fehlentwicklung stoppen, F\u00f6rdersummen transparent machen und umgehend nach Innovationswegen suchen, die ihre Unabh\u00e4ngigkeit weniger gef\u00e4hrden. Gerade Nachrichtenmedien haben in einer demokratischen Gesellschaft eine wichtige und verantwortungsvolle Rolle.\u201c<\/p>\n\n\n\n<p>Jupp Legrand, Gesch\u00e4ftsf\u00fchrer der Otto Brenner Stiftung, sagte: \u201eInzwischen ist Google der wohl gr\u00f6\u00dfte Journalismus-M\u00e4zen der Welt. Nicht nur in Deutschland nehmen Medienh\u00e4user, die unter enormem Innovationsdruck stehen, die Hilfe dieses Konzerns an, der zugleich Gesch\u00e4ftspartner, Konkurrent und Objekt der Berichterstattung ist. Unter diesen Bedingungen ist eine Zusammenarbeit auf Augenh\u00f6he nicht m\u00f6glich.\u201c<\/p>\n\n\n\n<p>Die Studienergebnisse basieren auf einer Datenanalyse der mehr als 140 Millionen Euro, die Google im Rahmen der Digital News Initiative (DNI) zwischen 2015 und 2019 an 645 Innovationsprojekte europ\u00e4ischer Verlage ausgesch\u00fcttet hat. Dar\u00fcber hinaus wurden 25 anonymisierte Interviews mit Manager*innen und Digitaljournalist*innen deutscher Nachrichtenmedien gef\u00fchrt, darunter Spiegel, Zeit Online und Frankfurter Allgemeine Zeitung. Erg\u00e4nzt wird die Untersuchung durch eine Umfrage unter einigen deutschen Medien zur Nutzung von Google-Produkten sowie einem Interview mit den Google-Verantwortlichen der europ\u00e4ischen Nachrichteninitiative.<\/p>\n\n\n\n<figure class=\"wp-block-table\"><table class=\"has-subtle-light-gray-background-color has-background\"><tbody><tr><td width=\"25%\"><a href=\"https:\/\/www.dgb.de\/uber-uns\/dgb-heute\/organisation-und-bundesvorstand\/reiner-hoffmann\" target=\"_blank\" rel=\"noopener noreferrer\"><img decoding=\"async\" class=\"aligncenter wp-image-313\" title=\"Foto: DGB\/Detlef Eden.\" src=\"https:\/\/www.sinn-schaffen.de\/buerger\/wp-content\/uploads\/sites\/18\/2020\/10\/Reiner-Hoffmann-1-DGB-Detlef-Eden-M.jpg\" alt=\"\" width=\"180\" \/><\/a><\/td><td width=\"75%\">Reiner Hoffmann ist Vorsitzender des <a href=\"https:\/\/www.dgb.de\/\" target=\"_blank\" rel=\"noopener noreferrer\">Deutschen Gewerkschaftsbundes (DGB)<\/a>.<\/td><\/tr><tr><td> <\/td><td><a href=\"https:\/\/www.dgb.de\/\" target=\"_blank\" rel=\"noopener noreferrer\"><img decoding=\"async\" class=\"aligncenter wp-image-313\" title=\" \" src=\"https:\/\/www.sinn-schaffen.de\/buerger\/wp-content\/uploads\/sites\/18\/2019\/06\/DGBLOGO.png\" alt=\"\" width=\"150\" \/><\/a><\/td><\/tr><\/tbody><\/table><\/figure>\n\n\n\n<figure class=\"wp-block-table\"><table class=\"has-subtle-light-gray-background-color has-background\"><tbody><tr><td width=\"25%\"><a rel=\"noopener noreferrer\" href=\"https:\/\/www.otto-brenner-stiftung.de\/fileadmin\/user_data\/stiftung\/02_Wissenschaftsportal\/03_Publikationen\/AH103_Google.pdf\" target=\"_blank\"><img decoding=\"async\" title=\" \" width=\"180\" class=\"aligncenter wp-image-313\" src=\"https:\/\/www.sinn-schaffen.de\/buerger\/wp-content\/uploads\/sites\/18\/2020\/10\/OBS-Medienmaezen-Google-T.jpg\" alt=\"\"><\/a><\/td><td width=\"75%\">Die Studie &#8222;Medienm\u00e4zen Google. Wie der Datenkonzern den Journalismus umgarnt&#8220; steht \u00fcber <a href=\"https:\/\/www.otto-brenner-stiftung.de\/fileadmin\/user_data\/stiftung\/02_Wissenschaftsportal\/03_Publikationen\/AH103_Google.pdf\" target=\"_blank\" rel=\"noopener noreferrer\">diesen Link zum Download als PDF<\/a> bereit.<\/td><\/tr><\/tbody><\/table><\/figure>\n","protected":false},"excerpt":{"rendered":"<p>Eine von der Otto Brenner Stiftung und dem Deutschen Gewerkschaftsbund finanzierte Studie analysiert, wie und warum Google seit 2013 mehr als 200 Millionen Euro an europ\u00e4ische Medien verschenkt hat und welche Auswirkungen diese Zuwendungen auf die Unabh\u00e4ngigkeit der deutschen Medienlandschaft haben. Nicht nur in Deutschland nehmen Medienh\u00e4user, die unter enormem Innovationsdruck stehen, die Hilfe des &hellip; <\/p>\n<p class=\"link-more\"><a href=\"https:\/\/www.sinn-schaffen.de\/buerger\/medienmaezen-google-wie-der-datenkonzern-den-journalismus-umgarnt\/\" class=\"more-link\"><span class=\"screen-reader-text\">\u201eMedienm\u00e4zen Google: Wie der Datenkonzern den Journalismus umgarnt\u201c<\/span> weiterlesen<\/a><\/p>\n","protected":false},"author":1,"featured_media":0,"parent":0,"menu_order":65,"comment_status":"closed","ping_status":"closed","template":"","meta":{"footnotes":""},"class_list":["post-590","page","type-page","status-publish","hentry"],"_links":{"self":[{"href":"https:\/\/www.sinn-schaffen.de\/buerger\/wp-json\/wp\/v2\/pages\/590","targetHints":{"allow":["GET"]}}],"collection":[{"href":"https:\/\/www.sinn-schaffen.de\/buerger\/wp-json\/wp\/v2\/pages"}],"about":[{"href":"https:\/\/www.sinn-schaffen.de\/buerger\/wp-json\/wp\/v2\/types\/page"}],"author":[{"embeddable":true,"href":"https:\/\/www.sinn-schaffen.de\/buerger\/wp-json\/wp\/v2\/users\/1"}],"replies":[{"embeddable":true,"href":"https:\/\/www.sinn-schaffen.de\/buerger\/wp-json\/wp\/v2\/comments?post=590"}],"version-history":[{"count":1,"href":"https:\/\/www.sinn-schaffen.de\/buerger\/wp-json\/wp\/v2\/pages\/590\/revisions"}],"predecessor-version":[{"id":591,"href":"https:\/\/www.sinn-schaffen.de\/buerger\/wp-json\/wp\/v2\/pages\/590\/revisions\/591"}],"wp:attachment":[{"href":"https:\/\/www.sinn-schaffen.de\/buerger\/wp-json\/wp\/v2\/media?parent=590"}],"curies":[{"name":"wp","href":"https:\/\/api.w.org\/{rel}","templated":true}]}}