{"id":764,"date":"2022-06-14T17:34:42","date_gmt":"2022-06-14T15:34:42","guid":{"rendered":"https:\/\/www.sinn-schaffen.de\/buerger\/?page_id=764"},"modified":"2022-06-14T17:35:35","modified_gmt":"2022-06-14T15:35:35","slug":"ein-pflichtdienst-ist-kein-beitrag-zum-gemeinsinn","status":"publish","type":"page","link":"https:\/\/www.sinn-schaffen.de\/buerger\/ein-pflichtdienst-ist-kein-beitrag-zum-gemeinsinn\/","title":{"rendered":"Ein Pflichtdienst ist kein Beitrag zum Gemeinsinn"},"content":{"rendered":"\n<p><strong>Freiwilligendienste und Ehrenamt st\u00e4rken gesellschaftlichen Zusammenhalt<\/strong><\/p>\n\n\n\n<p><em>Schon heute engagieren sich \u00fcber 100.000 \u00fcberwiegend junge Menschen in sozialen, \u00f6kologischen oder kulturellen Bereichen in einem Freiwilligendienst. &#8222;Anstatt einen Pflichtdienst einzuf\u00fchren, sollten bestehende Freiwilligendienste gest\u00e4rkt und attraktiver gemacht werden, um mehr Menschen die Entscheidung f\u00fcr ein gesellschaftliches Engagement aus eigenem Antrieb zu erm\u00f6glichen&#8220;, so der Bund der Deutschen Katholischen Jugend (BDKJ). Dem Fachkr\u00e4ftemangel im Pflegesektor mit einer Verpflichtung junger Menschen zu begegnen, sei f\u00fcr die dringend notwendige Aufwertung der Pflegeberufe eher kontraproduktiv.<\/em><\/p>\n\n\n\n<hr class=\"wp-block-separator has-alpha-channel-opacity\"\/>\n\n\n\n<figure class=\"wp-block-image size-full\"><img loading=\"lazy\" decoding=\"async\" width=\"1024\" height=\"413\" src=\"https:\/\/www.sinn-schaffen.de\/buerger\/wp-content\/uploads\/sites\/18\/2022\/06\/220614-bdkj.jpg\" alt=\"\" class=\"wp-image-762\" title=\"Foto: Nata Uchava, Freiburg\"\/><\/figure>\n\n\n\n<hr class=\"wp-block-separator has-alpha-channel-opacity\"\/>\n\n\n\n<p><strong>(D\u00fcsseldorf, 13. Juni 2022)<\/strong> Der Bund der Deutschen Katholischen Jugend (BDKJ) spricht sich gegen die Einf\u00fchrung eines allgemeinen Pflichtdienstes oder einer sozialen Pflichtzeit f\u00fcr junge Menschen aus, wie sie jetzt Bundespr\u00e4sident Steinmeier vorschl\u00e4gt.<\/p>\n\n\n\n<p>\u201eWir stimmen Bundespr\u00e4sident Frank-Walter Steinmeier zu, dass unsere Gesellschaft mehr Gemeinsinn und Zusammenhalt braucht. Ein Zwang f\u00fcr junge Menschen ist aber der falsche Weg\u201c, sagt BDKJ-Bundesvorsitzender Gregor Podschun. \u201eDie beste Antwort auf die Frage, wie sich gesellschaftlicher Zusammenhalt in Deutschland st\u00e4rken l\u00e4sst, ist in den Strukturen der Freiwilligendienste zu finden. Wenn die Politik dies erkennt und die vorhandenen Dienste st\u00e4rkt, er\u00fcbrigt sich jede weitere Diskussion rund um Pflichtdienste.\u201c<\/p>\n\n\n\n<p>Immer wieder flammt die Debatte um verpflichtende Sozialdienste auf. Bundespr\u00e4sident Steinmeier spricht von einer Horizonterweiterung und dar\u00fcber verschiedene Sichtweisen kennenzulernen. Gregor Podschun betont, durch die vielen Freiwilligendienstleistenden werde deutlich, dass junge Menschen nicht zu sinnvollen T\u00e4tigkeiten gezwungen werden m\u00fcssen. Schon heute engagieren sich \u00fcber 100.000 \u00fcberwiegend junge Menschen in sozialen, \u00f6kologischen oder kulturellen Bereichen in einem Freiwilligendienst. \u201eAnstatt einen Pflichtdienst einzuf\u00fchren, sollten bestehende Freiwilligendienste gest\u00e4rkt und attraktiver gemacht werden, um mehr Menschen die Entscheidung f\u00fcr ein gesellschaftliches Engagement aus eigenem Antrieb zu erm\u00f6glichen,\u201c so Podschun. \u201eAnsatzpunkte sind aus unserer Sicht als Jugendverband der Ausbau inklusiver Zugangsm\u00f6glichkeiten, erleichterte Anerkennung eines Freiwilligendienstes in Ausbildung und Studium und nat\u00fcrlich ein kostenloser \u00f6ffentlicher Nahverkehr um das Engagement der Freiwilligen wertzusch\u00e4tzen und Zug\u00e4nge zu erleichtern.\u201c<\/p>\n\n\n\n<p>Auch in Zeiten von Fachkr\u00e4ftemangel im Pflegesektor werden verpflichtende Gesellschaftsjahre als Antwort auf dr\u00e4ngende Fragen immer wieder ins Spiel gebracht. \u201eDem Fachkr\u00e4ftemangel im Pflegesektor mit einer Verpflichtung junger Menschen zu begegnen, w\u00e4re f\u00fcr die dringend notwendige Aufwertung der Pflegeberufe eher kontraproduktiv\u201c, sagt Gregor Podschun.<\/p>\n\n\n\n<p>Die Freiwilligendienste sind ein Bildungs- und Orientierungsangebot. Zentrales Charakteristikum ist die Freiwilligkeit, auf der die Motivation zum Engagement fu\u00dft. Schon seit 2017 fordern die verbandlichen Zentralstellen der Freiwilligendienste den kostenlosen Nahverkehr f\u00fcr Freiwilligendienstleistende. Anfang 2020 wurde f\u00fcr Soldat*innen die kostenlose Fahrt mit dem \u00d6PNV realisiert.<\/p>\n\n\n\n<div class=\"wp-block-columns is-layout-flex wp-container-core-columns-is-layout-9d6595d7 wp-block-columns-is-layout-flex\">\n<div class=\"wp-block-column is-layout-flow wp-block-column-is-layout-flow\" style=\"flex-basis:33.33%\">\n<figure class=\"wp-block-image size-large\"><a href=\"https:\/\/www.bdkj.de\/gregor-podschun\" target=\"_blank\" rel=\"noreferrer noopener\"><img loading=\"lazy\" decoding=\"async\" width=\"1024\" height=\"997\" src=\"https:\/\/www.sinn-schaffen.de\/buerger\/wp-content\/uploads\/sites\/18\/2022\/06\/Gregor-Podschun-Foto-BDKJ-Bundesstelle-Mike-Nonnenbroich-K-1024x997.jpg\" alt=\"\" class=\"wp-image-763\" title=\"Foto: BDKJ-Bundesstelle, Mike Nonnenbroich\"\/><\/a><\/figure>\n<\/div>\n\n\n\n<div class=\"wp-block-column is-layout-flow wp-block-column-is-layout-flow\" style=\"flex-basis:66.66%\">\n<p><a href=\"https:\/\/www.bdkj.de\/gregor-podschun\" target=\"_blank\" rel=\"noreferrer noopener\">Gregor Podschun<\/a> ist Bundesvorsitzender des <a href=\"https:\/\/www.bdkj.de\/der-bdkj\/ueber-uns\" target=\"_blank\" rel=\"noreferrer noopener\">Bund der Deutschen Katholischen Jugend (BDKJ)<\/a>. Der Bund der Deutschen Katholischen Jugend (BDKJ) ist Dachverband von 17 katholischen Jugendverb\u00e4nden mit rund 660.000 Mitgliedern. Er vertritt die Interessen von Kindern, Jugendlichen und jungen Erwachsenen in der r\u00f6misch-katholischen Kirche, in Staat und Gesellschaft.<\/p>\n\n\n\n<figure class=\"wp-block-image size-full is-resized\"><a href=\"https:\/\/www.bdkj.de\/der-bdkj\/ueber-uns\" target=\"_blank\" rel=\"noreferrer noopener\"><img loading=\"lazy\" decoding=\"async\" src=\"https:\/\/www.sinn-schaffen.de\/buerger\/wp-content\/uploads\/sites\/18\/2019\/08\/bdkj_logo.jpg\" alt=\"\" class=\"wp-image-285\" width=\"204\" height=\"177\"\/><\/a><\/figure>\n<\/div>\n<\/div>\n","protected":false},"excerpt":{"rendered":"<p>Freiwilligendienste und Ehrenamt st\u00e4rken gesellschaftlichen Zusammenhalt Schon heute engagieren sich \u00fcber 100.000 \u00fcberwiegend junge Menschen in sozialen, \u00f6kologischen oder kulturellen Bereichen in einem Freiwilligendienst. &#8222;Anstatt einen Pflichtdienst einzuf\u00fchren, sollten bestehende Freiwilligendienste gest\u00e4rkt und attraktiver gemacht werden, um mehr Menschen die Entscheidung f\u00fcr ein gesellschaftliches Engagement aus eigenem Antrieb zu erm\u00f6glichen&#8220;, so der Bund der Deutschen &hellip; <\/p>\n<p class=\"link-more\"><a href=\"https:\/\/www.sinn-schaffen.de\/buerger\/ein-pflichtdienst-ist-kein-beitrag-zum-gemeinsinn\/\" class=\"more-link\"><span class=\"screen-reader-text\">\u201eEin Pflichtdienst ist kein Beitrag zum Gemeinsinn\u201c<\/span> weiterlesen<\/a><\/p>\n","protected":false},"author":1,"featured_media":0,"parent":0,"menu_order":42,"comment_status":"closed","ping_status":"closed","template":"","meta":{"footnotes":""},"class_list":["post-764","page","type-page","status-publish","hentry"],"_links":{"self":[{"href":"https:\/\/www.sinn-schaffen.de\/buerger\/wp-json\/wp\/v2\/pages\/764","targetHints":{"allow":["GET"]}}],"collection":[{"href":"https:\/\/www.sinn-schaffen.de\/buerger\/wp-json\/wp\/v2\/pages"}],"about":[{"href":"https:\/\/www.sinn-schaffen.de\/buerger\/wp-json\/wp\/v2\/types\/page"}],"author":[{"embeddable":true,"href":"https:\/\/www.sinn-schaffen.de\/buerger\/wp-json\/wp\/v2\/users\/1"}],"replies":[{"embeddable":true,"href":"https:\/\/www.sinn-schaffen.de\/buerger\/wp-json\/wp\/v2\/comments?post=764"}],"version-history":[{"count":2,"href":"https:\/\/www.sinn-schaffen.de\/buerger\/wp-json\/wp\/v2\/pages\/764\/revisions"}],"predecessor-version":[{"id":766,"href":"https:\/\/www.sinn-schaffen.de\/buerger\/wp-json\/wp\/v2\/pages\/764\/revisions\/766"}],"wp:attachment":[{"href":"https:\/\/www.sinn-schaffen.de\/buerger\/wp-json\/wp\/v2\/media?parent=764"}],"curies":[{"name":"wp","href":"https:\/\/api.w.org\/{rel}","templated":true}]}}