{"id":965,"date":"2024-03-21T16:22:51","date_gmt":"2024-03-21T15:22:51","guid":{"rendered":"https:\/\/www.sinn-schaffen.de\/buerger\/?page_id=965"},"modified":"2024-03-21T16:23:40","modified_gmt":"2024-03-21T15:23:40","slug":"zusammen-fuer-demokratie-im-bund-vor-ort-fuer-alle","status":"publish","type":"page","link":"https:\/\/www.sinn-schaffen.de\/buerger\/zusammen-fuer-demokratie-im-bund-vor-ort-fuer-alle\/","title":{"rendered":"Zusammen f\u00fcr Demokratie. Im Bund. Vor Ort. F\u00fcr Alle."},"content":{"rendered":"\n<p><em>Rund f\u00fcnfzig Organisationen, darunter der Deutsche Gewerkschaftsbund, die beiden gro\u00dfen christlichen Kirchen, Sozial- und Wohlfahrtsverb\u00e4nde, Menschenrechts- und Umweltorganisationen sowie Kultur- und Sportverb\u00e4nde haben ein B\u00fcndnis geschlossen, um sich durch konkrete Ma\u00dfnahmen vor Ort f\u00fcr Demokratie und Menschenrechte einzusetzen: &#8222;Unser Land hat so viel Potenzial \u2013 weil es so vielf\u00e4ltig ist. Aber es ist unsere Verantwortung, dass das so bleibt. Daf\u00fcr brauchen wir Menschen vor Ort, die machen \u2013 und mitmachen. Deshalb stellt sich unser B\u00fcndnis langfristig, nachhaltig und mit dem Blick auf das praktische und das konkrete Handeln auf.&#8220;<\/em><\/p>\n\n\n\n<figure class=\"wp-block-image size-full\"><img loading=\"lazy\" decoding=\"async\" width=\"1024\" height=\"413\" src=\"https:\/\/www.sinn-schaffen.de\/buerger\/wp-content\/uploads\/sites\/18\/2024\/03\/240321-NU-buendnis-demokratie.jpg\" alt=\"\" class=\"wp-image-964\" title=\"Foto: Nata Uchava, Freiburg\"\/><\/figure>\n\n\n\n<p><strong>(Berlin, 21. M\u00e4rz 2024)<\/strong> Unter dem Motto: \u201eZusammen f\u00fcr Demokratie. Im Bund. Vor Ort. F\u00fcr Alle.\u201c wurde am heutigen Donnerstag <a href=\"https:\/\/www.zusammen-fuer-demokratie.de\/\" target=\"_blank\" data-type=\"link\" data-id=\"https:\/\/www.zusammen-fuer-demokratie.de\/\" rel=\"noreferrer noopener\">ein breites gesellschaftliches B\u00fcndnis zur St\u00e4rkung der Demokratie<\/a> ins Leben gerufen. Die rund f\u00fcnfzig teilnehmenden Organisationen, darunter der Deutsche Gewerkschaftsbund, die beiden gro\u00dfen christlichen Kirchen, Sozial- und Wohlfahrtsverb\u00e4nde, Menschenrechts- und Umweltorganisationen sowie Kultur- und Sportverb\u00e4nde werden sich durch konkrete Ma\u00dfnahmen vor Ort f\u00fcr Demokratie und Menschenrechte einsetzen. Denn, so hei\u00dft es in dem ver\u00f6ffentlichten Statement: \u201eEs geht uns alle an: Wir treten ein f\u00fcr die unteilbaren Menschenrechte, soziale Gerechtigkeit und eine klimagerechte Zukunft. Wir stehen f\u00fcr eine vielf\u00e4ltige, freie und offene Gesellschaft. Gemeinsam verteidigen wir unsere Demokratie und alle, die hier leben, gegen die Angriffe der extremen Rechten.\u201c<\/p>\n\n\n\n<p>Ziel des B\u00fcndnisses sei es, das Engagement der Zivilgesellschaft zu unterst\u00fctzen, zu verstetigen und durch konkrete Ma\u00dfnahmenpakete zu unterst\u00fctzen. So hei\u00dft es in dem ver\u00f6ffentlichten Ma\u00dfnahmenplan: \u201eWir machen die Herausforderungen von Engagierten vor Ort zu unseren eigenen. Wir gehen mit ihnen ins Gespr\u00e4ch und orientieren uns an ihren Bedarfen. Wir unterst\u00fctzen sie zielgenau, mit direkter und unb\u00fcrokratischer Hilfe mittels eines Dreiklangs aus Paketen f\u00fcr Bildung, Kultur und Infrastruktur, die abgerufen werden k\u00f6nnen. Wir vernetzen uns mit ihnen und unterst\u00fctzen bei der Vernetzung untereinander.\u201c<\/p>\n\n\n\n<p>Mit Blick auf die anstehenden Wahlen in Deutschland und Europa drohe, dass die AfD und andere extrem rechte Parteien weiter gest\u00e4rkt w\u00fcrden. \u201eNoch k\u00f6nnen wir diese Entwicklung stoppen. Wir haben die Wahl.\u201c, so der Tr\u00e4gerkreis.<\/p>\n\n\n\n<p>Yasmin Fahimi, Vorsitzende des Deutschen Gewerkschaftsbunds: \u201eWir wollen zeigen: Unser Land ist wehrhaft gegen extreme Rechte und die Feinde der Demokratie. Unser Land hat so viel Potenzial \u2013 weil es so vielf\u00e4ltig ist. Aber es ist unsere Verantwortung, dass das so bleibt. Daf\u00fcr brauchen wir Menschen vor Ort, die machen \u2013 und mitmachen. Deshalb stellt sich unser B\u00fcndnis langfristig, nachhaltig und mit dem Blick auf das praktische und das konkrete Handeln auf.\u201c<\/p>\n\n\n\n<p>Anna-Nicole Heinrich, Pr\u00e4ses der Synode der Evangelischen Kirche in Deutschland (EKD): \u201eZusammen mit anderen wollen wir als Evangelische Kirche in Deutschland f\u00fcr die unverlierbare W\u00fcrde eines jeden Menschen, f\u00fcr die Demokratie und unser Gemeinwesen einstehen. Wir k\u00f6nnen uns nicht neutral verhalten, wenn Menschen ausgegrenzt, verachtet, verfolgt oder bedroht werden.\u201c<\/p>\n\n\n\n<p>Matthias Keussen (Vorstand, Athletic Sonnenberg e.V., Vertreter f\u00fcr die Deutsche Sportjugend im DOSB): \u201eSportvereine, Initiativen und lokale Akteur*innen, die sich f\u00fcr die St\u00e4rkung des demokratischen Zusammenlebens vor Ort einsetzen, brauchen Handlungssicherheit. Sie m\u00fcssen vor Angriffen auf ihre Arbeit f\u00fcr eine bunte und offene Gesellschaft gesch\u00fctzt werden und ben\u00f6tigen unb\u00fcrokratisch zug\u00e4ngliche Unterst\u00fctzungsangebote. Besonders junge Menschen m\u00fcssen vor Ort dazu bef\u00e4higt werden, unter gefestigten und sicheren Rahmenbedingungen, f\u00fcr demokratische Werte einzustehen. Darum begr\u00fc\u00dfe ich es sehr, dass das B\u00fcndnis von der Bundesebene aus gezielte Ma\u00dfnahmen vor Ort unterst\u00fctzen wird.\u201c<\/p>\n\n\n\n<p>Eter Hachmann, Vorsitzende Dachverband der Migrant*innenorganisationen in Ostdeutschland (DaMOst): \u201eWir sind Teil des B\u00fcndnisses, weil wir eine kollektive und solidarische Antwort auf Rassismus und v\u00f6lkisch-nationalistischen Populismus geben m\u00f6chten. Insbesondere migrantische Communities werden die Auswirkungen der Ergebnisse der bevorstehenden Wahlen im Osten sp\u00fcren. Darum wollen wir gemeinsam f\u00fcr demokratische Werte und eine Gesellschaft der Vielfalt k\u00e4mpfen.\u201c<\/p>\n\n\n\n<div class=\"wp-block-columns is-layout-flex wp-container-core-columns-is-layout-9d6595d7 wp-block-columns-is-layout-flex\">\n<div class=\"wp-block-column is-layout-flow wp-block-column-is-layout-flow\" style=\"flex-basis:33.33%\">\n<figure class=\"wp-block-image size-large\"><a href=\"https:\/\/www.dgb.de\/uber-uns\/dgb-heute\/organisation-und-bundesvorstand\/yasmin-fahimi\" target=\"_blank\" rel=\"noreferrer noopener\"><img loading=\"lazy\" decoding=\"async\" width=\"1024\" height=\"861\" src=\"https:\/\/www.sinn-schaffen.de\/buerger\/wp-content\/uploads\/sites\/18\/2024\/01\/Yasmin-Fahimi-1-DGB-Benno-Kraehahn-1024x861.jpg\" alt=\"\" class=\"wp-image-933\" title=\"Foto: DGB Benno Kraehahn\"\/><\/a><\/figure>\n<\/div>\n\n\n\n<div class=\"wp-block-column is-layout-flow wp-block-column-is-layout-flow\" style=\"flex-basis:66.66%\">\n<p><\/p>\n\n\n\n<p>Yasmin Fahimi ist Vorsitzende des <a href=\"https:\/\/www.dgb.de\/\" target=\"_blank\" data-type=\"link\" data-id=\"https:\/\/www.dgb.de\/\" rel=\"noreferrer noopener\">Deutschen Gewerkschaftsbunds<\/a>.<\/p>\n\n\n\n<figure class=\"wp-block-image size-full is-resized\"><a href=\"https:\/\/www.dgb.de\/\" target=\"_blank\" rel=\"noreferrer noopener\"><img loading=\"lazy\" decoding=\"async\" width=\"284\" height=\"177\" src=\"https:\/\/www.sinn-schaffen.de\/buerger\/wp-content\/uploads\/sites\/18\/2019\/06\/DGBLOGO.png\" alt=\"\" class=\"wp-image-231\" style=\"width:294px;height:auto\"\/><\/a><\/figure>\n<\/div>\n<\/div>\n","protected":false},"excerpt":{"rendered":"<p>Rund f\u00fcnfzig Organisationen, darunter der Deutsche Gewerkschaftsbund, die beiden gro\u00dfen christlichen Kirchen, Sozial- und Wohlfahrtsverb\u00e4nde, Menschenrechts- und Umweltorganisationen sowie Kultur- und Sportverb\u00e4nde haben ein B\u00fcndnis geschlossen, um sich durch konkrete Ma\u00dfnahmen vor Ort f\u00fcr Demokratie und Menschenrechte einzusetzen: &#8222;Unser Land hat so viel Potenzial \u2013 weil es so vielf\u00e4ltig ist. Aber es ist unsere Verantwortung, dass das so bleibt. Daf\u00fcr brauchen wir Menschen vor Ort, die machen \u2013 und mitmachen. Deshalb stellt sich unser B\u00fcndnis langfristig, nachhaltig und mit dem Blick auf das praktische und das konkrete Handeln auf.&#8220;<\/p>\n","protected":false},"author":1,"featured_media":0,"parent":0,"menu_order":10,"comment_status":"closed","ping_status":"closed","template":"","meta":{"footnotes":""},"class_list":["post-965","page","type-page","status-publish","hentry"],"_links":{"self":[{"href":"https:\/\/www.sinn-schaffen.de\/buerger\/wp-json\/wp\/v2\/pages\/965","targetHints":{"allow":["GET"]}}],"collection":[{"href":"https:\/\/www.sinn-schaffen.de\/buerger\/wp-json\/wp\/v2\/pages"}],"about":[{"href":"https:\/\/www.sinn-schaffen.de\/buerger\/wp-json\/wp\/v2\/types\/page"}],"author":[{"embeddable":true,"href":"https:\/\/www.sinn-schaffen.de\/buerger\/wp-json\/wp\/v2\/users\/1"}],"replies":[{"embeddable":true,"href":"https:\/\/www.sinn-schaffen.de\/buerger\/wp-json\/wp\/v2\/comments?post=965"}],"version-history":[{"count":2,"href":"https:\/\/www.sinn-schaffen.de\/buerger\/wp-json\/wp\/v2\/pages\/965\/revisions"}],"predecessor-version":[{"id":967,"href":"https:\/\/www.sinn-schaffen.de\/buerger\/wp-json\/wp\/v2\/pages\/965\/revisions\/967"}],"wp:attachment":[{"href":"https:\/\/www.sinn-schaffen.de\/buerger\/wp-json\/wp\/v2\/media?parent=965"}],"curies":[{"name":"wp","href":"https:\/\/api.w.org\/{rel}","templated":true}]}}