{"id":177,"date":"2019-07-25T13:29:26","date_gmt":"2019-07-25T11:29:26","guid":{"rendered":"https:\/\/www.sinn-schaffen.de\/entwicklung\/?page_id=177"},"modified":"2020-09-05T18:06:20","modified_gmt":"2020-09-05T16:06:20","slug":"brot-fuer-die-welt-die-politik-blendet-die-kosten-ihres-nichtstuns-aus","status":"publish","type":"page","link":"https:\/\/www.sinn-schaffen.de\/entwicklung\/brot-fuer-die-welt-die-politik-blendet-die-kosten-ihres-nichtstuns-aus\/","title":{"rendered":"Brot f\u00fcr die Welt: Die Politik blendet die enormen Kosten ihres Nichtstuns aus"},"content":{"rendered":"\n<p><em>Die Kosten des Klimawandels, wenn nichts getan oder weiter gezaudert wird, werden von der Politik ausgeblendet. Statt diese Kosten der \u00d6ffentlichkeit offen zu legen, werden aus parteitaktischen Gr\u00fcnden die Strukturanpassungskosten in Kohlebergbauregionen zu einem kaum zu bew\u00e4ltigenden Problem hochstilisiert. Je weniger wir heute gegen den Klimawandel tun, umso teurer kommt er alle zu stehen. Cornelia F\u00fcllkrug-Weitzel, Pr\u00e4sidentin von Brot f\u00fcr die Welt, bei ihrer diesj\u00e4hrigen Bilanzpressekonferenz: &#8222;Die Weltbank hat 2017 in einer Studie f\u00fcr die deutsche G20-Pr\u00e4sidentschaft errechnet, dass Extremereignisse wie Wirbelst\u00fcrme, Starkregen, \u00dcberschwemmungen, D\u00fcrren und Hitzewellen sowie die Verschiebung von Jahreszeiten weltweit Verm\u00f6gensverluste von inzwischen mehr als 300 Milliarden US-Dollar j\u00e4hrlich verursachen.&#8220;<\/em><\/p>\n\n\n\n<hr>\n<img decoding=\"async\" class=\"alignleft wp-image-313\" title=\"Foto: Brot f\u00fcr die Welt.\" src=\"https:\/\/www.sinn-schaffen.de\/entwicklung\/wp-content\/uploads\/sites\/14\/2019\/07\/Brot-Pressebilanz-2019.jpg\" alt=\"\" width=\"1024\">\n<hr>\n&nbsp;\n\n\n\n<p><strong>(Berlin, 25. Juli 2019) <\/strong>Angesichts steigender Hungerzahlen mahnt Brot f\u00fcr die Welt mehr Einsatz gegen den Klimawandel an. Zum dritten Mal in Folge hat sich die Zahl der weltweit Hungernden erh\u00f6ht auf jetzt 821 Millionen Menschen. Eine Hauptursache ist der weltweite Temperaturanstieg. Extremwetterereignisse, \u00dcberschwemmungen und D\u00fcrren vernichten immer \u00f6fter die Lebensgrundlage vieler Menschen und untergraben Chancen auf Entwicklung. Cornelia F\u00fcllkrug-Weitzel, die Pr\u00e4sidentin von Brot f\u00fcr die Welt, sagt: \u201eDie Folgen des Klimawandels treffen vor allem die Menschen, die den Klimawandel am wenigsten verursacht haben, und sie treffen sie in ihrer Existenz. Sie verf\u00fcgen \u00fcber die wenigsten Ressourcen, m\u00fcssen aber gigantische Kosten tragen, um Katastrophen zu bew\u00e4ltigen und ihre Lebens- und Wirtschaftsweise den neuen Bedingungen anzupassen.\u201c Internationale Unterst\u00fctzung von den Verursachern des Klimawandels bekommen sie dabei nur ungen\u00fcgend.<\/p>\n\n\n\n<div class=\"wp-block-image\"><figure class=\"alignright is-resized\"><a href=\"https:\/\/www.sinn-schaffen.de\/entwicklung\/wp-content\/uploads\/sites\/14\/2019\/07\/19-07-25-Statement_CFuellkrug-Weitzel_Bilanz-Pressekonferenz.pdf\" target=\"_blank\" rel=\"noreferrer noopener\"><img decoding=\"async\" src=\"https:\/\/www.sinn-schaffen.de\/entwicklung\/wp-content\/uploads\/sites\/14\/2019\/07\/BfdW_jb_2018-Online-T.jpg\" alt=\"\" class=\"wp-image-174\" width=\"320\" srcset=\"https:\/\/www.sinn-schaffen.de\/entwicklung\/wp-content\/uploads\/sites\/14\/2019\/07\/BfdW_jb_2018-Online-T.jpg 599w, https:\/\/www.sinn-schaffen.de\/entwicklung\/wp-content\/uploads\/sites\/14\/2019\/07\/BfdW_jb_2018-Online-T-212x300.jpg 212w\" sizes=\"(max-width: 599px) 100vw, 599px\" \/><\/a><\/figure><\/div>\n\n\n\n<p>\u201eDie Weltbank hat 2017 in einer Studie f\u00fcr die deutsche\nG20-Pr\u00e4sidentschaft errechnet, dass Extremereignisse wie Wirbelst\u00fcrme,\nStarkregen, \u00dcberschwemmungen, D\u00fcrren und Hitzewellen sowie die Verschiebung von\nJahreszeiten weltweit Verm\u00f6gensverluste von inzwischen mehr als 300 Milliarden\nUS-Dollar j\u00e4hrlich verursachen\u201c, rief Cornelia F\u00fcllkrug-Weitzel in Erinnerung. \u201eDie\nKosten des Klimawandels, die weltweit entstehen, wenn nichts getan oder weiter\ngezaudert wird, werden aber ausgeblendet. Auch im eigenen Land entstehen\nj\u00e4hrlich immer h\u00f6here Kosten f\u00fcr die klimabedingten Hitze-Sch\u00e4den in der Land-\nund Forstwirtschaft, Wasserversorgung, Binnenschifffahrt und so weiter\u2013 nicht\nzu reden von den Flutregionen in Bayern, an Donau, Elbe und Oder, am Rhein.\nWenn der Klimawandel nicht rasch gebremst wird, werden diese Kosten die\n\u00f6ffentlichen Haushalte immer st\u00e4rker belasten. Statt diese Kosten der\n\u00d6ffentlichkeit offen zu legen, werden aus parteitaktischen Gr\u00fcnden die\nStrukturanpassungskosten in Kohlebergbauregionen zu einem kaum zu bew\u00e4ltigenden\nProblem hochstilisiert. Man schiebt den Kohleausstieg und andere dringend\nerforderliche Ma\u00dfnahmen, um die Erderw\u00e4rmung unter 1,5 Grad zu halten, immer\nweiter nach hinten.\u201c<\/p>\n\n\n\n<p>Um den weltweiten Temperaturanstieg zu begrenzen, ist eine\nschnelle Senkung der CO2-Emissionen der zentrale Hebel. Es brauche ein\nKlimaschutz-Sofortprogramm und einen verbindlichen Reduktionspfad f\u00fcr alle\nSektoren, sowie eine ehrliche Bepreisung aller CO2-Emissionen und einen\nz\u00fcgigeren Einstieg in den Kohleausstieg. \u201eDass die Ausstiegs- und\nVer\u00e4nderungsszenarien sozial, fair und gerecht gestaltet werden m\u00fcssen, ist f\u00fcr\nuns keine Frage. Das gilt sowohl im eigenen Land wie weltweit\u201c, so\nF\u00fcllkrug-Weitzel. \u201eDie Bundesregierung muss endlich einen klaren Kurs\neinschlagen. Die Kosten des Klimawandels, die weltweit und bei uns entstehen,\nwenn nichts getan oder weiter gezaudert wird, werden von der Politik\nausgeblendet. Je weniger wir heute gegen den Klimawandel tun, umso teurer kommt\ner alle zu stehen.\u201c <\/p>\n\n\n\n<p><strong>Seenotrettung<\/strong><\/p>\n\n\n\n<p>Mit Blick auf die Debatte um die Seenotrettung sagte F\u00fcllkrug-Weitzel bei der Pr\u00e4sentation der Jahresbilanz in Berlin: \u201eDass man Menschen auf dem Weg nach Europa absichtsvoll, n\u00e4mlich zur Abschreckung, sterben l\u00e4sst, ist ein humanit\u00e4res Armutszeugnis f\u00fcr die EU. Damit verr\u00e4t sie die Werte und Ziele, um deretwillen sie gegr\u00fcndet wurde. Es bedurfte der Zivilcourage der jungen Kapit\u00e4nin Rackete, dass wenigstens eine gesellschaftliche Debatte \u00fcber Migration und Menschlichkeit angesto\u00dfen wurde.\u201c An die Bundesregierung gerichtet sagte sie: \u201eDie Kooperation mit der libyschen K\u00fcstenwache muss beendet werden. Lassen Sie nicht l\u00e4nger zu, dass Bootsfl\u00fcchtlinge v\u00f6lkerrechtswidrig an ihre Peiniger in libyschen Lagern zur\u00fcck\u00fcberstellt werden, wo ihnen jeglicher Schutz verweigert wird.\u201c <\/p>\n\n\n\n<figure class=\"wp-block-table\"><table class=\"has-subtle-light-gray-background-color has-background\"><tbody><tr><td width=\"25%\"><a rel=\"noopener noreferrer\" href=\"https:\/\/www.brot-fuer-die-welt.de\/ueber-uns\/\" target=\"_blank\"><img decoding=\"async\" width=\"180\" class=\"aligncenter wp-image-313\" title=\"Foto: Brot f\u00fcr die Welt.\" src=\"https:\/\/www.sinn-schaffen.de\/entwicklung\/wp-content\/uploads\/sites\/14\/2018\/08\/CorneliaFW2018Augustquer.jpg\" alt=\"\"><\/a><\/td><td width=\"75%\">Cornelia F\u00fcllkrug-Weitzel ist Pr\u00e4sidentin des evangelischen Hilfswerks <a href=\"https:\/\/www.brot-fuer-die-welt.de\/\" target=\"_blank\" rel=\"noopener noreferrer\">Brot f\u00fcr die Welt<\/a>.<\/td><\/tr><tr><td><\/td><td><a href=\"https:\/\/www.diakonie-katastrophenhilfe.de\/\" target=\"_blank\" rel=\"noopener noreferrer\"><img decoding=\"async\" class=\"aligncenter wp-image-313\" title=\" \" src=\"https:\/\/www.sinn-schaffen.de\/entwicklung\/wp-content\/uploads\/sites\/14\/2018\/05\/BrotFuerDieWeltLogo.gif\" alt=\"\" width=\"180\"><\/a><\/td><\/tr><\/tbody><\/table><\/figure>\n\n\n\n<p><strong>Einnahmen und\nAusgaben<\/strong><\/p>\n\n\n\n<p>Brot f\u00fcr die Welt hat die Spenden und Kollekten im\nvergangenen Jahr um 1,8 Millionen Euro oder 2,9 Prozent auf 63,6 Millionen Euro\nsteigern k\u00f6nnen. Das ist das viertbeste Spendenergebnis seit der Gr\u00fcndung des\nevangelischen Hilfswerks vor 60 Jahren. <\/p>\n\n\n\n<p>Neben Spenden und Kollekten erhielt Brot f\u00fcr die Welt Mittel\ndes kirchlichen Entwicklungsdiensts (55,7 Millionen Euro) sowie staatliche\nMittel des Bundesministeriums f\u00fcr wirtschaftliche Zusammenarbeit und\nEntwicklung (BMZ; 168,3 Millionen Euro). Insgesamt standen Brot f\u00fcr die Welt\n307 Millionen Euro (2017: 282 Millionen Euro) zur Verf\u00fcgung. Das ist ein Plus\nvon knapp neun Prozent.<\/p>\n\n\n\n<p>Brot f\u00fcr die Welt hat 2018 auch mehr Mittel f\u00fcr die weltweite Arbeit eingesetzt: Die Ausgaben stiegen gegen\u00fcber dem Vorjahr um 27,8 Millionen Euro oder zehn Prozent auf rund 305 Millionen Euro an. Neu bewilligt wurden 726 Hilfsprojekte, darunter haben Projekte zur Ern\u00e4hrung und l\u00e4ndlichen Entwicklung den gr\u00f6\u00dften Anteil. Hier spielt die Anpassung an den Klimawandel eine zunehmend wichtige Rolle. Auf Projektausgaben entfielen insgesamt 91,2 Prozent aller Mittel. Die Ausgaben f\u00fcr Verwaltung lagen bei 6,2 Prozent, f\u00fcr Werbung und allgemeine \u00d6ffentlichkeitsarbeit wurden 2,6 Prozent der Mittel aufgewendet.<\/p>\n\n\n\n<p>Brot f\u00fcr die Welt ist das Hilfswerk der evangelischen Landes- und Freikirchen. Einschlie\u00dflich der neu bewilligten Projekte f\u00f6rderte das evangelische Hilfswerk im vergangenen Jahr mehr als 1.500 Projekte in 90 L\u00e4ndern.<\/p>\n\n\n\n<figure class=\"wp-block-table\"><table class=\"has-subtle-light-gray-background-color has-background\"><tbody><tr><td width=\"25%\"><a rel=\"noopener noreferrer\" href=\"https:\/\/www.brot-fuer-die-welt.de\/fileadmin\/mediapool\/2_Downloads\/Berichte\/Jahresbericht_2018\/BfdW_jb_2018-Online.pdf\" target=\"_blank\"><img decoding=\"async\" title=\" \" width=\"180\" class=\"aligncenter wp-image-313\" src=\"https:\/\/www.sinn-schaffen.de\/entwicklung\/wp-content\/uploads\/sites\/14\/2019\/07\/BfdW_jb_2018-Online-T.jpg\" alt=\"\"><\/a><\/td><td width=\"75%\">Der Jahresbericht 2017 von Brot f\u00fcr die Welt mit Jahresbilanz steht <a href=\"https:\/\/www.brot-fuer-die-welt.de\/fileadmin\/mediapool\/2_Downloads\/Berichte\/Jahresbericht_2018\/BfdW_jb_2018-Online.pdf\" target=\"_blank\" rel=\"noopener noreferrer\">\u00fcber diesen Link zum Download als PDF<\/a> bereit.<\/td><\/tr><\/tbody><\/table><\/figure>\n","protected":false},"excerpt":{"rendered":"<p>Die Kosten des Klimawandels, wenn nichts getan oder weiter gezaudert wird, werden von der Politik ausgeblendet. Statt diese Kosten der \u00d6ffentlichkeit offen zu legen, werden aus parteitaktischen Gr\u00fcnden die Strukturanpassungskosten in Kohlebergbauregionen zu einem kaum zu bew\u00e4ltigenden Problem hochstilisiert. Je weniger wir heute gegen den Klimawandel tun, umso teurer kommt er alle zu stehen. Cornelia <a href='https:\/\/www.sinn-schaffen.de\/entwicklung\/brot-fuer-die-welt-die-politik-blendet-die-kosten-ihres-nichtstuns-aus\/' class='excerpt-more'>[&#8230;]<\/a><\/p>\n","protected":false},"author":1,"featured_media":0,"parent":0,"menu_order":37,"comment_status":"closed","ping_status":"closed","template":"","meta":{"footnotes":""},"class_list":["post-177","page","type-page","status-publish","hentry","post-seq-1","post-parity-odd","meta-position-left-pullout","fix"],"_links":{"self":[{"href":"https:\/\/www.sinn-schaffen.de\/entwicklung\/wp-json\/wp\/v2\/pages\/177","targetHints":{"allow":["GET"]}}],"collection":[{"href":"https:\/\/www.sinn-schaffen.de\/entwicklung\/wp-json\/wp\/v2\/pages"}],"about":[{"href":"https:\/\/www.sinn-schaffen.de\/entwicklung\/wp-json\/wp\/v2\/types\/page"}],"author":[{"embeddable":true,"href":"https:\/\/www.sinn-schaffen.de\/entwicklung\/wp-json\/wp\/v2\/users\/1"}],"replies":[{"embeddable":true,"href":"https:\/\/www.sinn-schaffen.de\/entwicklung\/wp-json\/wp\/v2\/comments?post=177"}],"version-history":[{"count":4,"href":"https:\/\/www.sinn-schaffen.de\/entwicklung\/wp-json\/wp\/v2\/pages\/177\/revisions"}],"predecessor-version":[{"id":368,"href":"https:\/\/www.sinn-schaffen.de\/entwicklung\/wp-json\/wp\/v2\/pages\/177\/revisions\/368"}],"wp:attachment":[{"href":"https:\/\/www.sinn-schaffen.de\/entwicklung\/wp-json\/wp\/v2\/media?parent=177"}],"curies":[{"name":"wp","href":"https:\/\/api.w.org\/{rel}","templated":true}]}}