{"id":415,"date":"2020-09-18T13:38:11","date_gmt":"2020-09-18T11:38:11","guid":{"rendered":"https:\/\/www.sinn-schaffen.de\/entwicklung\/?page_id=415"},"modified":"2020-09-18T13:38:12","modified_gmt":"2020-09-18T11:38:12","slug":"weltweite-umfrage-covid-19-pandemie-vergroessert-kluft-zwischen-arm-und-reich","status":"publish","type":"page","link":"https:\/\/www.sinn-schaffen.de\/entwicklung\/weltweite-umfrage-covid-19-pandemie-vergroessert-kluft-zwischen-arm-und-reich\/","title":{"rendered":"Weltweite Umfrage: COVID-19-Pandemie vergr\u00f6\u00dfert Kluft zwischen Arm und Reich"},"content":{"rendered":"\n<p>Eine Umfrage der Kinderrechtsorganisation Save the Children belegt, dass die COVID-19-Pandemie weltweit die Ungleichheiten entlang der Wohlstands- und Geschlechtergrenzen verst\u00e4rkt. Demnach erlitten \u00e4rmere Haushalte h\u00e4ufiger Einkommensverluste (82 Prozent) als Haushalte, die nicht als arm eingestuft werden (70 Prozent); M\u00e4dchen erledigten im Gegensatz zu Jungen w\u00e4hrend der COVID-19-Pandemie mehr Hausarbeiten und wandten mehr Zeit f\u00fcr die Betreuung von Geschwistern auf. Save the Children sch\u00e4tzt, dass die COVID-19-Pandemie den gr\u00f6\u00dften Bildungsnotstand in der Geschichte verursacht hat, und erinnert daran, dass Kinder, die keinen Zugang zu Bildung haben, einem gr\u00f6\u00dferen Risiko ausgesetzt sind, nie mehr zur Schule zur\u00fcckzukehren und Opfer von Kinderarbeit, Kinderheirat und anderen Formen der Ausbeutung zu werden.<\/p>\n\n\n\n<hr>\n<img decoding=\"async\" class=\"alignleft wp-image-313\" title=\"Grafik: Nata Uchava, Michael Wildberger.Foto: Nata Uchava, Freiburg.\" src=\"https:\/\/www.sinn-schaffen.de\/entwicklung\/wp-content\/uploads\/sites\/14\/2020\/09\/NU-200918-SaveTheChildren.jpg\" alt=\"\" width=\"1024\">\n<hr>\n&nbsp;\n\n\n\n<p><strong>(London, 10. September 2020)<\/strong> Die COVID-19-Pandemie hat verheerende Auswirkungen auf die Bildung von Kindern aus armen Verh\u00e4ltnissen und vergr\u00f6\u00dfert die Kluft sowohl zwischen Arm und Reich als auch zwischen M\u00e4dchen und Jungen. Das ergibt eine weltweite Umfrage der Kinderrechtsorganisation Save the Children unter mehr als 25.000 Kindern und Erwachsenen in 37 L\u00e4ndern. Ein halbes Jahr, nachdem die Weltgesundheitsorganisation eine Pandemie ausrief, zeigt die Befragung: Die am meisten benachteiligten Kinder sind infolge von COVID-19 \u00fcberproportional von fehlendem Schutz, mangelnder Bildung sowie von schlechter Gesundheits- und Nahrungsmittelversorgung betroffen.<\/p>\n\n\n\n<p>Die wichtigsten Erkenntnisse aus der Umfrage sind:<\/p>\n\n\n\n<ul class=\"wp-block-list\"><li>Zwei Drittel der Kinder hatten w\u00e4hrend der Lockdowns \u00fcberhaupt keinen Kontakt zu Lehrern; acht von zehn Kindern sagten, seit der Schlie\u00dfung der Schule wenig oder nichts gelernt zu haben.<\/li><li>Die h\u00e4usliche Gewalt verdoppelte sich: W\u00e4hrend der Schulschlie\u00dfungen betrug der Anteil gemeldeter F\u00e4lle 17 Prozent, verglichen mit 8 Prozent, als Kinder zur Schule gingen.<\/li><li>63 Prozent der M\u00e4dchen m\u00fcssen h\u00e4ufiger als fr\u00fcher Arbeiten im Haushalt verrichten, im Vergleich zu 43 Prozent der Jungen.<\/li><li>93 Prozent der Haushalte, die durch die Pandemie mehr als die H\u00e4lfte ihres Einkommens verloren haben, berichteten \u00fcber Schwierigkeiten beim Zugang zu Gesundheitsdiensten.<\/li><li>Mehr Investitionen in Bildung, Gesundheit und Ern\u00e4hrung, psychische Gesundheitsdienste und soziale Sicherheitsnetze sind dringend erforderlich.<\/li><\/ul>\n\n\n\n<p>\u201eWir m\u00fcssen daf\u00fcr sorgen, dass nicht die Kinder den h\u00f6chsten Preis f\u00fcr die Pandemie bezahlen\u201c, sagt Susanna Kr\u00fcger, Vorstandsvorsitzende von Save the Children Deutschland. \u201eCOVID-19 hat bestehende Ungleichheiten vergr\u00f6\u00dfert, mit dramatischen Folgen f\u00fcr die Kinder. Um eine ganze Generation vor dem Verlust ihrer Zukunft zu sch\u00fctzen, m\u00fcssen einkommensschwache L\u00e4nder und fragile Staaten dabei unterst\u00fctzt werden, in ihre Kinder zu investieren. Die Bed\u00fcrfnisse der Kinder m\u00fcssen im Mittelpunkt aller Bem\u00fchungen stehen, die R\u00fcckschritte der vergangenen Monate wieder aufzuholen.\u201c<\/p>\n\n\n\n<p>Die Ergebnisse der Umfrage wurden im Bericht \u201eProtect A Generation\u201c von Save the Children ver\u00f6ffentlicht. Es handelt sich um die gr\u00f6\u00dfte weltweite Umfrage dieser Art seit der Ausrufung der COVID-19-Pandemie am 11. M\u00e4rz 2020. Die Kinderrechtsorganisation befragte mehr als 25.000 Kinder und ihre Betreuungspersonen nach ihren Erfahrungen, \u00c4ngsten und Hoffnungen w\u00e4hrend dieser globalen Krise.<\/p>\n\n\n\n<p>Die Umfrage belegt, dass die COVID-19-Pandemie die Ungleichheiten entlang der Wohlstands- und Geschlechtergrenzen verst\u00e4rkt. Demnach erlitten \u00e4rmere Haushalte h\u00e4ufiger Einkommensverluste (82 Prozent) als Haushalte, die nicht als arm eingestuft werden (70 Prozent). Neun von zehn Haushalten, die durch die Pandemie mehr als die H\u00e4lfte ihres Einkommens verloren haben, berichteten \u00fcber Schwierigkeiten beim Zugang zu Gesundheitsdiensten. 45 Prozent der Befragten aus armen Haushalten berichteten, dass sie w\u00e4hrend der Pandemie Schwierigkeiten hatten, medizinische Versorgung zu bezahlen.<\/p>\n\n\n\n<p>Die Umfrage belegte auch, dass M\u00e4dchen von der COVID-19-Pandemie st\u00e4rker betroffen sind als Jungen: 63 Prozent der M\u00e4dchen sagten, dass sie nun mehr Hausarbeiten erledigten und mehr als die H\u00e4lfte (52 Prozent) gab an, mehr Zeit f\u00fcr die Betreuung von Geschwistern aufzuwenden. Bei den Jungen waren es 43 Prozent beziehungsweise 42 Prozent. 20 Prozent der M\u00e4dchen gaben an, dass sie w\u00e4hrend der Schulschlie\u00dfung nichts gelernt h\u00e4tten, w\u00e4hrend dies nur bei 10 Prozent der Jungen der Fall war.<\/p>\n\n\n\n<p>Im Bereich Bildung ergab die Umfrage zudem, dass weniger als ein Prozent der \u00e4rmeren Kinder Zugang zu dem f\u00fcr den Fernunterricht ben\u00f6tigten Internet hatten. Unter den Haushalten, die sich selbst als nicht arm einstuften, waren es 19 Prozent. Etwa 37 Prozent der \u00e4rmeren Familien berichteten zudem \u00fcber Schwierigkeiten bei der Bezahlung von Lernmaterialien, verglichen mit 26 Prozent der Familien, die sich selbst als nicht arm einstuften. Zwei Drittel der Kinder gaben an, w\u00e4hrend der Schulschlie\u00dfungen \u00fcberhaupt keinen Kontakt zu ihren Lehrkr\u00e4ften gehabt zu haben, im \u00f6stlichen und s\u00fcdlichen Afrika waren es sogar acht von zehn Kindern.<\/p>\n\n\n\n<p>Kinder, die keinen Zugang zu Bildung haben, sind einem gr\u00f6\u00dferen Risiko ausgesetzt, nie mehr zur Schule zur\u00fcckzukehren und Opfer von Kinderarbeit, Kinderheirat und anderen Formen der Ausbeutung zu werden. Save the Children sch\u00e4tzt, dass die COVID-19-Pandemie den gr\u00f6\u00dften Bildungsnotstand in der Geschichte verursacht hat: Etwa 9,7 Millionen Kinder kehren vermutlich nicht wieder zur Schule zur\u00fcck (mehr zum Bildungsnotstand im Report \u201eSave our Education\u201c).<\/p>\n\n\n\n<figure class=\"wp-block-table\"><table class=\"has-subtle-light-gray-background-color has-background\"><tbody><tr><td width=\"25%\"><a rel=\"noopener noreferrer\" href=\"https:\/\/www.savethechildren.de\/informieren\/ueber-uns\/unsere-struktur\/vorstand\/\" target=\"_blank\"><img decoding=\"async\" class=\"aligncenter wp-image-313\" title=\"Foto: Save the Children Deutschland.\" src=\"https:\/\/www.sinn-schaffen.de\/entwicklung\/wp-content\/uploads\/sites\/14\/2020\/09\/Susanna_Krueger-Kq.jpg\" alt=\"\" width=\"180\"><\/a><\/td><td width=\"75%\">Susanna Kr\u00fcger ist Gesch\u00e4ftsf\u00fchrerin und Vorstandsvorsitzende von <a href=\"https:\/\/www.savethechildren.de\/\" target=\"_blank\" rel=\"noopener noreferrer\">Save the Children Deutschland<\/a>.<\/td><\/tr><tr><td><\/td><td><a href=\"https:\/\/www.savethechildren.de\/\" target=\"_blank\" rel=\"noopener noreferrer\"><img decoding=\"async\" class=\"aligncenter wp-image-313\" title=\" \" src=\"https:\/\/www.sinn-schaffen.de\/entwicklung\/wp-content\/uploads\/sites\/14\/2020\/09\/crop_original_bp1548085617_logo-100-jahre-vert600x60.jpg\" alt=\"\" width=\"180\"><\/a><\/td><\/tr><\/tbody><\/table><\/figure>\n\n\n\n<p>Zudem zeigte die Umfrage, dass<\/p>\n\n\n\n<ul class=\"wp-block-list\"><li>83 Prozent der Kinder \u00fcber einen Anstieg von negativen Gef\u00fchlen berichteten<\/li><li>fast zwei Drittel der Haushalte (62%) es schwierig fanden, ihre Familien w\u00e4hrend der Pandemie mit ausgewogenem, nahrhaftem Essen zu versorgen<\/li><li>19 Prozent der Haushalte, in denen Kinder von Gewalt berichteten, \u00fcber die H\u00e4lfte ihres Haushaltseinkommens aufgrund von COVID-19 verloren hatten.<\/li><\/ul>\n\n\n\n<p>Save the Children fordert Regierungen auf, allen Kindern qualitativ hochwertigen Fernunterricht zu erm\u00f6glichen, Nachholkurse anzubieten und auch nach den Schul\u00f6ffnungen allen Kindern den Zugang zum Lernen zu gew\u00e4hrleisten. Um f\u00fcr zuk\u00fcnftige Pandemien gewappnet zu sein, m\u00fcssen soziale Sicherheitsnetze und starke Gesundheits- und Ern\u00e4hrungssysteme aufgebaut werden. Dringend ben\u00f6tigt werden auch Mittel f\u00fcr Elternprojekte sowie f\u00fcr Schutzdienste f\u00fcr Kinder, die Opfer von Missbrauch, Gewalt oder Ausbeutung geworden sind.<\/p>\n\n\n\n<p>Save the Children befragte 8069 Kinder zwischen 11 und 17 Jahren und 17.565 Erwachsene in 37 L\u00e4ndern, allesamt Beg\u00fcnstigte von Save the Children. Die meisten der befragten Kinder befanden sich in Asien (45 Prozent), gefolgt von Ost- und S\u00fcdafrika (20 Prozent), Lateinamerika (14 Prozent), dem Nahen Osten (10 Prozent) sowie West- und Zentralafrika (8 Prozent). Die Umfragen erfolgten online und telefonisch.<\/p>\n\n\n\n<figure class=\"wp-block-table\"><table class=\"has-subtle-light-gray-background-color has-background\"><tbody><tr><td width=\"25%\"><a rel=\"noopener noreferrer\" href=\"https:\/\/www.savethechildren.de\/fileadmin\/user_upload\/Downloads_Dokumente\/Berichte_Studien\/2020\/VR59-01_Protect_a_Generation_Report_EN_FINAL.pdf\" target=\"_blank\"><img decoding=\"async\" title=\" \" width=\"180\" class=\"aligncenter wp-image-313\" src=\"https:\/\/www.sinn-schaffen.de\/entwicklung\/wp-content\/uploads\/sites\/14\/2020\/09\/VR59-01_Protect_a_Generation_Report_EN_FINAL-T.jpg\" alt=\"\"><\/a><\/td><td width=\"75%\">Der Bericht &#8222;Protect A Generation&#8220; der Kinderrechts-Organisation Save The Children steht \u00fcber <a href=\"https:\/\/www.savethechildren.de\/fileadmin\/user_upload\/Downloads_Dokumente\/Berichte_Studien\/2020\/VR59-01_Protect_a_Generation_Report_EN_FINAL.pdf\" target=\"_blank\" rel=\"noopener noreferrer\">diesen Link zum Download als PDF<\/a> bereit.<\/td><\/tr><\/tbody><\/table><\/figure>\n\n\n\n<figure class=\"wp-block-table\"><table class=\"has-subtle-light-gray-background-color has-background\"><tbody><tr><td width=\"25%\"><a rel=\"noopener noreferrer\" href=\"https:\/\/www.savethechildren.de\/fileadmin\/user_upload\/Downloads_Dokumente\/Berichte_Studien\/2020\/report_SaveOurEducation_SaveTheChildren_20200710.pdf\" target=\"_blank\"><img decoding=\"async\" title=\" \" width=\"180\" class=\"aligncenter wp-image-313\" src=\"https:\/\/www.sinn-schaffen.de\/entwicklung\/wp-content\/uploads\/sites\/14\/2020\/09\/report_SaveOurEducation_SaveTheChildren_20200710-T.jpg\" alt=\"\"><\/a><\/td><td width=\"75%\">Der Report &#8222;Save Our Education&#8220; der Kinderrechts-Organisation Save The Children steht \u00fcber <a href=\"https:\/\/www.savethechildren.de\/fileadmin\/user_upload\/Downloads_Dokumente\/Berichte_Studien\/2020\/report_SaveOurEducation_SaveTheChildren_20200710.pdf\" target=\"_blank\" rel=\"noopener noreferrer\">diesen Link zum Download als PDF<\/a> bereit.<\/td><\/tr><\/tbody><\/table><\/figure>\n","protected":false},"excerpt":{"rendered":"<p>Eine Umfrage der Kinderrechtsorganisation Save the Children belegt, dass die COVID-19-Pandemie weltweit die Ungleichheiten entlang der Wohlstands- und Geschlechtergrenzen verst\u00e4rkt. Demnach erlitten \u00e4rmere Haushalte h\u00e4ufiger Einkommensverluste (82 Prozent) als Haushalte, die nicht als arm eingestuft werden (70 Prozent); M\u00e4dchen erledigten im Gegensatz zu Jungen w\u00e4hrend der COVID-19-Pandemie mehr Hausarbeiten und wandten mehr Zeit f\u00fcr die <a href='https:\/\/www.sinn-schaffen.de\/entwicklung\/weltweite-umfrage-covid-19-pandemie-vergroessert-kluft-zwischen-arm-und-reich\/' class='excerpt-more'>[&#8230;]<\/a><\/p>\n","protected":false},"author":1,"featured_media":0,"parent":0,"menu_order":17,"comment_status":"closed","ping_status":"closed","template":"","meta":{"footnotes":""},"class_list":["post-415","page","type-page","status-publish","hentry","post-seq-1","post-parity-odd","meta-position-left-pullout","fix"],"_links":{"self":[{"href":"https:\/\/www.sinn-schaffen.de\/entwicklung\/wp-json\/wp\/v2\/pages\/415","targetHints":{"allow":["GET"]}}],"collection":[{"href":"https:\/\/www.sinn-schaffen.de\/entwicklung\/wp-json\/wp\/v2\/pages"}],"about":[{"href":"https:\/\/www.sinn-schaffen.de\/entwicklung\/wp-json\/wp\/v2\/types\/page"}],"author":[{"embeddable":true,"href":"https:\/\/www.sinn-schaffen.de\/entwicklung\/wp-json\/wp\/v2\/users\/1"}],"replies":[{"embeddable":true,"href":"https:\/\/www.sinn-schaffen.de\/entwicklung\/wp-json\/wp\/v2\/comments?post=415"}],"version-history":[{"count":1,"href":"https:\/\/www.sinn-schaffen.de\/entwicklung\/wp-json\/wp\/v2\/pages\/415\/revisions"}],"predecessor-version":[{"id":416,"href":"https:\/\/www.sinn-schaffen.de\/entwicklung\/wp-json\/wp\/v2\/pages\/415\/revisions\/416"}],"wp:attachment":[{"href":"https:\/\/www.sinn-schaffen.de\/entwicklung\/wp-json\/wp\/v2\/media?parent=415"}],"curies":[{"name":"wp","href":"https:\/\/api.w.org\/{rel}","templated":true}]}}