{"id":1061,"date":"2022-09-28T16:45:21","date_gmt":"2022-09-28T14:45:21","guid":{"rendered":"https:\/\/www.sinn-schaffen.de\/finanz\/?page_id=1061"},"modified":"2022-09-28T16:45:22","modified_gmt":"2022-09-28T14:45:22","slug":"tourismus-der-schutz-von-minderjaehrigen-vor-ausbeutung-in-reiselaendern-muss-gestaerkt-werden","status":"publish","type":"page","link":"https:\/\/www.sinn-schaffen.de\/finanz\/tourismus-der-schutz-von-minderjaehrigen-vor-ausbeutung-in-reiselaendern-muss-gestaerkt-werden\/","title":{"rendered":"Tourismus: Der Schutz von Minderj\u00e4hrigen vor Ausbeutung in Reisel\u00e4ndern muss gest\u00e4rkt werden"},"content":{"rendered":"\n<p><em>Viele Kinder tragen durch schlecht bezahlte Jobs im Tourismus, wie zum Beispiel als Souvenirverk\u00e4ufer am Strand oder in den W\u00e4schereien von Hotels, zum Familieneinkommen bei. Sexuelle Ausbeutung von Kindern im Tourismus war schon vor der Pandemie ein Problem, Corona hat es weiter versch\u00e4rft. Um die daraus resultierenden Risiken f\u00fcr Kinder anzugehen, fordern Brot f\u00fcr die Welt und ECPAT Deutschland (End Child Prostitution, Child Pornography &amp; Trafficking of Children for Sexual Purposes) ein entschlossenes gemeinsames Vorgehen von zivilgesellschaftlichen Organisationen und Regierungen, Strafverfolgungsbeh\u00f6rden und der Reisebranche.<\/em><\/p>\n\n\n\n<hr class=\"wp-block-separator has-alpha-channel-opacity\"\/>\n\n\n\n<figure class=\"wp-block-image size-full\"><img loading=\"lazy\" decoding=\"async\" width=\"1024\" height=\"413\" src=\"https:\/\/www.sinn-schaffen.de\/finanz\/wp-content\/uploads\/sites\/13\/2022\/09\/220928-Brot.jpg\" alt=\"\" class=\"wp-image-1055\" title=\"Foto: Nata Uchava, Freiburg\"\/><\/figure>\n\n\n\n<hr class=\"wp-block-separator has-alpha-channel-opacity\"\/>\n\n\n\n<p><strong>(Berlin, 26. September 2022)<\/strong> Anl\u00e4sslich des Welttourismustages am 27. September warnen Brot f\u00fcr die Welt und die Kinderrechtsorganisation ECPAT <em>(End Child Prostitution, Child Pornography &amp; Trafficking of Children for Sexual Purposes)<\/em> vor einer Zunahme von Ausbeutung und Gewalt gegen Kinder. \u201eTrotz oder gerade wegen des langsam wieder erstarkenden Tourismuses d\u00fcrfen weder die Branche noch Reisende selbst die Augen vor Kinderarbeit und sexueller Ausbeutung verschlie\u00dfen\u201c, fordert die Pr\u00e4sidentin von Brot f\u00fcr die Welt, Dagmar Pruin.<\/p>\n\n\n\n<p>Viele Kinder tragen durch schlecht bezahlte Jobs im Tourismus, wie zum Beispiel als Souvenirverk\u00e4ufer am Strand oder in den W\u00e4schereien von Hotels, zum Familieneinkommen bei. \u201eDie Corona-Pandemie verst\u00e4rkt den Druck auf die \u00c4rmsten und Schw\u00e4chsten weltweit. Es ist erschreckend, dass heute jedes zehnte Kind zum Geldverdienen gezwungen ist \u2013 auch im Tourismus\u201c, beklagt Pruin. Sie weist darauf hin, dass sexuelle Ausbeutung von Kindern im Tourismus zu den gravierendsten Menschenrechtsverletzungen geh\u00f6re und mahnt daher eine noch intensivere internationale Zusammenarbeit bei der Pr\u00e4vention und Strafverfolgung sowie einen besseren Schutz von Kinderrechten an.<\/p>\n\n\n\n<p>Andrea Wagner, Gesch\u00e4ftsf\u00fchrerin von ECPAT Deutschland, der Arbeitsgemeinschaft zum Schutz von Kindern vor sexueller Ausbeutung, erg\u00e4nzt: \u201eArmut ist weiterhin der Hauptrisikofaktor f\u00fcr Kinder, ausgebeutet zu werden. Die Pandemie hat viele Familien in schwierige Situationen gebracht und die Risiken f\u00fcr Kinder erh\u00f6ht.\u201c<\/p>\n\n\n\n<p>Sexuelle Ausbeutung von Kindern im Tourismus war schon vor der Pandemie ein Problem. Corona hat es weiter versch\u00e4rft. So ist die Kontaktaufnahme zu Kindern durch die Digitalisierung leichter geworden, auch weil mehr Kinder online Zeit verbringen. Zugleich haben Sexualstraftaten im Internet erheblich zugenommen. Die Philippinen melden eine Zunahme von digitalen Missbrauchshandlungen um \u00fcber 250 Prozent. \u201eWir sind besorgt, dass Sexualstraft\u00e4ter:innen nun vermehrt Kinder in ihren Heimatl\u00e4ndern besuchen und dort sexuell ausbeuten\u201c, bef\u00fcrchtet Andrea Wagner. Um die daraus resultierenden Risiken f\u00fcr Kinder anzugehen, fordern Brot f\u00fcr die Welt und ECPAT Deutschland ein entschlossenes gemeinsames Vorgehen von zivilgesellschaftlichen Organisationen und Regierungen, Strafverfolgungsbeh\u00f6rden und der Reisebranche und haben dazu <a href=\"https:\/\/www.brot-fuer-die-welt.de\/fileadmin\/mediapool\/2_Downloads\/Fachinformationen\/Standpunkt\/Standpunkt_Kinderrechte_im_Tourismus_staerken_web.pdf\" target=\"_blank\" rel=\"noreferrer noopener\">einen gemeinsamen Standpunkt<\/a> und einen <a href=\"https:\/\/ecpat.de\/wp-content\/uploads\/2022\/09\/22_Studie_Tourismus_Digital-1.pdf\" target=\"_blank\" rel=\"noreferrer noopener\">Leitfaden<\/a> erarbeitet.<\/p>\n\n\n\n<p>Zum Schutz der Kinderrechte weltweit ist auch die Bundesregierung gefragt: Sie sollte das Lieferketten-Sorgfaltspflichten-Gesetz, das ab 2023 Unternehmen zur Achtung der Menschenrechte verpflichtet, sukzessive auch auf mittelst\u00e4ndische Unternehmen ausweiten. Denn das Gesetz erfasst bislang nur drei der insgesamt 3.000 deutschen Reiseveranstalter. Zudem sollten verpflichtende Kinderschutzstrategien f\u00fcr kommerzielle Reiseanbieter ins Kinderschutzgesetz aufgenommen werden. So w\u00fcrde das bisherige freiwillige Engagement einiger Reiseveranstalter einen verbindlichen Rahmen f\u00fcr die gesamte Branche bekommen und Kinder k\u00f6nnten besser gesch\u00fctzt werden.<\/p>\n\n\n\n<div class=\"wp-block-columns is-layout-flex wp-container-core-columns-is-layout-9d6595d7 wp-block-columns-is-layout-flex\">\n<div class=\"wp-block-column is-layout-flow wp-block-column-is-layout-flow\" style=\"flex-basis:33.33%\">\n<figure class=\"wp-block-image size-full\"><a href=\"https:\/\/www.brot-fuer-die-welt.de\/ueber-uns\/personen\/dagmar-pruin\/\" target=\"_blank\" rel=\"noreferrer noopener\"><img loading=\"lazy\" decoding=\"async\" width=\"335\" height=\"407\" src=\"https:\/\/www.sinn-schaffen.de\/finanz\/wp-content\/uploads\/sites\/13\/2022\/03\/Dagmar-Pruin-A.jpg\" alt=\"\" class=\"wp-image-983\" title=\"Foto: Brot f\u00fcr die Welt.\"\/><\/a><\/figure>\n<\/div>\n\n\n\n<div class=\"wp-block-column is-layout-flow wp-block-column-is-layout-flow\" style=\"flex-basis:66.66%\">\n<p><a href=\"https:\/\/www.brot-fuer-die-welt.de\/ueber-uns\/personen\/dagmar-pruin\/\" target=\"_blank\" rel=\"noopener\">Dagmar Pruin<\/a> ist Pr\u00e4sidentin von <a href=\"https:\/\/www.brot-fuer-die-welt.de\/\" target=\"_blank\" rel=\"noreferrer noopener\">Brot f\u00fcr die Welt<\/a>.<\/p>\n\n\n\n<figure class=\"wp-block-image size-full\"><a href=\"https:\/\/www.brot-fuer-die-welt.de\/\" target=\"_blank\" rel=\"noreferrer noopener\"><img loading=\"lazy\" decoding=\"async\" width=\"258\" height=\"132\" src=\"https:\/\/www.sinn-schaffen.de\/finanz\/wp-content\/uploads\/sites\/13\/2018\/10\/BrotFuerDieWeltLogo.gif\" alt=\"\" class=\"wp-image-162\"\/><\/a><\/figure>\n<\/div>\n<\/div>\n\n\n\n<div class=\"wp-block-columns is-layout-flex wp-container-core-columns-is-layout-9d6595d7 wp-block-columns-is-layout-flex\">\n<div class=\"wp-block-column is-layout-flow wp-block-column-is-layout-flow\" style=\"flex-basis:33.33%\">\n<figure class=\"wp-block-image size-full\"><a href=\"https:\/\/ecpat.de\/wp-content\/uploads\/2022\/09\/22_Studie_Tourismus_Digital-1.pdf\" target=\"_blank\" rel=\"noreferrer noopener\"><img loading=\"lazy\" decoding=\"async\" width=\"599\" height=\"846\" src=\"https:\/\/www.sinn-schaffen.de\/finanz\/wp-content\/uploads\/sites\/13\/2022\/09\/22_Studie_Tourismus_Digital-1-T.jpg\" alt=\"\" class=\"wp-image-1056\"\/><\/a><\/figure>\n<\/div>\n\n\n\n<div class=\"wp-block-column is-layout-flow wp-block-column-is-layout-flow\" style=\"flex-basis:66.66%\">\n<p>Der Leitfaden &#8222;Kinderrechte im Fokus&#8220; steht <a href=\"https:\/\/ecpat.de\/wp-content\/uploads\/2022\/09\/22_Studie_Tourismus_Digital-1.pdf\" target=\"_blank\" rel=\"noreferrer noopener\">\u00fcber diesen Link zum Download als PDF<\/a> bereit.<\/p>\n<\/div>\n<\/div>\n\n\n\n<div class=\"wp-block-columns is-layout-flex wp-container-core-columns-is-layout-9d6595d7 wp-block-columns-is-layout-flex\">\n<div class=\"wp-block-column is-layout-flow wp-block-column-is-layout-flow\" style=\"flex-basis:33.33%\">\n<figure class=\"wp-block-image size-full\"><a href=\"https:\/\/www.brot-fuer-die-welt.de\/fileadmin\/mediapool\/2_Downloads\/Fachinformationen\/Standpunkt\/Standpunkt_Kinderrechte_im_Tourismus_staerken_web.pdf\" target=\"_blank\" rel=\"noreferrer noopener\"><img loading=\"lazy\" decoding=\"async\" width=\"599\" height=\"846\" src=\"https:\/\/www.sinn-schaffen.de\/finanz\/wp-content\/uploads\/sites\/13\/2022\/09\/Standpunkt_Kinderrechte_im_Tourismus_staerken-T.jpg\" alt=\"\" class=\"wp-image-1058\"\/><\/a><\/figure>\n<\/div>\n\n\n\n<div class=\"wp-block-column is-layout-flow wp-block-column-is-layout-flow\" style=\"flex-basis:66.66%\">\n<p>Der gemeinsame Standpunkt von Brot f\u00fcr die Welt und ECPAT zum Thema <a href=\"https:\/\/www.brot-fuer-die-welt.de\/fileadmin\/mediapool\/2_Downloads\/Fachinformationen\/Standpunkt\/Standpunkt_Kinderrechte_im_Tourismus_staerken_web.pdf\" target=\"_blank\" rel=\"noreferrer noopener\">steht \u00fcber diesen Link zum Download als PDF<\/a> bereit.<\/p>\n<\/div>\n<\/div>\n","protected":false},"excerpt":{"rendered":"<p>Viele Kinder tragen durch schlecht bezahlte Jobs im Tourismus, wie zum Beispiel als Souvenirverk\u00e4ufer am Strand oder in den W\u00e4schereien von Hotels, zum Familieneinkommen bei. Sexuelle Ausbeutung von Kindern im Tourismus war schon vor der Pandemie ein Problem, Corona hat es weiter versch\u00e4rft. Um die daraus resultierenden Risiken f\u00fcr Kinder anzugehen, fordern Brot f\u00fcr die &hellip; <\/p>\n<p class=\"link-more\"><a href=\"https:\/\/www.sinn-schaffen.de\/finanz\/tourismus-der-schutz-von-minderjaehrigen-vor-ausbeutung-in-reiselaendern-muss-gestaerkt-werden\/\" class=\"more-link\"><span class=\"screen-reader-text\">\u201eTourismus: Der Schutz von Minderj\u00e4hrigen vor Ausbeutung in Reisel\u00e4ndern muss gest\u00e4rkt werden\u201c<\/span> weiterlesen<\/a><\/p>\n","protected":false},"author":1,"featured_media":0,"parent":0,"menu_order":60,"comment_status":"closed","ping_status":"closed","template":"","meta":{"footnotes":""},"class_list":["post-1061","page","type-page","status-publish","hentry"],"_links":{"self":[{"href":"https:\/\/www.sinn-schaffen.de\/finanz\/wp-json\/wp\/v2\/pages\/1061","targetHints":{"allow":["GET"]}}],"collection":[{"href":"https:\/\/www.sinn-schaffen.de\/finanz\/wp-json\/wp\/v2\/pages"}],"about":[{"href":"https:\/\/www.sinn-schaffen.de\/finanz\/wp-json\/wp\/v2\/types\/page"}],"author":[{"embeddable":true,"href":"https:\/\/www.sinn-schaffen.de\/finanz\/wp-json\/wp\/v2\/users\/1"}],"replies":[{"embeddable":true,"href":"https:\/\/www.sinn-schaffen.de\/finanz\/wp-json\/wp\/v2\/comments?post=1061"}],"version-history":[{"count":1,"href":"https:\/\/www.sinn-schaffen.de\/finanz\/wp-json\/wp\/v2\/pages\/1061\/revisions"}],"predecessor-version":[{"id":1062,"href":"https:\/\/www.sinn-schaffen.de\/finanz\/wp-json\/wp\/v2\/pages\/1061\/revisions\/1062"}],"wp:attachment":[{"href":"https:\/\/www.sinn-schaffen.de\/finanz\/wp-json\/wp\/v2\/media?parent=1061"}],"curies":[{"name":"wp","href":"https:\/\/api.w.org\/{rel}","templated":true}]}}