{"id":1119,"date":"2022-12-16T15:37:40","date_gmt":"2022-12-16T14:37:40","guid":{"rendered":"https:\/\/www.sinn-schaffen.de\/finanz\/?page_id=1119"},"modified":"2022-12-16T15:37:41","modified_gmt":"2022-12-16T14:37:41","slug":"studie-gibt-erstmals-systematischen-einblick-in-auswirkung-und-arbeitsweise-der-finanzlobby-in-deutschland","status":"publish","type":"page","link":"https:\/\/www.sinn-schaffen.de\/finanz\/studie-gibt-erstmals-systematischen-einblick-in-auswirkung-und-arbeitsweise-der-finanzlobby-in-deutschland\/","title":{"rendered":"Studie gibt erstmals systematischen Einblick in Auswirkung und Arbeitsweise der Finanzlobby in Deutschland"},"content":{"rendered":"\n<p><em>Gemessen an der Zahl ihrer Mitgliedsorganisationen und an den Budgets, die ihr zur Verf\u00fcgung stehen, ist die Finanzlobby eine der einflussreichsten Lobbygruppen in Deutschland. Unter den 100 Organisationen mit den gr\u00f6\u00dften Lobbybudgets ist sie die am h\u00e4ufigsten vertretene Branche, noch vor der Autoindustrie. Allein durch das Verhindern der Finanztransaktionssteuer, durch den CumEx-Steuerraub und durch die Bankenrettung im Rahmen der Finanzkrise 2008 sind Sch\u00e4den in H\u00f6he von rund 341 Milliarden Euro entstanden \u2013 wenn eine Lobby derart unverfroren Gesetze und Regulierungsprozesse zum Schaden der Allgemeinheit beeinflussen kann, leidet darunter auch das Vertrauen in die parlamentarische Demokratie.<\/em><\/p>\n\n\n\n<figure class=\"wp-block-image size-full\"><img loading=\"lazy\" decoding=\"async\" width=\"1024\" height=\"413\" src=\"https:\/\/www.sinn-schaffen.de\/finanz\/wp-content\/uploads\/sites\/13\/2022\/12\/221216-NU-Finanzwende.jpg\" alt=\"\" class=\"wp-image-1113\" title=\"Foto: Nata Uchava, Freiburg\"\/><\/figure>\n\n\n\n<p><strong>(Berlin, 9. Dezember 2022)<\/strong> Die Finanzlobby hat in den vergangenen Jahren in Deutschland Sch\u00e4den von mehr als 340 Milliarden Euro angerichtet. Hinzu kommen weitere finanzielle Verluste sowie ein nachhaltiger Schaden am Gef\u00fcge der parlamentarischen Demokratie. Zu diesem Ergebnis kommt eine neue Studie von Finanzwende Recherche. Unter dem Titel \u201eIm Auftrag des Geldes\u201d legt die Organisation die erste systematische Analyse der Finanzlobby in Deutschland und der von ihr verursachten Kosten vor. Die Studie gibt einen \u00dcberblick \u00fcber das Ausma\u00df der Macht der Finanzlobby und illustriert mit einschl\u00e4gigen Beispielen \u2011 von Wirecard \u00fcber CumEx, die Finanztransaktionssteuer bis hin zur EU-Taxonomie \u2011 den weitreichenden Einfluss der Finanzlobby auf die Politik.<\/p>\n\n\n\n<p>\u201eWir reden hier von einem Schaden von weit \u00fcber 341 Milliarden Euro\u201d, sagt Daniel Mittler, Gesch\u00e4ftsf\u00fchrer von Finanzwende Recherche. \u201eDie Gesch\u00e4digten sind wir alle \u2011 manchmal als Anleger oder Verbraucherinnen, manchmal als Allgemeinheit, weil uns Steuereinnahmen entgangen sind.\u201d<\/p>\n\n\n\n<p>Allein durch das Verhindern der Finanztransaktionssteuer, durch den CumEx-Steuerraub und durch die Bankenrettung im Rahmen der Finanzkrise 2008 sind Sch\u00e4den in H\u00f6he von rund 341 Milliarden Euro entstanden. In allen drei F\u00e4llen hat die Finanzlobby nachweislich aktiv lobbyiert, um Gesetze und Regulierung in ihrem Sinne zu beeinflussen, und so Kosten f\u00fcr die Allgemeinheit verursacht. Dasselbe Bild zeigt die Studie auch bei anderen teuren Skandalen \u2013 sei es rund um den Wirecard-Betrug oder bei der Einf\u00fchrung der Riester-Rente mit finanzindustrie-freundlichen Regelungen. Auch die Aufnahme nicht nachhaltiger Energiequellen wie Erdgas in die EU-Taxonomie geht unter anderem auf das Wirken der Finanzlobby zur\u00fcck.<\/p>\n\n\n\n<p>Neben dem finanziellen Schaden kommt der nicht zu messende, aber m\u00f6glicherweise noch schwerere gesellschaftliche Schaden hinzu, erkl\u00e4rt Daniel Mittler: \u201eWenn eine Lobby derart unverfroren Gesetze und Regulierungsprozesse zum Schaden der Allgemeinheit beeinflussen kann, leidet darunter auch das Vertrauen in die parlamentarische Demokratie.\u201d<\/p>\n\n\n\n<p>Wie die Finanzlobby genau arbeitet, erkl\u00e4rt \u201eIm Auftrag des Geldes\u201d exemplarisch anhand von sieben Fallstudien. Vom klassischen, direkten Lobbying \u00fcber das eher indirekte Deep Lobbying zeigt die Studie alle Methoden der Finanzlobby: die weithin sichtbaren ebenso wie die unauff\u00e4lligen, die nur f\u00fcr Eingeweihte sichtbar sind. Gleichzeitig untersucht die Studie, wer in Deutschland zum weitverzweigten Netz der Finanzlobby geh\u00f6rt \u2013 und wer ihr auf Seiten der Politik mindestens wohlgesonnen ist. \u201eEs gibt eine gut ge\u00f6lte Dreht\u00fcr von der Politik in die Lobby und zur\u00fcck\u201d, sagt Daniel Mittler. \u201eZumindest teilweise muss man hier von einem gekaperten Staat sprechen.\u201d<\/p>\n\n\n\n<p>Dabei wird deutlich, dass die Finanzlobby in Deutschland keine Nebenrolle spielt, im Gegenteil: Tats\u00e4chlich ist sie gemessen an der Zahl ihrer Mitgliedsorganisationen und an den Budgets, die ihr zur Verf\u00fcgung stehen, eine der einflussreichsten Lobbygruppen in Deutschland. So ist sie unter den 100 Organisationen mit den gr\u00f6\u00dften Lobbybudgets die am h\u00e4ufigsten vertretene Branche, noch vor der Autoindustrie.<\/p>\n\n\n\n<p>Die Studie schlie\u00dft mit einem Blick darauf, wie sich der Einfluss der Finanzlobby begrenzen l\u00e4sst. Zivilgesellschaftliche Organisationen und die Wissenschaft haben daf\u00fcr eine Reihe von Vorschl\u00e4gen entwickelt. Ein wichtiges Element dabei ist mehr Transparenz im Gesetzgebungsprozess \u2013 etwa zu Lobby-Kontakten der Politik oder zur Frage, welche Teile von Gesetzen unter wessen Mitwirkung entstanden sind. \u00c4hnlich wichtig sind demnach strengere Regeln, etwa f\u00fcr Parteispenden oder f\u00fcr die Vermeidung von Interessenkonflikten.<\/p>\n\n\n\n<div class=\"wp-block-columns is-layout-flex wp-container-core-columns-is-layout-9d6595d7 wp-block-columns-is-layout-flex\">\n<div class=\"wp-block-column is-layout-flow wp-block-column-is-layout-flow\" style=\"flex-basis:33.33%\">\n<figure class=\"wp-block-image size-full\"><a href=\"https:\/\/www.finanzwende-recherche.de\/die-organisation\/team\/\" target=\"_blank\" rel=\"noreferrer noopener\"><img loading=\"lazy\" decoding=\"async\" width=\"500\" height=\"500\" src=\"https:\/\/www.sinn-schaffen.de\/finanz\/wp-content\/uploads\/sites\/13\/2022\/12\/Daniel-Mittler-Finanzwende.jpg\" alt=\"\" class=\"wp-image-1116\" title=\"Foto: finanzwende\"\/><\/a><\/figure>\n<\/div>\n\n\n\n<div class=\"wp-block-column is-layout-flow wp-block-column-is-layout-flow\" style=\"flex-basis:66.66%\">\n<p><a href=\"https:\/\/www.finanzwende-recherche.de\/die-organisation\/team\/\" target=\"_blank\" rel=\"noreferrer noopener\">Daniel Mittler<\/a> ist Gesch\u00e4ftsf\u00fchrer von <a href=\"https:\/\/www.finanzwende-recherche.de\/\" target=\"_blank\" rel=\"noreferrer noopener\">Finanzwende Recherche<\/a>.<\/p>\n\n\n\n<figure class=\"wp-block-image size-full is-resized\"><a href=\"https:\/\/www.finanzwende-recherche.de\/\" target=\"_blank\" rel=\"noreferrer noopener\"><img loading=\"lazy\" decoding=\"async\" src=\"https:\/\/www.sinn-schaffen.de\/finanz\/wp-content\/uploads\/sites\/13\/2022\/12\/finanzwende-recherche-logo.jpg\" alt=\"\" class=\"wp-image-1117\" width=\"285\" height=\"73\"\/><\/a><\/figure>\n<\/div>\n<\/div>\n\n\n\n<div class=\"wp-block-columns is-layout-flex wp-container-core-columns-is-layout-9d6595d7 wp-block-columns-is-layout-flex\">\n<div class=\"wp-block-column is-layout-flow wp-block-column-is-layout-flow\" style=\"flex-basis:33.33%\">\n<figure class=\"wp-block-image size-full\"><a href=\"https:\/\/www.finanzwende-recherche.de\/wp-content\/uploads\/Finanzlobby_Im-Auftrag-des-Geldes.pdf\" target=\"_blank\" rel=\"noreferrer noopener\"><img loading=\"lazy\" decoding=\"async\" width=\"599\" height=\"846\" src=\"https:\/\/www.sinn-schaffen.de\/finanz\/wp-content\/uploads\/sites\/13\/2022\/12\/Finanzlobby_Im-Auftrag-des-Geldes-T.jpg\" alt=\"\" class=\"wp-image-1114\"\/><\/a><\/figure>\n<\/div>\n\n\n\n<div class=\"wp-block-column is-layout-flow wp-block-column-is-layout-flow\" style=\"flex-basis:66.66%\">\n<p>Die Studie &#8222;Im Auftrag des Geldes&#8220; steht <a href=\"https:\/\/www.finanzwende-recherche.de\/wp-content\/uploads\/Finanzlobby_Im-Auftrag-des-Geldes.pdf\" target=\"_blank\" rel=\"noreferrer noopener\">\u00fcber diesen Link zum Download als PDF<\/a> bereit.<\/p>\n<\/div>\n<\/div>\n","protected":false},"excerpt":{"rendered":"<p>Gemessen an der Zahl ihrer Mitgliedsorganisationen und an den Budgets, die ihr zur Verf\u00fcgung stehen, ist die Finanzlobby eine der einflussreichsten Lobbygruppen in Deutschland. Unter den 100 Organisationen mit den gr\u00f6\u00dften Lobbybudgets ist sie die am h\u00e4ufigsten vertretene Branche, noch vor der Autoindustrie. Allein durch das Verhindern der Finanztransaktionssteuer, durch den CumEx-Steuerraub und durch die &hellip; <\/p>\n<p class=\"link-more\"><a href=\"https:\/\/www.sinn-schaffen.de\/finanz\/studie-gibt-erstmals-systematischen-einblick-in-auswirkung-und-arbeitsweise-der-finanzlobby-in-deutschland\/\" class=\"more-link\"><span class=\"screen-reader-text\">\u201eStudie gibt erstmals systematischen Einblick in Auswirkung und Arbeitsweise der Finanzlobby in Deutschland\u201c<\/span> weiterlesen<\/a><\/p>\n","protected":false},"author":1,"featured_media":0,"parent":0,"menu_order":52,"comment_status":"closed","ping_status":"closed","template":"","meta":{"footnotes":""},"class_list":["post-1119","page","type-page","status-publish","hentry"],"_links":{"self":[{"href":"https:\/\/www.sinn-schaffen.de\/finanz\/wp-json\/wp\/v2\/pages\/1119","targetHints":{"allow":["GET"]}}],"collection":[{"href":"https:\/\/www.sinn-schaffen.de\/finanz\/wp-json\/wp\/v2\/pages"}],"about":[{"href":"https:\/\/www.sinn-schaffen.de\/finanz\/wp-json\/wp\/v2\/types\/page"}],"author":[{"embeddable":true,"href":"https:\/\/www.sinn-schaffen.de\/finanz\/wp-json\/wp\/v2\/users\/1"}],"replies":[{"embeddable":true,"href":"https:\/\/www.sinn-schaffen.de\/finanz\/wp-json\/wp\/v2\/comments?post=1119"}],"version-history":[{"count":1,"href":"https:\/\/www.sinn-schaffen.de\/finanz\/wp-json\/wp\/v2\/pages\/1119\/revisions"}],"predecessor-version":[{"id":1120,"href":"https:\/\/www.sinn-schaffen.de\/finanz\/wp-json\/wp\/v2\/pages\/1119\/revisions\/1120"}],"wp:attachment":[{"href":"https:\/\/www.sinn-schaffen.de\/finanz\/wp-json\/wp\/v2\/media?parent=1119"}],"curies":[{"name":"wp","href":"https:\/\/api.w.org\/{rel}","templated":true}]}}