{"id":1170,"date":"2023-03-28T17:14:15","date_gmt":"2023-03-28T15:14:15","guid":{"rendered":"https:\/\/www.sinn-schaffen.de\/finanz\/?page_id=1170"},"modified":"2023-03-28T18:20:19","modified_gmt":"2023-03-28T16:20:19","slug":"wie-gerecht-ist-deutschland-pilotprojekt-zu-buergerinnenrat-startet-im-mai-2023-und-sucht-teilnehmende","status":"publish","type":"page","link":"https:\/\/www.sinn-schaffen.de\/finanz\/wie-gerecht-ist-deutschland-pilotprojekt-zu-buergerinnenrat-startet-im-mai-2023-und-sucht-teilnehmende\/","title":{"rendered":"Wie gerecht ist Deutschland? \u2013 Pilotprojekt zu B\u00fcrger:innenrat startet im Mai 2023 und sucht Teilnehmende"},"content":{"rendered":"\n<p><em>Beim Thema Gerechtigkeit und Steuern stehen sich oft zwei Lager unvers\u00f6hnlich gegen\u00fcber. Das Netzwerk Steuergerechtigkeit will daher mit m\u00f6glichst repr\u00e4sentativ ausgew\u00e4hlten B\u00fcrger:innen und professioneller Moderation lager\u00fcbergreifend und konstruktiv \u00fcber die wichtigsten Sorgen und L\u00f6sungsvorschl\u00e4ge debattieren. Die Ergebnisse sind zentraler Bestandteil einer Machbarkeitsstudie, die das Netzwerk im Sommer an die Politik \u00fcbergeben will.<\/em><\/p>\n\n\n\n<figure class=\"wp-block-image size-full\"><img loading=\"lazy\" decoding=\"async\" width=\"1024\" height=\"413\" src=\"https:\/\/www.sinn-schaffen.de\/finanz\/wp-content\/uploads\/sites\/13\/2023\/03\/230328-attac.jpg\" alt=\"\" class=\"wp-image-1169\" title=\"Foto: Nata Uchava, Freiburg\"\/><\/figure>\n\n\n\n<p><strong>(Berlin, 28. M\u00e4rz 2023) <\/strong>Erstmals beauftragt der Bundestag in dieser Legislaturperiode drei B\u00fcrger:innenr\u00e4te; das Thema f\u00fcr den ersten B\u00fcrger:innenrat soll in K\u00fcrze ver\u00f6ffentlicht werden. <a href=\"https:\/\/buergerrat-zukunft-steuern.de\/#pilot-projekt\" target=\"_blank\" rel=\"noreferrer noopener\">Nun startet ein Pilotprojekt, das gemeinsam mit m\u00f6glichst repr\u00e4sentativ ausgew\u00e4hlten Teilnehmenden die Fragestellung f\u00fcr einen m\u00f6glichen B\u00fcrger:innenrat zum Thema \u201eGerechtigkeit und Steuern\u201c erarbeitet<\/a>.<\/p>\n\n\n\n<p>\u201eWir h\u00f6ren in unz\u00e4hligen Gespr\u00e4chen immer wieder: Die Menschen f\u00fchlen, dass es ungerecht zugeht in Deutschland. F\u00fcr eine Debatte \u00fcber L\u00f6sungen fehlt aber oft das Vorwissen und die Zeit. Viele f\u00fchlen sich ungeh\u00f6rt und wenden sich ab. Ein B\u00fcrger:innenrat kann das \u00e4ndern und Deutschland dadurch ein gutes St\u00fcck gerechter machen\u201c, erkl\u00e4rt Christoph Trautvetter, Koordinator des Netzwerk Steuergerechtigkeit und Initiator der Machbarkeitsstudie.<\/p>\n\n\n\n<p>F\u00fcr die wahrgenommene Ungerechtigkeit in Deutschland gibt es laut Studien viele Gr\u00fcnde: Fehlende Leistungsgerechtigkeit, hohe Verm\u00f6gensungleichheit, gravierende Unterschiede im CO\u2082-Verbrauch und anhaltende Ungerechtigkeiten zwischen den Geschlechtern. W\u00e4hrend sich B\u00fcrger:innen und Expert:innen beim Ziel von mehr sozialer Gerechtigkeit grunds\u00e4tzlich einig sind, ist der Weg dorthin oft unklar und umstritten. Eine \u00f6ffentliche Debatte dazu ist schwierig, denn das wichtigste Werkzeug \u2013 das Steuersystem \u2013 ist hochkomplex und f\u00fcr Laien ohne Einf\u00fchrung schwer zu verstehen.<\/p>\n\n\n\n<p>Die vom Netzwerk Steuergerechtigkeit initiierte Machbarkeitsstudie soll nun kl\u00e4ren, inwiefern das Thema f\u00fcr einen B\u00fcrger:innenrat geeignet ist. <a href=\"https:\/\/buergerrat-zukunft-steuern.de\/#pilot-projekt\" target=\"_blank\" rel=\"noreferrer noopener\">25 m\u00f6glichst repr\u00e4sentativ ausgew\u00e4hlte Menschen erarbeiten dabei eine Empfehlung f\u00fcr die Fragestellung des B\u00fcrger:innenrats<\/a>.<\/p>\n\n\n\n<ul class=\"wp-block-list\">\n<li>An drei Abenden im Mai, jeweils von 18 bis 21 Uhr, kommen die Teilnehmenden daf\u00fcr online zusammen.<\/li>\n\n\n\n<li>Vorkenntnisse sind nicht notwendig; registrieren kann sich jede interessierte Person ab 16 Jahren auf buergerrat-zukunft-steuern.de.<\/li>\n\n\n\n<li>Aus den interessierten Personen werden 25 Menschen dann so ausgelost, dass sie die deutsche Bev\u00f6lkerung bestm\u00f6glich abbilden.<\/li>\n\n\n\n<li>Die Teilnehmenden erhalten eine Aufwandsentsch\u00e4digung von 100 Euro.<\/li>\n<\/ul>\n\n\n\n<p>Projektleiter Dr. Nikolas Sch\u00f6ll erg\u00e4nzt: \u201eBeim Thema Gerechtigkeit und Steuern stehen sich oft zwei Lager unvers\u00f6hnlich gegen\u00fcber. Wir wollen deswegen mit m\u00f6glichst repr\u00e4sentativ ausgew\u00e4hlten B\u00fcrger:innen und professioneller Moderation lager\u00fcbergreifend und konstruktiv \u00fcber die wichtigsten Sorgen und L\u00f6sungsvorschl\u00e4ge debattieren. Die Ergebnisse sind zentraler Bestandteil unserer Machbarkeitsstudie, die wir im Sommer an die Politik \u00fcbergeben wollen.\u201c<\/p>\n\n\n\n<p>Dank Expert:innen-Inputs und moderierter Deliberation (Diskussion) schaffen B\u00fcrger:innenr\u00e4te ein Debattenumfeld, in dem hohe Informationsbarrieren \u00fcberwunden werden und konstruktiv an einem breiten gesellschaftlichen Konsens \u00fcber geeignete Ma\u00dfnahmen f\u00fcr eine gerechtere Gesellschaft gearbeitet wird.<\/p>\n\n\n\n<p>In Deutschland tagten bereits mehrere B\u00fcrger:innenr\u00e4te, unter anderem zur Klima- und Au\u00dfenpolitik. Erstmals werden diese nun offiziell vom Bundestag beauftragt. Vorbilder dabei sind unter anderem Frankreich und Irland. In Frankreich tagte 2021 ein von Pr\u00e4sident Macron einberufener B\u00fcrger:innenrat Klima, der weitgehende Klimaschutzma\u00dfnahmen empfahl. In Irland sind B\u00fcrger:innenr\u00e4te mit Verfassungsreferenden verkn\u00fcpft: So wurde beispielsweise die gleichgeschlechtliche Ehe legalisiert, nachdem ein B\u00fcrger:innenrat dies empfohlen und in einer nationalen Volksabstimmung daf\u00fcr votiert wurde.<\/p>\n\n\n\n<p>Finanziert wird die Machbarkeitsstudie zum B\u00fcrgerrat ZUKUNFT:STEUERN von der Robert-Bosch-Stiftung.<\/p>\n","protected":false},"excerpt":{"rendered":"<p>Beim Thema Gerechtigkeit und Steuern stehen sich oft zwei Lager unvers\u00f6hnlich gegen\u00fcber. Das Netzwerk Steuergerechtigkeit will daher mit m\u00f6glichst repr\u00e4sentativ ausgew\u00e4hlten B\u00fcrger:innen und professioneller Moderation lager\u00fcbergreifend und konstruktiv \u00fcber die wichtigsten Sorgen und L\u00f6sungsvorschl\u00e4ge debattieren. Die Ergebnisse sind zentraler Bestandteil einer Machbarkeitsstudie, die das Netzwerk im Sommer an die Politik \u00fcbergeben will. (Berlin, 28. M\u00e4rz &hellip; <\/p>\n<p class=\"link-more\"><a href=\"https:\/\/www.sinn-schaffen.de\/finanz\/wie-gerecht-ist-deutschland-pilotprojekt-zu-buergerinnenrat-startet-im-mai-2023-und-sucht-teilnehmende\/\" class=\"more-link\"><span class=\"screen-reader-text\">\u201eWie gerecht ist Deutschland? \u2013 Pilotprojekt zu B\u00fcrger:innenrat startet im Mai 2023 und sucht Teilnehmende\u201c<\/span> weiterlesen<\/a><\/p>\n","protected":false},"author":1,"featured_media":0,"parent":0,"menu_order":44,"comment_status":"closed","ping_status":"closed","template":"","meta":{"footnotes":""},"class_list":["post-1170","page","type-page","status-publish","hentry"],"_links":{"self":[{"href":"https:\/\/www.sinn-schaffen.de\/finanz\/wp-json\/wp\/v2\/pages\/1170","targetHints":{"allow":["GET"]}}],"collection":[{"href":"https:\/\/www.sinn-schaffen.de\/finanz\/wp-json\/wp\/v2\/pages"}],"about":[{"href":"https:\/\/www.sinn-schaffen.de\/finanz\/wp-json\/wp\/v2\/types\/page"}],"author":[{"embeddable":true,"href":"https:\/\/www.sinn-schaffen.de\/finanz\/wp-json\/wp\/v2\/users\/1"}],"replies":[{"embeddable":true,"href":"https:\/\/www.sinn-schaffen.de\/finanz\/wp-json\/wp\/v2\/comments?post=1170"}],"version-history":[{"count":2,"href":"https:\/\/www.sinn-schaffen.de\/finanz\/wp-json\/wp\/v2\/pages\/1170\/revisions"}],"predecessor-version":[{"id":1172,"href":"https:\/\/www.sinn-schaffen.de\/finanz\/wp-json\/wp\/v2\/pages\/1170\/revisions\/1172"}],"wp:attachment":[{"href":"https:\/\/www.sinn-schaffen.de\/finanz\/wp-json\/wp\/v2\/media?parent=1170"}],"curies":[{"name":"wp","href":"https:\/\/api.w.org\/{rel}","templated":true}]}}