{"id":1654,"date":"2025-12-03T16:50:55","date_gmt":"2025-12-03T15:50:55","guid":{"rendered":"https:\/\/www.sinn-schaffen.de\/finanz\/?page_id=1654"},"modified":"2025-12-03T16:50:55","modified_gmt":"2025-12-03T15:50:55","slug":"atlas-der-zerstoerung-dokumentiert-bedrohung-fuer-natur-klima-und-menschen-weltweit-durch-deutschlands-oel-und-gasgeschaefte","status":"publish","type":"page","link":"https:\/\/www.sinn-schaffen.de\/finanz\/atlas-der-zerstoerung-dokumentiert-bedrohung-fuer-natur-klima-und-menschen-weltweit-durch-deutschlands-oel-und-gasgeschaefte\/","title":{"rendered":"&#8222;Atlas der Zerst\u00f6rung&#8220; dokumentiert Bedrohung f\u00fcr Natur, Klima und Menschen weltweit durch Deutschlands \u00d6l- und Gasgesch\u00e4fte"},"content":{"rendered":"\n<p><em>Der deutsche \u00d6l- und Gasverbrauch zerst\u00f6rt weltweit \u00d6kosysteme und versch\u00e4rft die Klimakrise. Unternehmen, Finanzakteure und staatliche Entscheider*innen tragen entlang der gesamten Wertsch\u00f6pfungskette von F\u00f6rderung \u00fcber Transport und Verarbeitung bis hin zu Langzeitliefervertr\u00e4gen Verantwortung. Als einer der gr\u00f6\u00dften \u00d6l- und Gasimporteure der Welt muss Deutschland vorangehen und die Abh\u00e4ngigkeit von fossiler Energie beenden.<\/em><\/p>\n\n\n\n<figure class=\"wp-block-image size-full\"><img loading=\"lazy\" decoding=\"async\" width=\"1200\" height=\"800\" src=\"https:\/\/www.sinn-schaffen.de\/finanz\/wp-content\/uploads\/sites\/13\/2025\/12\/251203-NU-Atlas-der-Zerstoerung.jpg\" alt=\"\" class=\"wp-image-1649\" title=\"Foto: Nata Uchava, Magdeburg\"\/><\/figure>\n\n\n\n<p><strong>(Berlin, 1. Dezember 2025)<\/strong> Die Deutsche Umwelthilfe hat erstmals die verheerenden Folgen deutscher fossiler Gesch\u00e4fte umfassend systematisiert: Der \u201eAtlas der Zerst\u00f6rung\u201c illustriert, wie der deutsche \u00d6l- und Gasverbrauch weltweit \u00d6kosysteme zerst\u00f6rt und die Klimakrise versch\u00e4rft. Konkrete Fallbeispiele legen die Verstrickungen deutscher Unternehmen, Finanzakteure und staatlicher Entscheidungen offen \u2013 entlang der gesamten Wertsch\u00f6pfungskette von F\u00f6rderung \u00fcber Transport und Verarbeitung bis hin zu Langzeitliefervertr\u00e4gen.<\/p>\n\n\n\n<p>Die Deutsche Umwelthilfe erh\u00f6ht so den Druck auf die Bundesregierung, neuen fossilen Langfristvertr\u00e4ge eine Absage zu erteilen. Die Deutsche Umwelthilfe fordert von der Bundesregierung stattdessen, einen konkreten Fahrplan zum Ausstieg aus fossilem \u00d6l und Gas vorzulegen, klimasch\u00e4dliche Subventionen unverz\u00fcglich zu beenden und sich auch international f\u00fcr einen Stopp immer neuer F\u00f6rderlizenzen f\u00fcr \u00d6l und Gas einzusetzen. Das ist umso dringender, nachdem dies auf der Klimakonferenz in Brasilien nicht durchgesetzt wurde.<\/p>\n\n\n\n<p>Sascha M\u00fcller-Kraenner, Bundesgesch\u00e4ftsf\u00fchrer der Deutschen Umwelthilfe: \u201eWir machen sichtbar, welchen Preis andere Menschen und \u00d6kosysteme f\u00fcr Deutschlands \u00d6l- und Gasgesch\u00e4fte zahlen. Gerade erst haben wir auf der Klimakonferenz in Brasilien erlebt, wie m\u00e4chtige \u00d6lstaaten Fortschritt verhindern. Dass Deutschland mit L\u00e4ndern wie Oman, Katar und den Vereinigten Arabischen Emiraten neue langfristige \u00d6l- und Gasvertr\u00e4ge abschlie\u00dft, zementiert fossile Wertsch\u00f6pfungsketten. Wer heute noch auf fossiles \u00d6l und Gas setzt, handelt klimapolitisch verantwortungslos.\u201c<\/p>\n\n\n\n<p>Der Atlas enth\u00e4lt au\u00dferdem bisher unver\u00f6ffentlichte Informationen zu Deutschlands \u00d6limporten: Deutschland bezieht demnach sein \u00d6l vermehrt auch per Schiff aus L\u00e4ndern wie Nigeria, Saudi-Arabien und Guyana. Dort kommt es durch \u00d6lunf\u00e4lle zu Vergiftungen des Grundwassers und durch Abfackeln ungenutzten Gases (Flaring) zu unumkehrbaren Gesundheitssch\u00e4den lokaler Gemeinschaften.<\/p>\n\n\n\n<p>Constantin Zerger, Leiter Energie und Klimaschutz bei der Deutschen Umwelthilfe: \u201eUnser Atlas liefert die Fakten, Orte und Verantwortlichkeiten, die wir f\u00fcr politischen Druck brauchen. Als einer der gr\u00f6\u00dften \u00d6l- und Gasimporteure der Welt muss Deutschland vorangehen und die Abh\u00e4ngigkeit von fossiler Energie beenden. Das w\u00e4re nicht nur international ein wichtiges Signal, sondern w\u00fcrde zudem die Versorgungssicherheit erh\u00f6hen. Jedes Jahr gibt Deutschland rund 80 Milliarden Euro f\u00fcr den Import von fossilem \u00d6l und Gas aus \u2013 diese enorme Geldverschwendung muss so schnell wie m\u00f6glich beendet werden.\u201c<\/p>\n\n\n\n<div class=\"wp-block-columns is-layout-flex wp-container-core-columns-is-layout-9d6595d7 wp-block-columns-is-layout-flex\">\n<div class=\"wp-block-column is-layout-flow wp-block-column-is-layout-flow\" style=\"flex-basis:33.33%\">\n<figure class=\"wp-block-image size-full\"><a href=\"https:\/\/www.duh.de\/presse\/pressemitteilungen\/pressemitteilung\/constantin-zerger-ist-neuer-bereichsleiter-energie-und-klimaschutz-der-deutschen-umwelthilfe\/\" target=\"_blank\" rel=\" noreferrer noopener\"><img loading=\"lazy\" decoding=\"async\" width=\"960\" height=\"810\" src=\"https:\/\/www.sinn-schaffen.de\/finanz\/wp-content\/uploads\/sites\/13\/2025\/12\/Constantin-Zerger-Foto-DUH-Finke-T.jpg\" alt=\"\" class=\"wp-image-1650\" title=\"Foto: Deutsche Umwelthilfe\/Finke\"\/><\/a><\/figure>\n<\/div>\n\n\n\n<div class=\"wp-block-column is-layout-flow wp-block-column-is-layout-flow\" style=\"flex-basis:66.66%\">\n<p><\/p>\n\n\n\n<p>Constantin Zerger ist Leiter Energie und Klimaschutz bei der <a href=\"https:\/\/www.duh.de\/\" target=\"_blank\" rel=\"noreferrer noopener\">Deutschen Umwelthilfe<\/a>.<\/p>\n\n\n\n<figure class=\"wp-block-image size-large is-resized\"><a href=\"https:\/\/www.duh.de\/\" target=\"_blank\" rel=\" noreferrer noopener\"><img loading=\"lazy\" decoding=\"async\" width=\"1024\" height=\"125\" src=\"https:\/\/www.sinn-schaffen.de\/finanz\/wp-content\/uploads\/sites\/13\/2019\/11\/DUHLogo-1024x125.png\" alt=\"\" class=\"wp-image-357\" style=\"width:177px;height:auto\"\/><\/a><\/figure>\n<\/div>\n<\/div>\n\n\n\n<div class=\"wp-block-columns is-layout-flex wp-container-core-columns-is-layout-9d6595d7 wp-block-columns-is-layout-flex\">\n<div class=\"wp-block-column is-layout-flow wp-block-column-is-layout-flow\" style=\"flex-basis:33.33%\">\n<figure class=\"wp-block-image size-full\"><a href=\"https:\/\/www.duh.de\/fileadmin\/user_upload\/download\/Projektinformation\/Energiewende\/Atlas-der-Zerstorung.pdf\" target=\"_blank\" rel=\" noreferrer noopener\"><img loading=\"lazy\" decoding=\"async\" width=\"599\" height=\"846\" src=\"https:\/\/www.sinn-schaffen.de\/finanz\/wp-content\/uploads\/sites\/13\/2025\/12\/Atlas-der-Zerstorung-T.jpg\" alt=\"\" class=\"wp-image-1651\"\/><\/a><\/figure>\n<\/div>\n\n\n\n<div class=\"wp-block-column is-layout-flow wp-block-column-is-layout-flow\" style=\"flex-basis:66.66%\">\n<p><\/p>\n\n\n\n<p>Der &#8222;Atlas der Zerst\u00f6rung&#8220; steht <a href=\"https:\/\/www.duh.de\/fileadmin\/user_upload\/download\/Projektinformation\/Energiewende\/Atlas-der-Zerstorung.pdf\" target=\"_blank\" rel=\"noreferrer noopener\">\u00fcber diesen Link zum Download als PDF-Datei<\/a> bereit.<\/p>\n<\/div>\n<\/div>\n","protected":false},"excerpt":{"rendered":"<p>Der deutsche \u00d6l- und Gasverbrauch zerst\u00f6rt weltweit \u00d6kosysteme und versch\u00e4rft die Klimakrise. Unternehmen, Finanzakteure und staatliche Entscheider*innen tragen entlang der gesamten Wertsch\u00f6pfungskette von F\u00f6rderung \u00fcber Transport und Verarbeitung bis hin zu Langzeitliefervertr\u00e4gen Verantwortung. Als einer der gr\u00f6\u00dften \u00d6l- und Gasimporteure der Welt muss Deutschland vorangehen und die Abh\u00e4ngigkeit von fossiler Energie beenden. (Berlin, 1. Dezember &hellip; <\/p>\n<p class=\"link-more\"><a href=\"https:\/\/www.sinn-schaffen.de\/finanz\/atlas-der-zerstoerung-dokumentiert-bedrohung-fuer-natur-klima-und-menschen-weltweit-durch-deutschlands-oel-und-gasgeschaefte\/\" class=\"more-link\"><span class=\"screen-reader-text\">\u201e&#8222;Atlas der Zerst\u00f6rung&#8220; dokumentiert Bedrohung f\u00fcr Natur, Klima und Menschen weltweit durch Deutschlands \u00d6l- und Gasgesch\u00e4fte\u201c<\/span> weiterlesen<\/a><\/p>\n","protected":false},"author":1,"featured_media":0,"parent":0,"menu_order":0,"comment_status":"closed","ping_status":"closed","template":"","meta":{"footnotes":""},"class_list":["post-1654","page","type-page","status-publish","hentry"],"_links":{"self":[{"href":"https:\/\/www.sinn-schaffen.de\/finanz\/wp-json\/wp\/v2\/pages\/1654","targetHints":{"allow":["GET"]}}],"collection":[{"href":"https:\/\/www.sinn-schaffen.de\/finanz\/wp-json\/wp\/v2\/pages"}],"about":[{"href":"https:\/\/www.sinn-schaffen.de\/finanz\/wp-json\/wp\/v2\/types\/page"}],"author":[{"embeddable":true,"href":"https:\/\/www.sinn-schaffen.de\/finanz\/wp-json\/wp\/v2\/users\/1"}],"replies":[{"embeddable":true,"href":"https:\/\/www.sinn-schaffen.de\/finanz\/wp-json\/wp\/v2\/comments?post=1654"}],"version-history":[{"count":1,"href":"https:\/\/www.sinn-schaffen.de\/finanz\/wp-json\/wp\/v2\/pages\/1654\/revisions"}],"predecessor-version":[{"id":1655,"href":"https:\/\/www.sinn-schaffen.de\/finanz\/wp-json\/wp\/v2\/pages\/1654\/revisions\/1655"}],"wp:attachment":[{"href":"https:\/\/www.sinn-schaffen.de\/finanz\/wp-json\/wp\/v2\/media?parent=1654"}],"curies":[{"name":"wp","href":"https:\/\/api.w.org\/{rel}","templated":true}]}}