{"id":339,"date":"2019-09-26T16:26:03","date_gmt":"2019-09-26T14:26:03","guid":{"rendered":"https:\/\/www.sinn-schaffen.de\/finanz\/?page_id=339"},"modified":"2020-09-04T18:22:48","modified_gmt":"2020-09-04T16:22:48","slug":"urgewald-vergleicht-richtlinien-von-nachhaltigkeits-und-kirchenbanken","status":"publish","type":"page","link":"https:\/\/www.sinn-schaffen.de\/finanz\/urgewald-vergleicht-richtlinien-von-nachhaltigkeits-und-kirchenbanken\/","title":{"rendered":"urgewald vergleicht Richtlinien von Nachhaltigkeits- und Kirchenbanken"},"content":{"rendered":"\n<p><em>Nachhaltigkeitsbanken arbeiten mit klaren Ausschlusskriterien: Zum Beispiel schlie\u00dfen sie Investitionen in die R\u00fcstungs- und Atomindustrie grunds\u00e4tzlich aus, auch f\u00fcr Kohlekraftwerke und Kohleminen stellen sie kein Geld bereit. Anhand ihrer Positivkriterien f\u00f6rdern sie gezielt zukunftsweisende Sektoren wie die \u00f6kologische Landwirtschaft und Erneuerbare Energien. Unter dem Titel &#8222;Was kann eigentlich mein Geld? \u2013 Finance For Future&#8220; informiert die Umwelt- und Menschenrechtsorganisation urgewald in einer neuen Brosch\u00fcre \u00fcber nachhaltige Geldgesch\u00e4fte.<\/em><\/p>\n\n\n\n<hr class=\"wp-block-separator\"\/>\n\n\n\n<div class=\"wp-block-image\"><figure class=\"alignleft\"><img decoding=\"async\" src=\"https:\/\/www.sinn-schaffen.de\/finanz\/wp-content\/uploads\/sites\/13\/2019\/09\/NU-Finance-For-Future.jpg\" alt=\"\" class=\"wp-image-313\" title=\"Foto: attac.\"\/><\/figure><\/div>\n\n\n\n<hr class=\"wp-block-separator\"\/>\n\n\n\n<p><strong>(Sassenberg, 26. September 2019)<\/strong> Unter dem Titel \u201eWas kann eigentlich mein Geld? \u2013 Finance For Future\u201c informiert urgewald in einer neuen Brosch\u00fcre \u00fcber nachhaltige Geldgesch\u00e4fte. Damit m\u00f6chte die Umwelt- und Menschenrechtsorganisation inmitten der Klimakrise und der Fridays For Future-Streiks einen Beitrag zu einer klima- und menschenfreundlicheren Finanzwelt leisten.<\/p>\n\n\n\n<div class=\"wp-block-image\"><figure class=\"alignright is-resized\"><a href=\"https:\/\/www.sinn-schaffen.de\/finanz\/wp-content\/uploads\/sites\/13\/2019\/09\/Broschu\u0308re_urgewald_RZ_2_WEB-7TK.jpg\" target=\"_blank\" rel=\"noreferrer noopener\"><img decoding=\"async\" src=\"https:\/\/www.sinn-schaffen.de\/finanz\/wp-content\/uploads\/sites\/13\/2019\/09\/Broschu\u0308re_urgewald_RZ_2_WEB-7TK-1024x725.jpg\" alt=\"\" class=\"wp-image-340\" width=\"320\"\/><\/a><\/figure><\/div>\n\n\n\n<p>Banken werben gerne mit ihren Finanzierungen im Bereich der Erneuerbaren\nEnergien, mit Kulturf\u00f6rderung und Unterst\u00fctzung von Vereinen und Initiativen.\nWas sie verschweigen, sind ihre Kredite an R\u00fcstungskonzerne und ihre\nFinanzierung der Atom- und Kohleindustrie. Nachhaltigkeitsbanken stehen f\u00fcr ein\ngrunds\u00e4tzlich anderes Gesch\u00e4ftsmodell. Sie arbeiten mit klaren Ausschlusskriterien:\nZum Beispiel schlie\u00dfen sie Investitionen in die R\u00fcstungs- und Atomindustrie grunds\u00e4tzlich\naus. Auch f\u00fcr Kohlekraftwerke und Kohleminen stellen sie kein Geld bereit.\nAnhand ihrer Positivkriterien f\u00f6rdern sie gezielt zukunftsweisende Sektoren wie\ndie \u00f6kologische Landwirtschaft und Erneuerbare Energien. Komplizierte, spekulative\nAnlageprodukte findet man bei ihnen nicht. Leider ist das Filialnetz der\nnachhaltigen Banken sehr \u00fcberschaubar. Nahezu alle konventionelle Banken sind\nmitverantwortlich f\u00fcr massive Umweltprobleme und Menschenrechtsverletzungen.\nBei ihren Finanzentscheidungen achten sie zu wenig auf Umweltaspekte, Klimaschutz\nund Menschenrechte.<\/p>\n\n\n\n<figure class=\"wp-block-table\"><table class=\"has-subtle-light-gray-background-color has-background\"><tbody><tr><td width=\"25%\"><a rel=\"noopener noreferrer\" href=\"https:\/\/urgewald.org\/team\/agnes-dieckmann\" target=\"_blank\"><img decoding=\"async\" class=\"aligncenter wp-image-313\" title=\"Foto: urgewald.\" src=\"https:\/\/www.sinn-schaffen.de\/finanz\/wp-content\/uploads\/sites\/13\/2019\/09\/Agnes-Dieckmann-Kquer.png\" alt=\"\" width=\"180\"><\/a><\/td><td width=\"75%\">Agnes Dieckmann verantwortet den Bereich Verbraucherkampagnen bei <a href=\"https:\/\/urgewald.org\/\" target=\"_blank\" rel=\"noopener noreferrer\">urgewald e.V.<\/a><\/td><\/tr><tr><td><\/td><td><a href=\"https:\/\/urgewald.org\/\" target=\"_blank\" rel=\"noopener noreferrer\"><img decoding=\"async\" class=\"aligncenter wp-image-313\" title=\" \" src=\"https:\/\/www.sinn-schaffen.de\/finanz\/wp-content\/uploads\/sites\/13\/2018\/07\/urgewaldLogo.jpg\" alt=\"\" width=\"180\"><\/a><\/td><\/tr><\/tbody><\/table><\/figure>\n\n\n\n<p>Die Brosch\u00fcre kl\u00e4rt \u00fcber ethische Fallstricke bei\nkonventionellen Banken auf und zeigt, welche Banken nachhaltige Wege gehen. So\ngibt sie einen \u00dcberblick \u00fcber die Ausrichtung von Kirchen- und\nNachhaltigkeitsbanken. Leser*innen finden eine Analyse, was vom Trendthema\n\u201eGr\u00fcne Indexfonds\u201c zu halten ist und Tipps, wie sie auch mit ihrem Kapital die\nEnergiewende mitfinanzieren k\u00f6nnen.<\/p>\n\n\n\n<p>Agnes Dieckmann, Verbraucher-Campaignerin und eine der Autor*innen, stellt die Frage: \u201eWas kann ich tun?\u201c, und antwortet, urgewald zeige in der neuen Brosch\u00fcre, \u201ewas unser Geld in der Welt bewegen kann. Wir k\u00f6nnen zum Beispiel daf\u00fcr sorgen, dass die Energiewende statt Kohle von unserem Geld profitiert. Wir k\u00f6nnen R\u00fcstungsinvestitionen bei unserer Altersvorsorge umgehen und stattdessen Gesch\u00e4fte st\u00e4rken, die die Gesellschaft positiv gestalten.\u201c<\/p>\n\n\n\n<figure class=\"wp-block-table\"><table class=\"has-subtle-light-gray-background-color has-background\"><tbody><tr><td width=\"25%\"><a rel=\"noopener noreferrer\" href=\"https:\/\/urgewald.org\/shop\/finance-future\" target=\"_blank\"><img decoding=\"async\" title=\" \" width=\"180\" class=\"aligncenter wp-image-313\" src=\"https:\/\/www.sinn-schaffen.de\/finanz\/wp-content\/uploads\/sites\/13\/2019\/09\/Broschu\u0308re_urgewald_RZ_2_WEB-T.jpg\" alt=\"\"><\/a><\/td><td width=\"75%\">DDie Brosch\u00fcre &#8222;Was kann eigentlich mein Geld?&#8220; steht <a href=\"https:\/\/urgewald.org\/shop\/finance-future\" target=\"_blank\" rel=\"noopener noreferrer\">\u00fcber diesen Link zum Download als PDF<\/a> bereit. Der Link bietet auch eine M\u00f6glichkeit, die Brosch\u00fcre gedruckt zu bestellen (zum Preis von 3,50 Euro, inkl. Mwst. zzgl. <span class=\"js-toggle-details u-link-style\">Versandkosten<\/span>).\/td><\/tr><\/tbody><\/table><\/figure>\n","protected":false},"excerpt":{"rendered":"<p>Nachhaltigkeitsbanken arbeiten mit klaren Ausschlusskriterien: Zum Beispiel schlie\u00dfen sie Investitionen in die R\u00fcstungs- und Atomindustrie grunds\u00e4tzlich aus, auch f\u00fcr Kohlekraftwerke und Kohleminen stellen sie kein Geld bereit. Anhand ihrer Positivkriterien f\u00f6rdern sie gezielt zukunftsweisende Sektoren wie die \u00f6kologische Landwirtschaft und Erneuerbare Energien. Unter dem Titel &#8222;Was kann eigentlich mein Geld? \u2013 Finance For Future&#8220; informiert &hellip; <\/p>\n<p class=\"link-more\"><a href=\"https:\/\/www.sinn-schaffen.de\/finanz\/urgewald-vergleicht-richtlinien-von-nachhaltigkeits-und-kirchenbanken\/\" class=\"more-link\"><span class=\"screen-reader-text\">\u201eurgewald vergleicht Richtlinien von Nachhaltigkeits- und Kirchenbanken\u201c<\/span> weiterlesen<\/a><\/p>\n","protected":false},"author":1,"featured_media":0,"parent":0,"menu_order":135,"comment_status":"closed","ping_status":"closed","template":"","meta":{"footnotes":""},"class_list":["post-339","page","type-page","status-publish","hentry"],"_links":{"self":[{"href":"https:\/\/www.sinn-schaffen.de\/finanz\/wp-json\/wp\/v2\/pages\/339","targetHints":{"allow":["GET"]}}],"collection":[{"href":"https:\/\/www.sinn-schaffen.de\/finanz\/wp-json\/wp\/v2\/pages"}],"about":[{"href":"https:\/\/www.sinn-schaffen.de\/finanz\/wp-json\/wp\/v2\/types\/page"}],"author":[{"embeddable":true,"href":"https:\/\/www.sinn-schaffen.de\/finanz\/wp-json\/wp\/v2\/users\/1"}],"replies":[{"embeddable":true,"href":"https:\/\/www.sinn-schaffen.de\/finanz\/wp-json\/wp\/v2\/comments?post=339"}],"version-history":[{"count":7,"href":"https:\/\/www.sinn-schaffen.de\/finanz\/wp-json\/wp\/v2\/pages\/339\/revisions"}],"predecessor-version":[{"id":588,"href":"https:\/\/www.sinn-schaffen.de\/finanz\/wp-json\/wp\/v2\/pages\/339\/revisions\/588"}],"wp:attachment":[{"href":"https:\/\/www.sinn-schaffen.de\/finanz\/wp-json\/wp\/v2\/media?parent=339"}],"curies":[{"name":"wp","href":"https:\/\/api.w.org\/{rel}","templated":true}]}}