{"id":782,"date":"2021-03-04T17:26:17","date_gmt":"2021-03-04T16:26:17","guid":{"rendered":"https:\/\/www.sinn-schaffen.de\/finanz\/?page_id=782"},"modified":"2021-03-04T17:26:18","modified_gmt":"2021-03-04T16:26:18","slug":"banken-und-kunststoffindustrie-verschaerfen-globale-umweltkatastrophe","status":"publish","type":"page","link":"https:\/\/www.sinn-schaffen.de\/finanz\/banken-und-kunststoffindustrie-verschaerfen-globale-umweltkatastrophe\/","title":{"rendered":"Banken und Kunststoffindustrie versch\u00e4rfen globale Umweltkatastrophe"},"content":{"rendered":"\n<p><em>Die seit fast 70 Jahren produzierten etwa 8,3 Milliarden Tonnen Plastik verursachten gut 6,3 Milliarden Tonnen M\u00fcll, der lediglich zu neun Prozent recycelt und zu zw\u00f6lf Prozent verbrannt wurde. Fast 80 Prozent des Abfalls landen auf M\u00fcllhalden in freier Natur. Europ\u00e4ische Top-Banken, darunter auch die Deutsche Bank und die Commerzbank, tragen durch Milliarden-Investments und Finanzierungen massiv zur globalen Verschmutzung durch Plastik bei \u2013 dies belegt der Bericht &#8222;Dirty Profits&#8220; der Nichtregierungsorganisation Facing Finance.<\/em><\/p>\n\n\n\n<hr>\n<img decoding=\"async\" class=\"alignleft wp-image-313\" title=\"Foto: Nata Uchava, Freiburg.\" src=\"https:\/\/www.sinn-schaffen.de\/finanz\/wp-content\/uploads\/sites\/13\/2021\/03\/NU-Dirty-Profits-8.jpg\" alt=\"\" width=\"1024\">\n<hr>\n&nbsp;\n\n\n\n<p><strong>(Berlin, 4. M\u00e4rz 2021)<\/strong> Europ\u00e4ische Top-Banken, darunter auch die Deutsche Bank und die Commerzbank, tragen durch ihre Milliarden-Investments und Finanzierungen massiv zur globalen Verschmutzung durch Plastik bei \u2013 dies belegt <a href=\"https:\/\/www.facing-finance.org\/files\/2021\/03\/ff_dp8_INHALT_KOMPLETT_DE_RZ_DIGITAL.pdf\" target=\"_blank\" aria-label=\"der heute vorgestellte Bericht \u201eDirty Profits\u201c der Nichtregierungsorganisation Facing Finance (opens in a new tab)\" rel=\"noreferrer noopener\" class=\"rank-math-link\">der heute vorgestellte Bericht \u201eDirty Profits\u201c der Nichtregierungsorganisation Facing Finance<\/a>. Keine der untersuchten Banken verf\u00fcgt bislang \u00fcber eine umfassende Plastikrichtlinie, weder in Bezug auf die Produktionskette noch auf die Konsumg\u00fcterbranche.<\/p>\n\n\n\n<p>Der Bericht analysiert die Investitionen und Finanzierungen von acht europ\u00e4ischen Gro\u00dfbanken, die Finanzbeziehungen in H\u00f6he von ann\u00e4hernd 146 Milliarden Euro zu kunststoffproduzierenden oder -verarbeitenden Unternehmen unterhalten. Insgesamt haben die Banken den untersuchten Unternehmen seit 2017 Kapital in H\u00f6he von rund 95 Milliarden Euro f\u00fcr die Finanzierung ihrer \u201eplastikfreundlichen\u201c Gesch\u00e4ftsmodelle beschafft. F\u00fchrend dabei waren die HSBC, Deutsche Bank, BNP Paribas und die spanische Santander. Zudem t\u00e4tigten die Banken Investitionen im Gesamtvolumen von fast 52 Milliarden Euro in plastikfreundliche Branchen.<\/p>\n\n\n\n<p>\u201eBanken tragen besonders durch ihre Finanzierungen zur globalen Plastikverschmutzung bei und m\u00fcssen in ihren Richtlinien endlich eine finanzielle Abkehr von nicht-nachhaltigen plastik-intensiven Gesch\u00e4ftsmodellen verankern\u201c, fordert Thomas K\u00fcchenmeister, Gesch\u00e4ftsf\u00fchrender Vorstand von <a href=\"https:\/\/www.facing-finance.org\/de\/\" target=\"_blank\" aria-label=\"Facing Finance (opens in a new tab)\" rel=\"noreferrer noopener\" class=\"rank-math-link\">Facing Finance<\/a> und Herausgeber des Berichtes.<\/p>\n\n\n\n<p>\u201eOrientierung bietet hier die EU-Taxonomie f\u00fcr nachhaltiges Wirtschaften. Sie stuft die Kunststoffproduktion eines Unternehmens nur dann als nachhaltig ein, wenn h\u00f6chstens zehn Prozent Einwegplastik unter den Endprodukten ist oder wenn mindestens 90 Prozent recyceltes Ausgangsmaterial verwendet wird. W\u00fcrden Finanzinstitute eine solche Ma\u00dfgabe zur Grundlage ihrer Finanzierungen machen, w\u00e4re schon viel gewonnen\u201c, erl\u00e4utert Ute Straub, Referentin f\u00fcr Ethisches Investment bei Brot f\u00fcr die Welt.<\/p>\n\n\n\n<p>Die 14 untersuchten Unternehmen, darunter die Rohstofflieferanten ExxonMobil und Shell, und auch BASF und Ineos, die die Rohstoffe synthetisieren, haben einen ma\u00dfgeblichen Anteil an der globalen Plastikverschmutzung. Bisher leisten die Plastik-verursachenden Unternehmen zu wenig, um die Belastung f\u00fcr Mensch und Umwelt einzud\u00e4mmen. \u201eWir fordern von den Unternehmen ambitionierte und verbindliche Verpflichtungen, um ihren Plastikverbrauch deutlich zu reduzieren. Die kunststoffverarbeitende Industrie muss dar\u00fcber hinaus menschenrechtliche und umweltbezogene Sorgfaltspflichten beachten, wie es auch der j\u00fcngste Gesetzentwurf f\u00fcr ein Lieferkettengesetz vorsieht. Unternehmen sollten zudem f\u00fcr die durch ihre Plastikproduktion und die Verwendung der Produkte entstehenden Sch\u00e4den \u2011 vor allem der extremen Anh\u00e4ufung von Mikroplastik in den \u00d6kosystemen -\u2011 haften\u201c, so Dr. Klaus Schilder, Experte f\u00fcr verantwortliches Wirtschaften bei Misereor.<\/p>\n\n\n\n<p>Plastik zu vermeiden muss dem Bericht zufolge oberstes Ziel bleiben. \u201eDie Staatengemeinschaft muss sich f\u00fcr einen v\u00f6lkerrechtlich verbindlichen Vertrag zur Bew\u00e4ltigung der Plastikkrise einsetzen. Neben einem verbindlichen Reduktionsziel der Verschmutzung durch Kunststoffe sollte die Verwendung von nicht oder schwer recycelbaren Einwegplastikartikeln sowie giftigen Additiven eingeschr\u00e4nkt werden\u201c, fordert Vanessa M\u00fcller, Facing Finance-Projektkoordinatorin des Dirty Profits Berichtes.<\/p>\n\n\n\n<p>Der Bericht fordert f\u00fcr die Zukunft Anreize, Plastik zu vermeiden, wiederverwendbare Systeme einzuf\u00fchren sowie Banken zu bef\u00e4higen, eine Kreislaufwirtschaft finanziell zu begleiten und es Verbraucher:innen zu erleichtern, verpackungsfrei und nachhaltig zu konsumieren.<\/p>\n\n\n\n<p>Weltweit macht Einwegplastik etwa die H\u00e4lfte aller produzierten Kunststoffe aus. Die seit fast 70 Jahren produzierten etwa 8,3 Milliarden Tonnen Plastik verursachten gut 6,3 Milliarden Tonnen M\u00fcll, der lediglich zu neun Prozent recycelt und zu zw\u00f6lf Prozent verbrannt wurde. Fast 80 Prozent des Abfalls landen auf M\u00fcllhalden in freier Natur.<\/p>\n\n\n\n<p>Der Bericht \u201eDirty Profits\u201c wird von Brot f\u00fcr die Welt, Misereor, der Friedrich-Ebert-Stiftung, der Stiftung Kindernothilfe sowie der schwedischen Entwicklungsbeh\u00f6rde Sida finanziert.<\/p>\n\n\n\n<p>Die Nichtregierungsorganisation Facing Finance ist ein gemeinn\u00fctziger Verein mit Sitz in Berlin. Er setzt sich f\u00fcr einen verantwortungsbewussten und nachhaltigen Umgang mit finanziellen Ressourcen ein und fordert Investor:innen, Finanzdienstleister und Bank- und Versicherungskund:innen auf, nicht in Unternehmen zu investieren, die Menschenrechte und Umweltschutz missachten oder von Korruption und der Herstellung v\u00f6lkerrechtswidriger Waffen profitieren. <a aria-label=\"Der Bericht \u201eDirty Profits\u201c wird j\u00e4hrlich zu einem anderen Schwerpunktthema ver\u00f6ffentlicht (opens in a new tab)\" href=\"https:\/\/www.facing-finance.org\/de\/publications\/dirty-profits\/\" target=\"_blank\" rel=\"noreferrer noopener\" class=\"rank-math-link\">Der Bericht \u201eDirty Profits\u201c wird j\u00e4hrlich zu einem anderen Schwerpunktthema ver\u00f6ffentlicht<\/a>.<\/p>\n\n\n\n<figure class=\"wp-block-table\"><table class=\"has-subtle-light-gray-background-color has-background\"><tbody><tr><td width=\"25%\"><a rel=\"noopener noreferrer\" href=\"https:\/\/www.misereor.de\/ueber-uns\/geschaeftsfuehrung\/\" target=\"_blank\"><img decoding=\"async\" class=\"aligncenter wp-image-313\" title=\"Foto: misereor.\" src=\"https:\/\/www.sinn-schaffen.de\/finanz\/wp-content\/uploads\/sites\/13\/2018\/05\/KlausSchilderK-239x300.jpg\" alt=\"\" width=\"180\"><\/a><\/td><td width=\"75%\">Dr. Klaus Schilder ist Referent f\u00fcr Entwicklungspolitik und arbeitet im Berliner B\u00fcro des <a href=\"https:\/\/www.misereor.de\/\" target=\"_blank\" rel=\"noopener noreferrer\">Bisch\u00f6flichen Hilfswerkes MISEREOR<\/a>.<\/td><\/tr><tr><td><\/td><td><a href=\"https:\/\/www.misereor.de\/\" target=\"_blank\" rel=\"noopener noreferrer\"><img decoding=\"async\" class=\"aligncenter wp-image-313\" title=\" \" src=\"https:\/\/www.sinn-schaffen.de\/finanz\/wp-content\/uploads\/sites\/13\/2018\/05\/misereor_logo.png\" alt=\"\" width=\"180\"><\/a><\/td><\/tr><\/tbody><\/table><\/figure>\n\n\n\n<figure class=\"wp-block-table\"><table class=\"has-subtle-light-gray-background-color has-background\"><tbody><tr><td width=\"25%\"><a rel=\"noopener noreferrer\" href=\"https:\/\/www.brot-fuer-die-welt.de\/ueber-uns\/personen\/ute-straub\/\" target=\"_blank\"><img decoding=\"async\" class=\"aligncenter wp-image-313\" title=\"Foto: Brot f\u00fcr die Welt.\" src=\"https:\/\/www.sinn-schaffen.de\/finanz\/wp-content\/uploads\/sites\/13\/2021\/03\/Straub_Ute-K.jpg\" alt=\"\" width=\"180\"><\/a><\/td><td width=\"75%\">Ute Straub ist Referentin Ethisches Investment bei <a href=\"https:\/\/www.brot-fuer-die-welt.de\/\" target=\"_blank\" rel=\"noopener noreferrer\">Brot f\u00fcr die Welt<\/a>.<\/td><\/tr><tr><td><\/td><td><a href=\"https:\/\/www.brot-fuer-die-welt.de\/\" target=\"_blank\" rel=\"noopener noreferrer\"><img decoding=\"async\" class=\"aligncenter wp-image-313\" title=\" \" src=\"https:\/\/www.sinn-schaffen.de\/finanz\/wp-content\/uploads\/sites\/13\/2018\/10\/BrotFuerDieWeltLogo.gif\" alt=\"\" width=\"180\"><\/a><\/td><\/tr><\/tbody><\/table><\/figure>\n\n\n\n<figure class=\"wp-block-table\"><table class=\"has-subtle-light-gray-background-color has-background\"><tbody><tr><td width=\"25%\"><a rel=\"noopener noreferrer\" href=\"https:\/\/www.facing-finance.org\/files\/2021\/03\/ff_dp8_INHALT_KOMPLETT_DE_RZ_DIGITAL.pdf\" target=\"_blank\"><img decoding=\"async\" title=\" \" class=\"aligncenter wp-image-313\" src=\"https:\/\/www.sinn-schaffen.de\/finanz\/wp-content\/uploads\/sites\/13\/2021\/03\/Dirty-Profits-8-T.jpg\" alt=\"\" width=\"180\"><\/a><\/td><td width=\"75%\">Der Bericht &#8222;Dirty Profits 8&#8220; steht <a href=\"https:\/\/www.facing-finance.org\/files\/2021\/03\/ff_dp8_INHALT_KOMPLETT_DE_RZ_DIGITAL.pdf\" target=\"_blank\" rel=\"noopener\">\u00fcber diesen Link zum Download als PDF<\/a> bereit.<\/td><\/tr><\/tbody><\/table><\/figure>\n","protected":false},"excerpt":{"rendered":"<p>Die seit fast 70 Jahren produzierten etwa 8,3 Milliarden Tonnen Plastik verursachten gut 6,3 Milliarden Tonnen M\u00fcll, der lediglich zu neun Prozent recycelt und zu zw\u00f6lf Prozent verbrannt wurde. Fast 80 Prozent des Abfalls landen auf M\u00fcllhalden in freier Natur. Europ\u00e4ische Top-Banken, darunter auch die Deutsche Bank und die Commerzbank, tragen durch Milliarden-Investments und Finanzierungen &hellip; <\/p>\n<p class=\"link-more\"><a href=\"https:\/\/www.sinn-schaffen.de\/finanz\/banken-und-kunststoffindustrie-verschaerfen-globale-umweltkatastrophe\/\" class=\"more-link\"><span class=\"screen-reader-text\">\u201eBanken und Kunststoffindustrie versch\u00e4rfen globale Umweltkatastrophe\u201c<\/span> weiterlesen<\/a><\/p>\n","protected":false},"author":1,"featured_media":0,"parent":0,"menu_order":97,"comment_status":"closed","ping_status":"closed","template":"","meta":{"footnotes":""},"class_list":["post-782","page","type-page","status-publish","hentry"],"_links":{"self":[{"href":"https:\/\/www.sinn-schaffen.de\/finanz\/wp-json\/wp\/v2\/pages\/782","targetHints":{"allow":["GET"]}}],"collection":[{"href":"https:\/\/www.sinn-schaffen.de\/finanz\/wp-json\/wp\/v2\/pages"}],"about":[{"href":"https:\/\/www.sinn-schaffen.de\/finanz\/wp-json\/wp\/v2\/types\/page"}],"author":[{"embeddable":true,"href":"https:\/\/www.sinn-schaffen.de\/finanz\/wp-json\/wp\/v2\/users\/1"}],"replies":[{"embeddable":true,"href":"https:\/\/www.sinn-schaffen.de\/finanz\/wp-json\/wp\/v2\/comments?post=782"}],"version-history":[{"count":1,"href":"https:\/\/www.sinn-schaffen.de\/finanz\/wp-json\/wp\/v2\/pages\/782\/revisions"}],"predecessor-version":[{"id":783,"href":"https:\/\/www.sinn-schaffen.de\/finanz\/wp-json\/wp\/v2\/pages\/782\/revisions\/783"}],"wp:attachment":[{"href":"https:\/\/www.sinn-schaffen.de\/finanz\/wp-json\/wp\/v2\/media?parent=782"}],"curies":[{"name":"wp","href":"https:\/\/api.w.org\/{rel}","templated":true}]}}