{"id":858,"date":"2021-08-12T16:11:16","date_gmt":"2021-08-12T14:11:16","guid":{"rendered":"https:\/\/www.sinn-schaffen.de\/finanz\/?page_id=858"},"modified":"2021-08-12T16:15:53","modified_gmt":"2021-08-12T14:15:53","slug":"oxfam-und-weitere-organisationen-fordern-staerkere-steuern-fuer-superreiche-um-wirtschaftliche-folgen-der-corona-pandemie-zu-mildern","status":"publish","type":"page","link":"https:\/\/www.sinn-schaffen.de\/finanz\/oxfam-und-weitere-organisationen-fordern-staerkere-steuern-fuer-superreiche-um-wirtschaftliche-folgen-der-corona-pandemie-zu-mildern\/","title":{"rendered":"Oxfam und weitere Organisationen fordern st\u00e4rkere Steuern f\u00fcr Superreiche, um wirtschaftliche Folgen der Corona-Pandemie zu mildern"},"content":{"rendered":"\n<p><em>Oxfam, die Allianz &#8222;Fight Inequality&#8220;, das &#8222;Institute for Policy Studies&#8220; und die Initiative &#8222;Patriotic Millionaires&#8220; fordern Regierungen auf, Superreiche, die von der Pandemiekrise profitiert haben, zur Finanzierung der Krisenkosten st\u00e4rker zu besteuern. W\u00e4hrend vielen im Zuge der Corona-Pandemie finanziell die Luft ausgeht, besteuern die Regierungen Superreiche und Konzerne viel zu niedrig, was den Kampf gegen COVID-19, Armut und Ungleichheit weiter untergr\u00e4bt. Die COVID-19-Krise hat mehr als 200 Millionen Menschen in die Armut getrieben und kostete Frauen auf der ganzen Welt im vergangenen Jahr mindestens 800 Milliarden Dollar an Einkommen \u2013 mehr als das Bruttonationaleinkommen von 98 L\u00e4ndern zusammen \u2013, gleichzeitig sind seit Beginn der Pandemie 325 neue Milliard\u00e4r*innen in den Club der Superreichen hinzugekommen, was etwa einem neuen Milliard\u00e4r pro Tag entspricht.<\/em><\/p>\n\n\n\n<hr>\n<img decoding=\"async\" class=\"alignleft wp-image-313\" title=\"Foto: Nata Uchava, Freiburg.\" src=\"https:\/\/www.sinn-schaffen.de\/finanz\/wp-content\/uploads\/sites\/13\/2021\/08\/NU-210812-oxfam.jpg\" alt=\"\" width=\"1024\">\n<hr>\n&nbsp;\n\n\n\n<p><strong>(Berlin, 12. August 2021)<\/strong> Mit einer einmaligen Verm\u00f6gensabgabe von 99 Prozent auf Gewinne, die Milliard\u00e4r*innen w\u00e4hrend der Pandemie gemacht haben, lie\u00dfen sich COVID-19-Impfungen f\u00fcr alle Menschen finanzieren \u2013 und jedem*r Arbeitslosen weltweit ein Zuschuss von 20.000 US-Dollar gew\u00e4hren. Dies zeigt eine Analyse, deren Ergebnisse Oxfam, die <a href=\"https:\/\/www.fightinequality.org\/\" target=\"_blank\" rel=\"noreferrer noopener\">Allianz \u201eFight Inequality\u201c<\/a>, das <a href=\"https:\/\/ips-dc.org\/\" target=\"_blank\" rel=\"noreferrer noopener\">\u201eInstitute for Policy Studies\u201c<\/a> und die <a href=\"https:\/\/patrioticmillionaires.org\/who-we-are\/\" target=\"_blank\" rel=\"noreferrer noopener\">Initiative \u201ePatriotic Millionaires\u201c<\/a> heute ver\u00f6ffentlichen. Die Organisationen fordern die Regierungen auf, Superreiche, die von der Pandemiekrise profitiert haben, zur Finanzierung der Krisenkosten st\u00e4rker zu besteuern.<\/p>\n\n\n\n<p>Die einmalige Steuer w\u00fcrde 5,4 Billionen US-Dollar in die \u00f6ffentlichen Kassen sp\u00fclen. Die 2.690 Milliard\u00e4r*innen, die es auf der Welt derzeit gibt, w\u00e4ren zusammen dann immer noch 55 Milliarden US-Dollar reicher als vor Ausbruch des Virus. Sie verf\u00fcgten Ende Juli 2021 \u00fcber ein kollektives Nettoverm\u00f6gen von 13,5 Billionen US-Dollar \u2013 acht Billionen mehr als zu Beginn der Pandemie. Das Verm\u00f6gen von Amazon-Gr\u00fcnder Jeff Bezos stieg w\u00e4hrend der Pandemie um 79,4 Milliarden US-Dollar auf 192,4 Milliarden. Seit Beginn der Pandemie sind 325 neue Milliard\u00e4r*innen in den Club der Superreichen hinzugekommen. Das entspricht etwa einem neuen Milliard\u00e4r pro Tag.<\/p>\n\n\n\n<p>W\u00e4hrend vielen, insbesondere einkommensschwachen L\u00e4ndern, im Zuge der Corona-Pandemie finanziell die Luft ausgeht, besteuern die Regierungen Superreiche und Konzerne viel zu niedrig, was den Kampf gegen COVID-19, Armut und Ungleichheit weiter untergr\u00e4bt. Die Folge: Weniger als ein Prozent der Menschen in einkommensschwachen L\u00e4ndern haben bislang eine Impfung erhalten, w\u00e4hrend die Chefs von Moderna und BioNTech Milliard\u00e4re wurden. Die COVID-19-Krise hat mehr als 200 Millionen Menschen in die Armut getrieben und kostete Frauen auf der ganzen Welt im vergangenen Jahr mindestens 800 Milliarden Dollar an Einkommen \u2013 mehr als das Bruttonationaleinkommen von 98 L\u00e4ndern zusammen.<\/p>\n\n\n\n<p>\u201eDer Milliard\u00e4r Jeff Bezos k\u00f6nnte mit seinem Reichtum pers\u00f6nlich daf\u00fcr sorgen, dass ausreichend Impfstoff f\u00fcr alle Menschen auf der Welt vorhanden ist. Doch er gibt sein Geld lieber f\u00fcr einen aufregenden Flug ins All aus. Regierungen lassen es zu, dass eine Handvoll Superreicher obsz\u00f6nen Reichtum anh\u00e4uft, w\u00e4hrend Milliarden Menschen um ihre Existenz k\u00e4mpfen und keinen Zugang zur rettenden COVID-19-Impfung haben\u201c, kritisiert Tobias Hauschild, Experte f\u00fcr Entwicklungsfinanzierung bei Oxfam Deutschland.<\/p>\n\n\n\n<p>Einmalige Solidarit\u00e4tsabgaben und langfristige Verm\u00f6genssteuern f\u00fcr Superreiche, um die wirtschaftlichen Folgen der Corona-Pandemie abzumildern, fordern weltweit zahlreiche Politiker*innen, f\u00fchrende Wirtschaftswissenschaftler*innen, Organisationen der Zivilgesellschaft, die Vereinten Nationen, der IWF und die Weltbank. Im Dezember 2020 hat das schuldengeplagte Argentinien eine einmalige Sonderabgabe eingef\u00fchrt, die rund 2,4 Milliarden Dollar f\u00fcr die Pandemiebek\u00e4mpfung eingebracht hat.<\/p>\n\n\n\n<p>\u201eAuch in Deutschland muss mehr getan werden, damit sehr Verm\u00f6gende ihren fairen Beitrag zur Bew\u00e4ltigung der Krise leisten\u201c, fordert Hauschild. Die Verm\u00f6gensungleichheit in Deutschland ist eine der h\u00f6chsten in Europa, der Beitrag von sehr Verm\u00f6genden zum Allgemeinwohl durch verm\u00f6gensbezogene Besteuerung im internationalen Vergleich unterdurchschnittlich. \u201eDie n\u00e4chste Bundesregierung muss daher die Wiedereinf\u00fchrung der Verm\u00f6genssteuer f\u00fcr sehr Reiche vereinbaren und eine Verm\u00f6gensabgabe f\u00fcr Millionen- und Milliardenverm\u00f6gen pr\u00fcfen.\u201c<\/p>\n\n\n\n<p>F\u00fcr eine progressivere Besteuerung setzen sich zunehmend auch sehr Verm\u00f6gende selbst ein, etwa das vor Kurzem von Million\u00e4r*innen gegr\u00fcndete B\u00fcndnis \u201eTax me now\u201c.<\/p>\n\n\n\n<p><strong>Einige Daten<\/strong><\/p>\n\n\n\n<ul class=\"wp-block-list\"><li>Die Kosten f\u00fcr die Impfung der erwachsenen Weltbev\u00f6lkerung wurden wie folgt berechnet: zwei Dosen zu 7 US-Dollar pro Dosis f\u00fcr 5 Milliarden Menschen, also insgesamt 70 Milliarden Dollar. Dabei wurden die durchschnittlichen Kosten pro Dosis zugrunde gelegt. Oxfam lehnt derart hohe Preise f\u00fcr Impfstoffe ab und setzt sich im Rahmen der <a href=\"https:\/\/peoplesvaccine.org\/\" target=\"_blank\" rel=\"noreferrer noopener\">People&#8217;s Vaccine Alliance<\/a> f\u00fcr einen patentfreien Zugang ein, damit Generikahersteller COVID-19-Impfstoffe produzieren k\u00f6nnen, um die Preise zu senken.<\/li><li>Laut dem \u201eWorld Employment and Social Outlook 2021 Flagship Report\u201c der ILO sind derzeit 220 Millionen Menschen arbeitslos. 114 Millionen davon verloren durch COVID-19 ihre Arbeit. Ein einmaliger Zuschuss von 20.000 Dollar f\u00fcr alle derzeit arbeitslosen Arbeitnehmer*innen w\u00fcrde 4,4 Billionen Dollar kosten.<\/li><li>Eine Analyse der Forbes-Reichenlisten (Echtzeit- und Jahreslisten) zeigt, dass die Milliard\u00e4r*innen ihr Verm\u00f6gen in den vergangenen 17 Monaten um 5,5 Billionen US-Dollar erh\u00f6ht haben, von 8 Billionen am 18. M\u00e4rz 2020 auf 13,5 Billionen Dollar am 31. Juli 2021. Eine einmalige 99-prozentige Abgabe w\u00fcrde 5,445 Billionen US-Dollar einbringen.<\/li><li>Mindestens <a href=\"https:\/\/www.oxfam.org\/en\/press-releases\/covid-vaccines-create-9-new-billionaires-combined-wealth-greater-cost-vaccinating\" target=\"_blank\" rel=\"noreferrer noopener\">neun Personen sind seit Beginn der Pandemie zu Milliard\u00e4r*innen<\/a> geworden dank der exzessiven Gewinne von Pharmakonzerne, die das Monopol auf COVID-19-Impfstoffe haben.<\/li><\/ul>\n\n\n\n<figure class=\"wp-block-table\"><table class=\"has-subtle-light-gray-background-color has-background\"><tbody><tr><td width=\"25%\"><a rel=\"noopener noreferrer\" href=\"https:\/\/www.oxfam.de\/kontakt\/tobias-hauschild\" target=\"_blank\"><img decoding=\"async\" class=\"aligncenter wp-image-313\" title=\"Foto: oxfam.\" src=\"https:\/\/www.sinn-schaffen.de\/finanz\/wp-content\/uploads\/sites\/13\/2019\/03\/TobiasHauschildK.jpg\" alt=\"\" width=\"180\"><\/a><\/td><td width=\"75%\">Tobias Hauschild ist Experte f\u00fcr Entwicklungsfinanzierung bei <a href=\"https:\/\/www.oxfam.de\/ueber-uns\/oxfam\" target=\"_blank\" rel=\"noopener noreferrer\">OXFAM-Deutschland<\/a>.<\/td><\/tr><tr><td><\/td><td><a href=\"https:\/\/www.oxfam.de\/ueber-uns\/oxfam\" target=\"_blank\" rel=\"noopener noreferrer\"><img decoding=\"async\" class=\"aligncenter wp-image-313\" title=\" \" src=\"https:\/\/www.sinn-schaffen.de\/finanz\/wp-content\/uploads\/sites\/13\/2018\/05\/OXFAM.png\" alt=\"\" width=\"160\"><\/a><\/td><\/tr><\/tbody><\/table><\/figure>\n\n\n\n<figure class=\"wp-block-table\"><table class=\"has-subtle-light-gray-background-color has-background\"><tbody><tr><td width=\"25%\"><a href=\"https:\/\/www.ilo.org\/wcmsp5\/groups\/public\/---dgreports\/---dcomm\/---publ\/documents\/publication\/wcms_795453.pdf\" target=\"_blank\" rel=\"noopener noreferrer\"><img decoding=\"async\" class=\"aligncenter wp-image-313\" title=\" \" src=\"https:\/\/www.sinn-schaffen.de\/finanz\/wp-content\/uploads\/sites\/13\/2021\/08\/ILO-World-Employment-and-Social-Outlook-2021-Flagship-Report-T.jpg\" alt=\"\" width=\"180\"><\/a><\/td><td width=\"75%\">Der &#8222;World Employment and Social Outlook 2021 Flagship Report&#8220; der International Labour Organization steht <a href=\"https:\/\/www.ilo.org\/wcmsp5\/groups\/public\/---dgreports\/---dcomm\/---publ\/documents\/publication\/wcms_795453.pdf\" target=\"_blank\" rel=\"noopener noreferrer\">\u00fcber diesen Link zum Download als PDF<\/a> bereit.<\/td><\/tr><\/tbody><\/table><\/figure>\n","protected":false},"excerpt":{"rendered":"<p>Oxfam, die Allianz &#8222;Fight Inequality&#8220;, das &#8222;Institute for Policy Studies&#8220; und die Initiative &#8222;Patriotic Millionaires&#8220; fordern Regierungen auf, Superreiche, die von der Pandemiekrise profitiert haben, zur Finanzierung der Krisenkosten st\u00e4rker zu besteuern. W\u00e4hrend vielen im Zuge der Corona-Pandemie finanziell die Luft ausgeht, besteuern die Regierungen Superreiche und Konzerne viel zu niedrig, was den Kampf gegen &hellip; <\/p>\n<p class=\"link-more\"><a href=\"https:\/\/www.sinn-schaffen.de\/finanz\/oxfam-und-weitere-organisationen-fordern-staerkere-steuern-fuer-superreiche-um-wirtschaftliche-folgen-der-corona-pandemie-zu-mildern\/\" class=\"more-link\"><span class=\"screen-reader-text\">\u201eOxfam und weitere Organisationen fordern st\u00e4rkere Steuern f\u00fcr Superreiche, um wirtschaftliche Folgen der Corona-Pandemie zu mildern\u201c<\/span> weiterlesen<\/a><\/p>\n","protected":false},"author":1,"featured_media":0,"parent":0,"menu_order":85,"comment_status":"closed","ping_status":"closed","template":"","meta":{"footnotes":""},"class_list":["post-858","page","type-page","status-publish","hentry"],"_links":{"self":[{"href":"https:\/\/www.sinn-schaffen.de\/finanz\/wp-json\/wp\/v2\/pages\/858","targetHints":{"allow":["GET"]}}],"collection":[{"href":"https:\/\/www.sinn-schaffen.de\/finanz\/wp-json\/wp\/v2\/pages"}],"about":[{"href":"https:\/\/www.sinn-schaffen.de\/finanz\/wp-json\/wp\/v2\/types\/page"}],"author":[{"embeddable":true,"href":"https:\/\/www.sinn-schaffen.de\/finanz\/wp-json\/wp\/v2\/users\/1"}],"replies":[{"embeddable":true,"href":"https:\/\/www.sinn-schaffen.de\/finanz\/wp-json\/wp\/v2\/comments?post=858"}],"version-history":[{"count":2,"href":"https:\/\/www.sinn-schaffen.de\/finanz\/wp-json\/wp\/v2\/pages\/858\/revisions"}],"predecessor-version":[{"id":861,"href":"https:\/\/www.sinn-schaffen.de\/finanz\/wp-json\/wp\/v2\/pages\/858\/revisions\/861"}],"wp:attachment":[{"href":"https:\/\/www.sinn-schaffen.de\/finanz\/wp-json\/wp\/v2\/media?parent=858"}],"curies":[{"name":"wp","href":"https:\/\/api.w.org\/{rel}","templated":true}]}}