{"id":207,"date":"2019-10-14T15:03:38","date_gmt":"2019-10-14T13:03:38","guid":{"rendered":"https:\/\/www.sinn-schaffen.de\/frieden\/?page_id=207"},"modified":"2020-09-07T16:10:58","modified_gmt":"2020-09-07T14:10:58","slug":"klimawissenschaftler-warnen-vor-den-folgen-eines-atomkrieges-zwischen-indien-und-pakistan","status":"publish","type":"page","link":"https:\/\/www.sinn-schaffen.de\/frieden\/klimawissenschaftler-warnen-vor-den-folgen-eines-atomkrieges-zwischen-indien-und-pakistan\/","title":{"rendered":"Klimawissenschaftler warnen vor den Folgen eines Atomkrieges zwischen Indien und Pakistan"},"content":{"rendered":"\n<p><em>Eine Gruppe von Klimatologinnen, Umwelt- und anderen -Wissenschaftlerinnen hat die Auswirkungen untersucht, wenn es heute oder in naher Zukunft zu einem Atomkrieg kommt, in dem ein Teil der mittlerweile gr\u00f6\u00dferen Atomarsenale von Indien und Pakistan beteiligt sind. Weniger Sonnenlicht und der Niederschlagsr\u00fcckgang w\u00fcrden sich auf die globale Nahrungsmittelversorgung viel gravierender auswirken, als in fr\u00fcheren Studien \u00fcber einen begrenzten Atomkrieg vorhergesagt. Nat\u00fcrliche \u00d6kosysteme und Lebensmittelanbau w\u00fcrden drastisch gest\u00f6rt und f\u00fchrten zu einer weltweiten Lebensmittelknappheit.<\/em><\/p>\n\n\n\n<p><strong>(Berlin, 8. Oktober 2019)<\/strong> Die Abr\u00fcstungsorganisationen IPPNW und ICAN Deutschland sind \u00e4u\u00dferst besorgt \u00fcber die Ergebnisse einer neuen Studie, die letzte Woche in Science Advances ver\u00f6ffentlicht wurde. Die Studie zeigt, dass ein begrenzter Atomkrieg zwischen Indien und Pakistan verheerende Auswirkungen auf unsere Atmosph\u00e4re, Klima, Gesundheit und Ern\u00e4hrungssicherheit h\u00e4tte.<\/p>\n\n\n\n<div class=\"wp-block-image\"><figure class=\"alignright is-resized\"><a href=\"https:\/\/www.sinn-schaffen.de\/frieden\/wp-content\/uploads\/sites\/16\/2019\/10\/2019-10-08_studie-robock-etal.pdf\" target=\"_blank\" rel=\"noreferrer noopener\"><img decoding=\"async\" src=\"https:\/\/www.sinn-schaffen.de\/frieden\/wp-content\/uploads\/sites\/16\/2019\/10\/2019-10-08_studie-robock-etal-T.jpg\" alt=\"\" class=\"wp-image-204\" width=\"320\" title=\"\"><\/a><\/figure><\/div>\n\n\n\n<p>Die neue Studie von einer Gruppe Klimatolog*innen, Umwelt-\nund anderen -Wissenschaftler*innen aktualisiert die bisherigen Ergebnisse, die\nnoch auf Grundlage der damals kleineren Atomwaffenarsenale von Indien und Pakistan\nkalkuliert wurden. Die aktuelle Studie zeigt, was passieren k\u00f6nnte, wenn es\nheute oder in naher Zukunft zu einem Atomkrieg kommt, in dem ein Teil der\nmittlerweile gr\u00f6\u00dferen Atomarsenale von Indien und Pakistan beteiligt sind. Die\nErgebnisse unterstreichen die dringende Notwendigkeit der Abschaffung von\nAtomwaffen.<\/p>\n\n\n\n<p>Das Szenario geht davon aus, dass beide L\u00e4nder 250\nAtomwaffen mit einer Sprengkraft von bis zu 100 Kilotonnen gegen st\u00e4dtische\nZiele einsetzen \u2013 Pakistan 150 und Indien 100. Als direkte Folge eines Schlagabtausches\nmit relativ kleinen Atomwaffen \u2011 15-Kilotonnen-Atomwaffen \u2011 w\u00fcrden etwa 50\nMillionen Menschen sterben. Bei einem Schlagabtausch mit der gleichen Zahl von\nAtomwaffen, die aber 100 Kilotonnen Sprengkraft h\u00e4tten, w\u00fcrden in etwa 125\nMillionen Menschen umgehend sterben. Noch katastrophaler w\u00e4ren jedoch die\nglobalen Klimaauswirkungen:<\/p>\n\n\n\n<ul class=\"wp-block-list\"><li>Da die Bek\u00e4mpfung der Br\u00e4nde bei einem Atomkrieg\npraktisch unm\u00f6glich w\u00e4re, w\u00fcrde sich der Rauch innerhalb von Wochen global \u00fcber\ndie Stratosph\u00e4re ausbreiten und das Sonnenlicht w\u00fcrde zwischen 20 und 35\nProzent abnehmen.<\/li><li>Je nach eingesetzter Sprengkraft w\u00fcrde ein\nbegrenzter regionaler Atomkrieg die globale Oberfl\u00e4chenlufttemperatur daher\nzwischen 3 bis 5,5 Grad Celsius senken.<\/li><li>Diese globale Abk\u00fchlung w\u00fcrde zudem zu einem deutlichen\nR\u00fcckgang der Niederschl\u00e4ge f\u00fchren (im globalen Durchschnitt 20 bis 30 Prozent\nmit regionalen Schwankungen). Durch k\u00e4ltere Temperaturen verdunstet weniger\nWasser aus den Ozeanen und f\u00e4llt als Regen oder Schnee auf die Erde zur\u00fcck.<\/li><\/ul>\n\n\n\n<p>Diese Abk\u00fchlung, weniger Sonnenlicht und der\nNiederschlagsr\u00fcckgang w\u00fcrden sich auf die globale Nahrungsmittelversorgung viel\ngravierender auswirken, als in fr\u00fcheren Studien \u00fcber einen begrenzten Atomkrieg\nvorhergesagt. Nat\u00fcrliche \u00d6kosysteme und Lebensmittelanbau w\u00fcrden drastisch\ngest\u00f6rt und f\u00fchrten zu einer Lebensmittelknappheit, die noch viel mehr Menschen\ngef\u00e4hrden w\u00fcrde, als die urspr\u00fcnglich kalkulierten zwei Milliarden.<\/p>\n\n\n\n<p>Viele Sicherheitsexperten auf der ganzen Welt haben davor gewarnt, dass die Gefahr eines Atomkriegs w\u00e4chst. Eine wachsende internationale Bewegung fordert daher einen grundlegenden Wandel in der Atompolitik. Im Jahr 2017 haben 122 Nationen f\u00fcr den UN-Vertrag \u00fcber ein Verbot von Atomwaffen gestimmt. Inzwischen z\u00e4hlt der UN-Vertrag f\u00fcr ein Atomwaffenverbot (TPNW) 79 Unterzeichner und 32 Vertragsstaaten. 50 Ratifikationen sind notwendig. Zwei Drittel des Weges zum Inkrafttreten des Atomwaffenverbots ist damit geschafft.<\/p>\n\n\n\n<figure class=\"wp-block-table\"><table class=\"has-subtle-light-gray-background-color has-background\"><tbody><tr><td width=\"25%\"><a rel=\"noopener noreferrer\" href=\"https:\/\/www.ippnw.de\/startseite.html\" target=\"_blank\"><img decoding=\"async\" width=\"180\" class=\"aligncenter wp-image-313\" title=\"Foto: IPPNW.\" src=\"https:\/\/www.sinn-schaffen.de\/frieden\/wp-content\/uploads\/sites\/16\/2019\/01\/AngelikaWilmen.jpg\" alt=\"\"><\/a><\/td><td width=\"75%\">Angelika Wilmen koordiniert die \u00d6ffentlichkeitsarbeit f\u00fcr die Friedensorganisation <a href=\"https:\/\/www.ippnw.de\/\" target=\"_blank\" rel=\"noopener noreferrer\">&#8222;Internationale \u00c4rzte f\u00fcr die Verh\u00fctung des Atomkrieges, \u00c4rzte in sozialer Verantwortung e. V.&#8220;<\/a><\/td><\/tr><tr><td><\/td><td><a href=\"https:\/\/www.ippnw.de\/\" target=\"_blank\" rel=\"noopener noreferrer\"><img decoding=\"async\" class=\"aligncenter wp-image-313\" title=\" \" src=\"https:\/\/www.sinn-schaffen.de\/frieden\/wp-content\/uploads\/sites\/16\/2018\/05\/IPPNW-Logo.jpg\" alt=\"\" width=\"150\"><\/a><\/td><\/tr><\/tbody><\/table><\/figure>\n","protected":false},"excerpt":{"rendered":"<p>Eine Gruppe von Klimatologinnen, Umwelt- und anderen -Wissenschaftlerinnen hat die Auswirkungen untersucht, wenn es heute oder in naher Zukunft zu einem Atomkrieg kommt, in dem ein Teil der mittlerweile gr\u00f6\u00dferen Atomarsenale von Indien und Pakistan beteiligt sind. Weniger Sonnenlicht und der Niederschlagsr\u00fcckgang w\u00fcrden sich auf die globale Nahrungsmittelversorgung viel gravierender auswirken, als in fr\u00fcheren Studien &hellip; <\/p>\n<p class=\"link-more\"><a href=\"https:\/\/www.sinn-schaffen.de\/frieden\/klimawissenschaftler-warnen-vor-den-folgen-eines-atomkrieges-zwischen-indien-und-pakistan\/\" class=\"more-link\"><span class=\"screen-reader-text\">\u201eKlimawissenschaftler warnen vor den Folgen eines Atomkrieges zwischen Indien und Pakistan\u201c<\/span> weiterlesen<\/a><\/p>\n","protected":false},"author":1,"featured_media":0,"parent":0,"menu_order":62,"comment_status":"closed","ping_status":"closed","template":"","meta":{"footnotes":""},"class_list":["post-207","page","type-page","status-publish","hentry"],"_links":{"self":[{"href":"https:\/\/www.sinn-schaffen.de\/frieden\/wp-json\/wp\/v2\/pages\/207","targetHints":{"allow":["GET"]}}],"collection":[{"href":"https:\/\/www.sinn-schaffen.de\/frieden\/wp-json\/wp\/v2\/pages"}],"about":[{"href":"https:\/\/www.sinn-schaffen.de\/frieden\/wp-json\/wp\/v2\/types\/page"}],"author":[{"embeddable":true,"href":"https:\/\/www.sinn-schaffen.de\/frieden\/wp-json\/wp\/v2\/users\/1"}],"replies":[{"embeddable":true,"href":"https:\/\/www.sinn-schaffen.de\/frieden\/wp-json\/wp\/v2\/comments?post=207"}],"version-history":[{"count":3,"href":"https:\/\/www.sinn-schaffen.de\/frieden\/wp-json\/wp\/v2\/pages\/207\/revisions"}],"predecessor-version":[{"id":345,"href":"https:\/\/www.sinn-schaffen.de\/frieden\/wp-json\/wp\/v2\/pages\/207\/revisions\/345"}],"wp:attachment":[{"href":"https:\/\/www.sinn-schaffen.de\/frieden\/wp-json\/wp\/v2\/media?parent=207"}],"curies":[{"name":"wp","href":"https:\/\/api.w.org\/{rel}","templated":true}]}}