{"id":217,"date":"2020-01-23T13:48:05","date_gmt":"2020-01-23T12:48:05","guid":{"rendered":"https:\/\/www.sinn-schaffen.de\/frieden\/?page_id=217"},"modified":"2020-09-07T16:06:39","modified_gmt":"2020-09-07T14:06:39","slug":"rwe-und-eon-vor-einstieg-in-die-militaerische-uran-anreicherung","status":"publish","type":"page","link":"https:\/\/www.sinn-schaffen.de\/frieden\/rwe-und-eon-vor-einstieg-in-die-militaerische-uran-anreicherung\/","title":{"rendered":"RWE und EON vor Einstieg in die milit\u00e4rische Uran-Anreicherung?"},"content":{"rendered":"\n<p><strong>Pentagon zeigt\nInteresse an Urenco-Uran: US-Bericht sieht Kostenvorteile f\u00fcr US-Milit\u00e4r<\/strong><\/p>\n\n\n\n<p><em>Der deutsch-niederl\u00e4ndisch-britische Urananreicherer Urenco hatte letztes Jahr angek\u00fcndigt, in der firmeneigenen Urananreicherungsanlage in New Mexico\/USA Kapazit\u00e4ten f\u00fcr eine Vervierfachung des bisherigen Urananreicherungsgrads von Uran 235 aufzubauen. Das US-Verteidigungsministerium hat aus Kosten- und Zeitgr\u00fcnden Interesse an diesem wesentlich h\u00f6her angereichertem Uran bekundet, wie das das US-Magazin Physics Today in seiner Januar-Ausgabe meldet. Anti-Atomkraft-Initiativen und Umweltverb\u00e4nde zeigen sich entsetzt; sie fordern von der Bundesregierung sowie von RWE und EON umfassende Aufkl\u00e4rung und den sofortigen Stopp aller Pl\u00e4ne zur Aufweichung der Zivilklausel bei der Urananreicherung.<\/em><\/p>\n\n\n\n<p><strong>(Berlin, 22. Januar 2020)<\/strong> Das US-Verteidigungsministerium hat aus Kosten- und Zeitgr\u00fcnden Interesse an wesentlich h\u00f6her angereichertem Uran des auch in Gronau t\u00e4tigen Urananreicherers Urenco f\u00fcr neue milit\u00e4rische Modulreaktoren bekundet. <a rel=\"noreferrer noopener\" aria-label=\"Das meldet das US-Magazin Physics Today in seiner Januar-Ausgabe (\u00f6ffnet in neuem Tab)\" href=\"https:\/\/physicstoday.scitation.org\/doi\/10.1063\/PT.3.4385\" target=\"_blank\">Das meldet das US-Magazin Physics Today in seiner Januar-Ausgabe<\/a> unter Berufung auf einen Bericht des Pentagons von 2018.<\/p>\n\n\n\n<p>Der deutsch-niederl\u00e4ndisch-britische Urananreicherer Urenco\nhatte letztes Jahr angek\u00fcndigt, in der firmeneigenen Urananreicherungsanlage in\nNew Mexico\/USA Kapazit\u00e4ten f\u00fcr eine Vervierfachung des bisherigen Urananreicherungsgrads\nvon etwa f\u00fcnf Prozent auf bis zu 19,75 Prozent Uran 235 aufzubauen. Dem\nUS-Verteidigungsministerium habe man laut Physics Today mitgeteilt, das sogenannte\nHALEU (high assay low-enriched uranium) bereits in f\u00fcnf bis sieben Jahren bei\nInvestitionskosten von rund 300\u2013500 Millionen Euro liefern zu k\u00f6nnen. Der\nUS-Konkurrent Centrus Energy m\u00fcsste wesentlich mehr investieren und h\u00e4tte eine\nl\u00e4ngere Bauzeit vor sich. Urenco betreibt in Gronau\/Westfalen die einzige\ndeutsche Urananreicherungsanlage und geh\u00f6rt zu einem Drittel den\nEnergiekonzernen RWE und EON. Derzeit geht rund die H\u00e4lfte des in Gronau\nangereicherten Urans in die USA.<\/p>\n\n\n\n<p>Anti-Atomkraft-Initiativen und Umweltverb\u00e4nde zeigen sich\n\u00fcber diese Gedankenspiele des US-Verteidigungsministeriums und die anscheinende\nAufgeschlossenheit des Urananreicherers Urenco entsetzt: \u201eBislang galt f\u00fcr die\nUrananreicherung bei Urenco in Gronau und an den Standorten in den\nNiederlanden, Gro\u00dfbritannien und den USA eine strikte Zivilklausel. Wird diese\nvon den Aufsicht f\u00fchrenden Regierungen in Berlin, Den Haag und London nun\naufgeweicht, indem sie behaupten, die Zivilklausel stelle kein Hindernis f\u00fcr\ndie Belieferung von milit\u00e4risch genutzten Reaktoren dar? Und bedeutet dies,\ndass RWE und EON als Anteilseigner von Urenco nunmehr auch in die milit\u00e4rische\nUrananreicherung einsteigen? Wir fordern von der Bundesregierung sowie von RWE\nund EON umfassende Aufkl\u00e4rung und den sofortigen Stopp aller Pl\u00e4ne zur Aufweichung\nder Zivilklausel bei der Urananreicherung\u201c, erkl\u00e4rte Matthias Eickhoff vom\nAktionsb\u00fcndnis M\u00fcnsterland gegen Atomanlagen.<\/p>\n\n\n\n<p><strong>Atompolitische\nSicherheitsbarrieren werden durchbrochen<\/strong><\/p>\n\n\n\n<p>\u201eUrenco wird in den USA schon seit Jahren mit der\nBelieferung von Reaktoren in Zusammenhang gebracht, die Tritium f\u00fcr den Einsatz\nin Atomwaffen herstellen. Eine Erh\u00f6hung des Urananreicherungsgrads auf 19,75\nProzent ist ein klares Indiz daf\u00fcr, dass die Grenzen zwischen ziviler und milit\u00e4rischer\nUrananreicherung aufgeweicht werden. Wie kann die Bundesregierung einen derart\ndramatischen Kursschwenk bei Urenco billigen? Wie kam es \u00fcberhaupt zu den\nGespr\u00e4chen mit dem Pentagon? Die aktuellen Gefahren der Urananreicherung\nsch\u00e4tze ich aus friedenspolitischer Sicht als sehr hoch ein \u2013 nicht nur im\nIran, sondern auch beim Urananreicherer Urenco. Das Ende des Atomzeitalters\nmuss jetzt beginnen. Der Beitritt zum Atomwaffenverbotsvertrag und das Ende der\nzivilen Nutzung der Atomkraft geh\u00f6ren zusammen\u201c, forderte Dr. Angelika Claussen\nvon der \u00c4rzteorganisation und Friedensnobelpreistr\u00e4gerin IPPNW.<\/p>\n\n\n\n<p><strong>Zentrifugenfirma in\nJ\u00fclich und Urananreicherungsanlage Gronau beteiligt?<\/strong><\/p>\n\n\n\n<p>Auch die deutschen Standorte zur Urananreicherung und Zentrifugenherstellung\nwerden direkt und indirekt von der Vervierfachung des Urananreicherungsgrads\nbetroffen sein. In J\u00fclich befindet sich bei ETC das technologische Zentrum der\nZentrifugenherstellung f\u00fcr Urenco und die franz\u00f6sische Partnerfirma Orano. Und\nvon Urenco in Gronau angereichertes Uran kann wom\u00f6glich in der\nUS-Anreicherungsanlage in New Mexico ebenfalls zu HALEU weiter angereichert\nwerden.<\/p>\n\n\n\n<p>Die Initiativen und Verb\u00e4nde rufen aufgrund der sich\ndramatisch versch\u00e4rfenden sicherheitspolitischen Entwicklung rund um die Urananreicherung\nauch in diesem Jahr zu einem Ostermarsch an der Urananreicherungsanlage Gronau\nauf. Bereits am 2. Februar findet um 14 Uhr ein Sonntagsspaziergang an der\nUrananreicherungsanlage Gronau statt.<\/p>\n\n\n\n<p><strong>Hintergrund<\/strong><\/p>\n\n\n\n<p>Urenco Ltd. geh\u00f6rt zu je einem Drittel dem britischen und\ndem niederl\u00e4ndischen Staat. Das deutsche Drittel geh\u00f6rt zu gleichen Teilen RWE\nund EON. Die Bundesregierung beaufsichtigt Urenco zusammen mit der britischen\nund niederl\u00e4ndischen Regierung in einem \u201eGemeinsamen Ausschuss\u201c. Urenco verf\u00fcgt\n\u00fcber ungef\u00e4hr 30 Prozent Anteil auf dem Weltmarkt f\u00fcr angereichertes Uran. Die\ndeutsche Urananreicherungsanlage in Gronau ist immer noch vom Atomausstieg\nausgenommen, beliefert aber zum Beispiel die hochumstrittenen Pannenreaktoren\nin Belgien.<\/p>\n\n\n\n<p>ETC (Enrichment Technology Company) ist eine gemeinsame Tochter von Urenco und Orano (ex-Areva) zur Entwicklung und zum Bau von Urananreicherungs-Zentrifugen sowie ganzer Urananreicherungsanlagen. Die deutsche Niederlassung in J\u00fclich ist f\u00fcr Forschung, Entwicklung und Teile der Zentrifugen-Fertigung zust\u00e4ndig.<\/p>\n\n\n\n<figure class=\"wp-block-table\"><table class=\"has-subtle-light-gray-background-color has-background\"><tbody><tr><td width=\"25%\"><a rel=\"noopener noreferrer\" href=\"https:\/\/www.ippnw.de\/\" target=\"_blank\"><img decoding=\"async\" width=\"180\" class=\"aligncenter wp-image-313\" title=\" \" src=\"https:\/\/www.sinn-schaffen.de\/frieden\/wp-content\/uploads\/sites\/16\/2018\/06\/AngelikaClaussenKK.jpg\" alt=\"\"><\/a><\/td><td width=\"75%\">Dr. Angelika Clau\u00dfen ist Pr\u00e4sidentin von <a href=\"https:\/\/www.ippnw.eu\/\" target=\"_blank\" rel=\"noopener noreferrer\">IPPNW Europa<\/a> (International Physicians for the Prevention of Nuclear War; deutsche Sektion: IPPNW Deutschland \u2013 Internationale \u00c4rzte f\u00fcr die Verh\u00fctung des Atomkrieges, \u00c4rzte in sozialer Verantwortung e.V.)<\/td><\/tr><tr><td><\/td><td><a href=\"https:\/\/www.ippnw.eu\/\" target=\"_blank\" rel=\"noopener noreferrer\"><img decoding=\"async\" class=\"aligncenter wp-image-313\" title=\" \" src=\"https:\/\/www.sinn-schaffen.de\/frieden\/wp-content\/uploads\/sites\/16\/2018\/05\/IPPNW-Logo.jpg\" alt=\"\" width=\"150\"><\/a><\/td><\/tr><\/tbody><\/table><\/figure>\n","protected":false},"excerpt":{"rendered":"<p>Pentagon zeigt Interesse an Urenco-Uran: US-Bericht sieht Kostenvorteile f\u00fcr US-Milit\u00e4r Der deutsch-niederl\u00e4ndisch-britische Urananreicherer Urenco hatte letztes Jahr angek\u00fcndigt, in der firmeneigenen Urananreicherungsanlage in New Mexico\/USA Kapazit\u00e4ten f\u00fcr eine Vervierfachung des bisherigen Urananreicherungsgrads von Uran 235 aufzubauen. Das US-Verteidigungsministerium hat aus Kosten- und Zeitgr\u00fcnden Interesse an diesem wesentlich h\u00f6her angereichertem Uran bekundet, wie das das US-Magazin &hellip; <\/p>\n<p class=\"link-more\"><a href=\"https:\/\/www.sinn-schaffen.de\/frieden\/rwe-und-eon-vor-einstieg-in-die-militaerische-uran-anreicherung\/\" class=\"more-link\"><span class=\"screen-reader-text\">\u201eRWE und EON vor Einstieg in die milit\u00e4rische Uran-Anreicherung?\u201c<\/span> weiterlesen<\/a><\/p>\n","protected":false},"author":1,"featured_media":0,"parent":0,"menu_order":59,"comment_status":"closed","ping_status":"closed","template":"","meta":{"footnotes":""},"class_list":["post-217","page","type-page","status-publish","hentry"],"_links":{"self":[{"href":"https:\/\/www.sinn-schaffen.de\/frieden\/wp-json\/wp\/v2\/pages\/217","targetHints":{"allow":["GET"]}}],"collection":[{"href":"https:\/\/www.sinn-schaffen.de\/frieden\/wp-json\/wp\/v2\/pages"}],"about":[{"href":"https:\/\/www.sinn-schaffen.de\/frieden\/wp-json\/wp\/v2\/types\/page"}],"author":[{"embeddable":true,"href":"https:\/\/www.sinn-schaffen.de\/frieden\/wp-json\/wp\/v2\/users\/1"}],"replies":[{"embeddable":true,"href":"https:\/\/www.sinn-schaffen.de\/frieden\/wp-json\/wp\/v2\/comments?post=217"}],"version-history":[{"count":3,"href":"https:\/\/www.sinn-schaffen.de\/frieden\/wp-json\/wp\/v2\/pages\/217\/revisions"}],"predecessor-version":[{"id":339,"href":"https:\/\/www.sinn-schaffen.de\/frieden\/wp-json\/wp\/v2\/pages\/217\/revisions\/339"}],"wp:attachment":[{"href":"https:\/\/www.sinn-schaffen.de\/frieden\/wp-json\/wp\/v2\/media?parent=217"}],"curies":[{"name":"wp","href":"https:\/\/api.w.org\/{rel}","templated":true}]}}