{"id":225,"date":"2020-02-13T15:39:34","date_gmt":"2020-02-13T14:39:34","guid":{"rendered":"https:\/\/www.sinn-schaffen.de\/frieden\/?page_id=225"},"modified":"2024-01-16T00:07:28","modified_gmt":"2024-01-15T23:07:28","slug":"415-millionen-kinder-wachsen-weltweit-in-kriegen-und-konflikten-auf","status":"publish","type":"page","link":"https:\/\/www.sinn-schaffen.de\/frieden\/415-millionen-kinder-wachsen-weltweit-in-kriegen-und-konflikten-auf\/","title":{"rendered":"415 Millionen Kinder wachsen weltweit in Kriegen und Konflikten auf"},"content":{"rendered":"\n<p><em>Im aktuellen Bericht \u201cKrieg gegen Kinder\u201d untersucht Save the Children, wie sich Kinderrechtsverletzungen in bewaffneten Konflikten auf M\u00e4dchen und Jungen unterschiedlich auswirken. Im Jahr 2018 lebten weltweit etwa 415 Millionen M\u00e4dchen und Jungen in einem Konfliktgebiet, 149 Millionen Kinder wuchsen unter gef\u00e4hrlichsten Lebensumst\u00e4nden auf. Immer \u00f6fter werden Schulen und Krankenh\u00e4user angegriffen, Millionen von Kindern haben keinen Zugang zu Bildung oder Gesundheitsdienstleistungen.<\/em><\/p>\n\n\n\n<p><strong>(Berlin, 13. Februar 2020)<\/strong> Kriege und Konflikte versch\u00e4rfen sich und werden f\u00fcr Kinder immer gef\u00e4hrlicher. Dies zeigt der neue Bericht \u201eKrieg gegen Kinder\u201c, den die Kinderrechtsorganisation Save the Children anl\u00e4sslich der M\u00fcnchner Sicherheitskonferenz zum dritten Mal ver\u00f6ffentlicht. Die bisher umfassendste Datensammlung zu Kindern in Kriegen und Konflikten verdeutlicht, dass im Jahr 2018 weltweit etwa 415 Millionen M\u00e4dchen und Jungen in einem Konfliktgebiet lebten, 149 Millionen Kinder unter gef\u00e4hrlichsten Lebensumst\u00e4nden aufwuchsen und die Zahl der schweren Kinderrechtsverletzungen anstieg. Seit 2005 dokumentieren die Vereinten Nationen die schlimmsten Verbrechen an Kindern. Der aktuelle Bericht von Save the Children untersucht erstmals, wie sich die sechs schwersten Kinderrechtsverletzungen auf M\u00e4dchen und Jungen unterschiedlich auswirken.<\/p>\n\n\n\n<div class=\"wp-block-image\"><figure class=\"alignright size-large is-resized\"><a href=\"https:\/\/www.sinn-schaffen.de\/frieden\/wp-content\/uploads\/sites\/16\/2020\/02\/StC_War_on_Children_2020_deutsch_Einzelseiten.pdf\" target=\"_blank\" rel=\"noreferrer noopener\"><img decoding=\"async\" src=\"https:\/\/www.sinn-schaffen.de\/frieden\/wp-content\/uploads\/sites\/16\/2020\/02\/StC_War_on_Children_2020_deutsch_Einzelseiten-1.jpg\" alt=\"\" class=\"wp-image-221\" width=\"320\" title=\"\"><\/a><\/figure><\/div>\n\n\n\n<p>\u201eSeit 2005 wurden 95.000 Kinder verst\u00fcmmelt oder get\u00f6tet,\nZehntausende wurden entf\u00fchrt. Kinder in Konflikten werden sexuell missbraucht\noder zwangsrekrutiert, humanit\u00e4re Hilfe wird ihnen systematisch verweigert. Es\nist ersch\u00fctternd, dass die Welt zuschaut, w\u00e4hrend Kinder ungestraft zur\nZielscheibe werden\u201c, sagt Susanna Kr\u00fcger, Vorstandsvorsitzende von Save the\nChildren. \u201eImmer \u00f6fter werden Schulen und Krankenh\u00e4user angegriffen, Millionen\nvon Kindern haben keinen Zugang zu Bildung oder Gesundheitsdienstleistungen.\nDas d\u00fcrfen wir nicht l\u00e4nger tolerieren.\u201c<\/p>\n\n\n\n<p>Die beunruhigenden Fakten des Berichts: Allein 2018 wurden\nmindestens 12.125 Kinder durch konfliktbedingte Gewalt get\u00f6tet oder verletzt,\ndas entspricht einem Anstieg von 13 Prozent. Dabei wurden Jungen weitaus\nh\u00e4ufiger durch direkte Kriegsf\u00fchrung get\u00f6tet als M\u00e4dchen. Wenn M\u00e4dchen get\u00f6tet\noder schwer verletzt werden, ist dies meist auf den Einsatz explosiver Waffen\nzur\u00fcckzuf\u00fchren. Jungen sind insgesamt st\u00e4rker von der Rekrutierung durch\nStreitkr\u00e4fte oder bewaffnete Gruppen sowie von Entf\u00fchrungen betroffen. Von den\n2.500 Kindern, die 2018 von bewaffneten Gruppen entf\u00fchrt wurden, waren 80\nProzent Jungen. T\u00f6tung und Verst\u00fcmmelung betrafen zu 44 Prozent Jungen und zu\n17 Prozent M\u00e4dchen. M\u00e4dchen wurden weitaus h\u00e4ufiger vergewaltigt, zur\nKinderheirat gezwungen oder anderen Formen sexuellen Missbrauchs ausgesetzt als\nJungen: 87 Prozent aller nachgewiesenen F\u00e4lle von sexueller Gewalt betrafen\nM\u00e4dchen. Die Zahl der gemeldeten Angriffe auf Schulen und Krankenh\u00e4user stieg\num 32 Prozent auf 1.892 an. Die zehn gef\u00e4hrlichsten L\u00e4nder f\u00fcr Kinder waren im\nJahr 2018:<\/p>\n\n\n\n<ul class=\"wp-block-list\"><li>Afghanistan,<\/li><li>Demokratische Republik Kongo,<\/li><li>Irak,<\/li><li>Jemen,<\/li><li>Mali,<\/li><li>Nigeria,<\/li><li>Somalia,<\/li><li>S\u00fcdsudan,<\/li><li>Syrien und die<\/li><li>Zentralafrikanische Republik.<\/li><\/ul>\n\n\n\n<p>\u201eDie sinnlose Zerst\u00f6rung des Lebens von Kindern wird weitergehen, wenn nicht alle Regierungen und Kriegsparteien jetzt handeln, um internationale Normen und Standards zu wahren und die T\u00e4ter zur Verantwortung f\u00fcr ihre Verbrechen zu ziehen. Der Krieg gegen Kinder muss aufh\u00f6ren&#8220;, betont Susanna Kr\u00fcger.<\/p>\n\n\n\n<figure class=\"wp-block-table\"><table class=\"has-subtle-light-gray-background-color has-background\"><tbody><tr><td width=\"25%\"><a rel=\"noopener noreferrer\" href=\"https:\/\/www.savethechildren.de\/informieren\/ueber-uns\/unsere-struktur\/vorstand\/\" target=\"_blank\"><img decoding=\"async\" width=\"180\" class=\"aligncenter wp-image-313\" title=\"Foto: Save the Children Deutschland.\" src=\"https:\/\/www.sinn-schaffen.de\/frieden\/wp-content\/uploads\/sites\/16\/2020\/02\/Susanna_Krueger-Kq.jpg\" alt=\"\"><\/a><\/td><td width=\"75%\">Susanna Kr\u00fcger ist Gesch\u00e4ftsf\u00fchrerin und Vorstandsvorsitzende von <a href=\"https:\/\/www.savethechildren.de\/\" target=\"_blank\" rel=\"noopener noreferrer\">Save the Children Deutschland<\/a>.<\/td><\/tr><tr><td><\/td><td><a href=https:\/\/www.savethechildren.de\/\" target=\"_blank\" rel=\"noopener noreferrer\"><img decoding=\"async\" class=\"aligncenter wp-image-313\" title=\" \" src=\"https:\/\/www.sinn-schaffen.de\/frieden\/wp-content\/uploads\/sites\/16\/2020\/02\/crop_original_bp1548085617_logo-100-jahre-vert600x60.jpg\" alt=\"\" width=\"180\"><\/a><\/td><\/tr><\/tbody><\/table><\/figure>\n","protected":false},"excerpt":{"rendered":"<p>Im aktuellen Bericht \u201cKrieg gegen Kinder\u201d untersucht Save the Children, wie sich Kinderrechtsverletzungen in bewaffneten Konflikten auf M\u00e4dchen und Jungen unterschiedlich auswirken. Im Jahr 2018 lebten weltweit etwa 415 Millionen M\u00e4dchen und Jungen in einem Konfliktgebiet, 149 Millionen Kinder wuchsen unter gef\u00e4hrlichsten Lebensumst\u00e4nden auf. Immer \u00f6fter werden Schulen und Krankenh\u00e4user angegriffen, Millionen von Kindern haben &hellip; <\/p>\n<p class=\"link-more\"><a href=\"https:\/\/www.sinn-schaffen.de\/frieden\/415-millionen-kinder-wachsen-weltweit-in-kriegen-und-konflikten-auf\/\" class=\"more-link\"><span class=\"screen-reader-text\">\u201e415 Millionen Kinder wachsen weltweit in Kriegen und Konflikten auf\u201c<\/span> weiterlesen<\/a><\/p>\n","protected":false},"author":1,"featured_media":219,"parent":0,"menu_order":58,"comment_status":"closed","ping_status":"closed","template":"","meta":{"footnotes":""},"class_list":["post-225","page","type-page","status-publish","has-post-thumbnail","hentry"],"_links":{"self":[{"href":"https:\/\/www.sinn-schaffen.de\/frieden\/wp-json\/wp\/v2\/pages\/225","targetHints":{"allow":["GET"]}}],"collection":[{"href":"https:\/\/www.sinn-schaffen.de\/frieden\/wp-json\/wp\/v2\/pages"}],"about":[{"href":"https:\/\/www.sinn-schaffen.de\/frieden\/wp-json\/wp\/v2\/types\/page"}],"author":[{"embeddable":true,"href":"https:\/\/www.sinn-schaffen.de\/frieden\/wp-json\/wp\/v2\/users\/1"}],"replies":[{"embeddable":true,"href":"https:\/\/www.sinn-schaffen.de\/frieden\/wp-json\/wp\/v2\/comments?post=225"}],"version-history":[{"count":7,"href":"https:\/\/www.sinn-schaffen.de\/frieden\/wp-json\/wp\/v2\/pages\/225\/revisions"}],"predecessor-version":[{"id":726,"href":"https:\/\/www.sinn-schaffen.de\/frieden\/wp-json\/wp\/v2\/pages\/225\/revisions\/726"}],"wp:featuredmedia":[{"embeddable":true,"href":"https:\/\/www.sinn-schaffen.de\/frieden\/wp-json\/wp\/v2\/media\/219"}],"wp:attachment":[{"href":"https:\/\/www.sinn-schaffen.de\/frieden\/wp-json\/wp\/v2\/media?parent=225"}],"curies":[{"name":"wp","href":"https:\/\/api.w.org\/{rel}","templated":true}]}}