{"id":550,"date":"2022-02-24T15:59:08","date_gmt":"2022-02-24T14:59:08","guid":{"rendered":"https:\/\/www.sinn-schaffen.de\/frieden\/?page_id=550"},"modified":"2022-02-25T01:03:15","modified_gmt":"2022-02-25T00:03:15","slug":"deutsche-friedensorganisationen-verurteilen-den-voelkerrechtswidrigen-russischen-militaerangriff-auf-die-ukraine","status":"publish","type":"page","link":"https:\/\/www.sinn-schaffen.de\/frieden\/deutsche-friedensorganisationen-verurteilen-den-voelkerrechtswidrigen-russischen-militaerangriff-auf-die-ukraine\/","title":{"rendered":"Deutsche Friedensorganisationen verurteilen den v\u00f6lkerrechtswidrigen russischen Milit\u00e4rangriff auf die Ukraine"},"content":{"rendered":"\n<p><em>Internationale \u00c4rzte f\u00fcr die Verh\u00fctung des Atomkrieges, \u00c4rzte in sozialer Verantwortung e. V. IPPNW weist auf die Gefahren hin, die von den 15 Atomkraftwerken an vier Standorten in der Ukraine durch Milit\u00e4rangriffe ausgehen. Der Bund f\u00fcr soziale Verteidigung BSV ruft die ukrainische Bev\u00f6lkerung auf, einer m\u00f6glichen von Russland eingesetzten neuen Regierung jeden Gehorsam zu verweigern. Der deutsche Zweig des Internationalen Vers\u00f6hnungsbundes fordert die Bundesregierung auf, verfolgten Friedensgruppenmitgliedern, Kriegsdienstverweigerern und Opfern von Vergewaltigungen als Kriegswaffe in Deutschland Asyl zu gew\u00e4hren.<\/em><\/p>\n\n\n\n<hr class=\"wp-block-separator\"\/>\n\n\n\n<figure class=\"wp-block-image size-full\"><img loading=\"lazy\" decoding=\"async\" width=\"1024\" height=\"767\" src=\"https:\/\/www.sinn-schaffen.de\/frieden\/wp-content\/uploads\/sites\/16\/2022\/02\/Erklaerung-Ukraine-Weapons.jpg\" alt=\"\" class=\"wp-image-549\" title=\"Foto: frei, via Internationaler Vers\u00f6hnungsbund\"><\/figure>\n\n\n\n<hr class=\"wp-block-separator\"\/>\n\n\n\n<p><strong>(Berlin, Minden, 24. Februar 2022)<\/strong> Deutsche Friedensorganisationen verurteilen den russischen Milit\u00e4rangriff auf die Ukraine und fordern die Politik auf, sich f\u00fcr die sofortige Einstellung aller milit\u00e4rischen Aktivit\u00e4ten, den R\u00fcckzug aller Truppen und eine R\u00fcckkehr zu Verhandlungen einzusetzen. <a href=\"https:\/\/www.ippnw.de\/startseite.html\" target=\"_blank\" rel=\"noreferrer noopener\">Die \u00e4rztliche Friedensorganisation IPPNW<\/a> weist zudem auf die Gefahren hin, die von den 15 Atomkraftwerken an vier Standorten in der Ukraine durch Milit\u00e4rangriffe ausgehen. Der <a href=\"https:\/\/www.soziale-verteidigung.de\/\" target=\"_blank\" rel=\"noreferrer noopener\">Bund f\u00fcr soziale Verteidigung BSV<\/a> ruft die ukrainische Regierung auf, auf milit\u00e4rischen Widerstand zu verzichten, sondern stattdessen zivilen Widerstand zu proklamieren. Die ukrainische Bev\u00f6lkerung ruft der BSV auf, einer m\u00f6glichen von Russland eingesetzten neuen Regierung jeden Gehorsam zu verweigern.<\/p>\n\n\n\n<p>Der <a href=\"https:\/\/www.versoehnungsbund.de\/\" target=\"_blank\" rel=\"noreferrer noopener\">deutsche Zweig des Internationalen Vers\u00f6hnungsbundes<\/a> erkl\u00e4rt seine Solidarit\u00e4t mit den pazifistischen Gruppen in der Ukraine und in Russland. Er unterst\u00fctzt eine Erkl\u00e4rung der Ukrainischen Pazifistischen Bewegung zum Einmarsch der russischen Truppen. Diese fordert unter anderem den Abzug aller Truppen, Einstellung aller Lieferungen von Waffen und milit\u00e4rischer Ausr\u00fcstung, Einstellung der vollst\u00e4ndigen Mobilisierung der Bev\u00f6lkerung f\u00fcr den Krieg, Einstellung der Kriegspropaganda und der Feindseligkeit zwischen den Bev\u00f6lkerungsgruppen, in den Medien und sozialen Netzwerken. Au\u00dferdem die Verankerung der Neutralit\u00e4t der Ukraine in der Verfassung des Landes.<\/p>\n\n\n\n<p>Die ausf\u00fchrlichen Stellungnahmen der einzelnen Organisationen:<\/p>\n\n\n\n<p><strong>Nein zum Krieg! \u2013 Friedensnobelpreistr\u00e4gerorganisation IPPNW fordert diplomatische L\u00f6sungen<\/strong><\/p>\n\n\n\n<p>Die \u00e4rztliche Friedensorganisation <a href=\"https:\/\/www.ippnw.de\/startseite.html\" target=\"_blank\" rel=\"noreferrer noopener\">Internationale \u00c4rzte f\u00fcr die Verh\u00fctung des Atomkrieges, \u00c4rzte in sozialer Verantwortung e. V. IPPNW<\/a> verurteilt den v\u00f6lkerrechtswidrigen russischen Milit\u00e4rangriff auf die Ukraine auf das Sch\u00e4rfste. Sie fordert die Bundesregierung auf, sich gegen\u00fcber der russischen Regierung f\u00fcr die sofortige Einstellung aller milit\u00e4rischen Aktivit\u00e4ten, den R\u00fcckzug aller Truppen und eine R\u00fcckkehr zu Verhandlungen einzusetzen. Die \u00c4rzt*innenorganisation sieht eine diplomatische L\u00f6sung als immer noch m\u00f6glich und fordert alle Seiten auf, nicht weiter zu eskalieren. Es m\u00fcsse \u00fcber einen sofortigen Waffenstillstand verhandelt werden.<\/p>\n\n\n\n<p>\u201cUnsere Sorgen gelten jetzt den Menschen in der Ukraine, die durch die humanit\u00e4ren Folgen von Krieg und Flucht betroffen sind. Die Situation ist f\u00fcr die Menschen in der Ukraine extrem traumatisierend. Es wird unmittelbare Kriegsopfer geben. Die medizinische Versorgung im Land ist gef\u00e4hrdet. Die Sanktionen werden vor allem die russische Zivilbev\u00f6lkerung stark treffen\u201d, so IPPNW-Vorstandsvorsitzende Dr. med. Angelika Clau\u00dfen.<\/p>\n\n\n\n<p>Die IPPNW weist zudem auf die Gefahren hin, die von den 15 Atomkraftwerken an vier Standorten in der Ukraine durch Milit\u00e4rangriffe ausgehen. Selbst wenn die Reaktorstandorte, die 50 Prozent des ukrainischen Strombedarfs decken, nicht direkt in der Konfliktzone liegen, k\u00f6nnten Milit\u00e4rangriffe katastrophale Folgen haben \u2013 durch die Zerst\u00f6rung von Infrastruktur oder Stromausf\u00e4llen steigt auch die Gefahr eines Reaktorungl\u00fccks. Der Tschernobyl-Reaktor und die Sperrzone sind potenziell gef\u00e4hrdet.<\/p>\n\n\n\n<p>\u201eWir sind zutiefst betroffen, dass alle diplomatischen L\u00f6sungsvorschl\u00e4ge von Friedensforscher*innen f\u00fcr den Konflikt zwischen der NATO und Russland ignoriert wurden\u201c, so Clau\u00dfen weiter. \u201eWir bef\u00fcrchten, dass Sanktionen, weitere NATO-Truppenverlegungen und Milit\u00e4rman\u00f6ver sowie Waffenlieferungen die Situation weiter eskalieren. Das k\u00f6nnte zu einer Destabilisierung und einem humanit\u00e4ren Desaster f\u00fchren. Wir fordern alle Seiten auf, wieder auf Dialog zu setzen \u2013 so schwer das in einer eskalierten Situation auch ist. Die Gespr\u00e4chskan\u00e4le auf allen Ebenen m\u00fcssen offen gehalten werden. Wir brauchen einen sofortigen Waffenstillstand und eine politische L\u00f6sung des Konfliktes zwischen der NATO und Russland auf der Basis der Prinzipien der gemeinsamen Sicherheit\u201c, so Clau\u00dfen abschlie\u00dfend.<\/p>\n\n\n\n<p>Der Krieg hat seit 2014 bereits 13.000 Menschen das Leben gekostet, darunter rund 3000 Zivilist*innen. Drei Millionen Menschen mussten aus dem&nbsp; Osten des Landes fliehen, zwei Millionen davon suchten als Binnenvertriebene im Westteil des Landes Schutz.<\/p>\n\n\n\n<p>\u201cStatt von westlicher Seite weiter an der wirtschaftspolitischen und milit\u00e4rischen Gewaltspirale zu drehen, muss es neue diplomatische Initiativen geben. Sonst droht eine weitere Eskalation, die sowohl Westeuropa direkt betreffen als auch zu einem Einsatz von Atomwaffen f\u00fchren kann, wenn die Dynamik der Geschehnisse weiter au\u00dfer Kontrolle ger\u00e4t\u201d, erg\u00e4nzt Lars Pohlmeier, Co-Vorsitzende der IPPNW.<\/p>\n\n\n\n<p>Am Sonntag, den 27. Februar, organisiert die IPPNW gemeinsam mit anderen zivilgesellschaftlichen Organsationen, darunter unter anderen Campact, Verdi, BUND, Seebr\u00fccke und die Naturfreunde, eine gro\u00dfangelegte Demonstration gegen den Ukraine-Krieg in Berlin.<\/p>\n\n\n\n<p><strong>BSV-Appell an alle Seiten<\/strong><\/p>\n\n\n\n<p>Der <a href=\"https:\/\/www.soziale-verteidigung.de\/\" target=\"_blank\" rel=\"noreferrer noopener\">Bund f\u00fcr soziale Verteidigung BSV<\/a> hat heute fr\u00fch einen Appell an die Kriegsparteien und die internationale Staatengemeinschaft formuliert:<\/p>\n\n\n\n<ul class=\"wp-block-list\"><li>Wir rufen Russland auf, sofort alle Angriffe einzustellen und seine Truppen von den Grenzen zur Ukraine zur\u00fcckzuziehen.<\/li><li>Wir rufen die Menschen in Lugansk und Donetz auf, der russischen Regierung deutlich zu machen, dass sie ihr Schicksal selbst bestimmen wollen, nicht um den Preis eines Krieges.<\/li><li>Wir rufen die ukrainische Regierung auf, auf milit\u00e4rischen Widerstand zu verzichten, sondern stattdessen zivilen Widerstand zu proklamieren.<\/li><li>Wir rufen die ukrainische Bev\u00f6lkerung auf, einer m\u00f6glichen von Russland eingesetzten neuen Regierung jeden Gehorsam zu verweigern. Das nennt man Soziale Verteidigung. Wenn sich alle den Anweisungen Russlands verweigern, falls Russland die Ukraine besetzt, dann kann es seine Ziele letztlich nicht erreichen.<\/li><li>Wir rufen auch die russische Bev\u00f6lkerung und die russischen Soldat*innen auf, jeden Gehorsam gegen\u00fcber den Kriegshandlungen ihrer Regierung zu verweigern, gewaltfreien Widerstand zu leisten und eine Absetzung des Putin-Regimes herbeizuf\u00fchren. Auch das geh\u00f6rt zur Soziale Verteidigung.<\/li><li>Wir rufen Russland, die UNO, die OSZE, die NATO und alle Regierungen auf, sofort Verhandlungen aufzunehmen.<\/li><li>Wir rufen die NATO-Mitglieder auf, bei ihrer Reaktion auf die russische Aggression Ma\u00df walten zu lassen und nicht die russische Bev\u00f6lkerung f\u00fcr die Verbrechen ihrer F\u00fchrung b\u00fc\u00dfen zu lassen.<\/li><\/ul>\n\n\n\n<p><strong>Stellungnahme des Internationalen Vers\u00f6hnungsbundes<\/strong><\/p>\n\n\n\n<p>Der <a href=\"https:\/\/www.versoehnungsbund.de\/\" target=\"_blank\" rel=\"noreferrer noopener\">deutsche Zweig des Internationalen Vers\u00f6hnungsbundes<\/a> hat folgende Erkl\u00e4rung verfasst:<\/p>\n\n\n\n<p>Der deutsche Zweig des Internationalen Vers\u00f6hnungsbundes ist entsetzt, dass der Konflikt in der Ukraine so eskaliert ist. Krieg in jederlei Form ist ein Verbrechen gegen die Menschlichkeit. Er eignet sich in keinster Weise, um Konflikte nachhaltig zu l\u00f6sen.<\/p>\n\n\n\n<p>Deshalb erkl\u00e4rt der Vers\u00f6hnungsbund seine Solidarit\u00e4t mit den pazifistischen Gruppen in der Ukraine und in Russland. Er unterst\u00fctzt die nachfolgende Erkl\u00e4rung der Ukrainischen Pazifistischen Bewegung:<\/p>\n\n\n\n<p><em>\u201eWir fordern die weltweite Deeskalation und Abr\u00fcstung, die Aufl\u00f6sung von Milit\u00e4rb\u00fcndnissen, die Beseitigung von Armeen und Grenzen, die Menschen trennen.<\/em><\/p>\n\n\n\n<p><em>Wir fordern eine sofortige friedliche Beilegung des bewaffneten Konflikts in der Ostukraine, um Donezk und Luhansk, auf dieser Grundlage:<\/em><\/p>\n\n\n\n<ol class=\"wp-block-list\" type=\"1\"><li><em>Absolute Einhaltung eines Waffenstillstands durch alle pro-ukrainischen und pro-russischen Kombattanten und strikte Einhaltung des Ma\u00dfnahmenpakets zur Umsetzung der Minsker Vereinbarungen, genehmigt durch die Resolution 2202 (2015) des UN-Sicherheitsrats;<\/em><\/li><li><em>Abzug aller Truppen, Einstellung aller Lieferungen von Waffen und milit\u00e4rischer Ausr\u00fcstung, Einstellung der vollst\u00e4ndigen Mobilisierung der Bev\u00f6lkerung f\u00fcr den Krieg, Einstellung der Kriegspropaganda und der Feindseligkeit zwischen den Bev\u00f6lkerungsgruppen, in den Medien und sozialen Netzwerken;<\/em><\/li><li><em>F\u00fchrung offener, inklusiver und umfassender Friedens- und Abr\u00fcstungsverhandlungen in Form eines \u00f6ffentlichen Dialogs zwischen allen staatlichen und nichtstaatlichen Konfliktparteien unter Beteiligung friedensf\u00f6rdernder und zivilgesellschaftlicher Akteure;<\/em><\/li><li><em>die Verankerung der Neutralit\u00e4t unseres Landes in der Verfassung der Ukraine;<\/em><\/li><li><em>Gew\u00e4hrleistung des Menschenrechts auf Kriegsdienstverweigerung aus Gewissensgr\u00fcnden (einschlie\u00dflich der Verweigerung, zum Milit\u00e4rdienst ausgebildet zu werden) &#8230;<\/em><\/li><\/ol>\n\n\n\n<p><em>Krieg ist ein Verbrechen gegen die Menschlichkeit. Deshalb sind wir entschlossen, keinerlei Krieg zu unterst\u00fctzen und uns f\u00fcr die Beseitigung aller Kriegsursachen zu bem\u00fchen.\u201c<\/em><\/p>\n\n\n\n<p>(<a href=\"https:\/\/de.connection-ev.org\/article-3444\" target=\"_blank\" rel=\"noreferrer noopener\">https:\/\/de.connection-ev.org\/article-3444<\/a>)<\/p>\n\n\n\n<p>Aus dieser Solidarit\u00e4t heraus fordert der deutsche Zweig des internationalen Vers\u00f6hnungsbundes die Bundesregierung auf, verfolgten Friedensgruppenmitgliedern, Kriegsdienstverweigerern und Opfern von Vergewaltigungen als Kriegswaffe in Deutschland Asyl zu gew\u00e4hren.<\/p>\n\n\n\n<p>Dar\u00fcber hinaus fordert er die Bundesregierung auf, alle zur Verf\u00fcgung stehenden Mittel zur Deeskalation des Konfliktes zu nutzen und sich einzusetzen f\u00fcr:<\/p>\n\n\n\n<ol class=\"wp-block-list\" type=\"1\"><li>Einen sofortigen Waffenstillstand und die Erarbeitung eines neuen Waffenstillstandsabkommens auf der Grundlage des Minsk II-Abkommens.<\/li><li>Vertrauensbildende Ma\u00dfnahmen: Anbieten eines Nato-Aufnahme-Moratoriums und R\u00fcckkehr zu Vertr\u00e4gen wie dem Open-Skies-Abkommen.<\/li><li>Die Unterst\u00fctzung humanit\u00e4rer Hilfe vor Ort wie sie zum Beispiel Caritas International leistet.<\/li><\/ol>\n\n\n\n<div class=\"wp-block-columns is-layout-flex wp-container-core-columns-is-layout-9d6595d7 wp-block-columns-is-layout-flex\">\n<div class=\"wp-block-column is-layout-flow wp-block-column-is-layout-flow\" style=\"flex-basis:33.33%\">\n<figure class=\"wp-block-image size-full\"><a href=\"https:\/\/www.ippnw.de\/startseite.html\" target=\"_blank\" rel=\"noopener\"><img loading=\"lazy\" decoding=\"async\" width=\"849\" height=\"784\" src=\"https:\/\/www.sinn-schaffen.de\/frieden\/wp-content\/uploads\/sites\/16\/2018\/06\/AngelikaClaussenKK.jpg\" alt=\"\" class=\"wp-image-86\" title=\"Foto: IPPNW\"><\/a><\/figure>\n<\/div>\n\n\n\n<div class=\"wp-block-column is-layout-flow wp-block-column-is-layout-flow\" style=\"flex-basis:66.66%\">\n<p>Dr. Angelika Clau\u00dfen ist Pr\u00e4sidentin von <a href=\"https:\/\/www.ippnw.de\/startseite.html\" target=\"_blank\" rel=\"noreferrer noopener\">IPPNW Europa (International Physicians for the Prevention of Nuclear War; deutsche Sektion: IPPNW Deutschland \u2013 Internationale \u00c4rzte f\u00fcr die Verh\u00fctung des Atomkrieges, \u00c4rzte in sozialer Verantwortung e.V.)<\/a><\/p>\n\n\n\n<figure class=\"wp-block-image size-large is-resized\"><a href=\"https:\/\/www.ippnw.de\/startseite.html\" target=\"_blank\" rel=\"noopener\"><img loading=\"lazy\" decoding=\"async\" src=\"https:\/\/www.sinn-schaffen.de\/frieden\/wp-content\/uploads\/sites\/16\/2018\/05\/IPPNW-Logo-864x1024.jpg\" alt=\"\" class=\"wp-image-24\" width=\"210\" height=\"249\" title=\"\"><\/a><\/figure>\n<\/div>\n<\/div>\n\n\n\n<div class=\"wp-block-columns is-layout-flex wp-container-core-columns-is-layout-9d6595d7 wp-block-columns-is-layout-flex\">\n<div class=\"wp-block-column is-layout-flow wp-block-column-is-layout-flow\" style=\"flex-basis:33.33%\">\n<figure class=\"wp-block-image size-full\"><a href=\"https:\/\/www.soziale-verteidigung.de\/\" target=\"_blank\" rel=\"noopener\"><img loading=\"lazy\" decoding=\"async\" width=\"409\" height=\"591\" src=\"https:\/\/www.sinn-schaffen.de\/frieden\/wp-content\/uploads\/sites\/16\/2022\/02\/ChristineSchweitzer.jpg\" alt=\"\" class=\"wp-image-520\" title=\"Foto: BSV\"><\/a><\/figure>\n<\/div>\n\n\n\n<div class=\"wp-block-column is-layout-flow wp-block-column-is-layout-flow\" style=\"flex-basis:66.66%\">\n<p>Dr. Christine Schweitzer ist Gesch\u00e4ftsf\u00fchrerin des <a href=\"https:\/\/www.soziale-verteidigung.de\/\" target=\"_blank\" rel=\"noreferrer noopener\">Bund f\u00fcr Soziale Verteidigung (BSV)<\/a>.<\/p>\n\n\n\n<figure class=\"wp-block-image size-full is-resized\"><a href=\"https:\/\/www.soziale-verteidigung.de\/\" target=\"_blank\" rel=\"noopener\"><img loading=\"lazy\" decoding=\"async\" src=\"https:\/\/www.sinn-schaffen.de\/frieden\/wp-content\/uploads\/sites\/16\/2022\/02\/BSV_Logo_4c.jpg\" alt=\"\" class=\"wp-image-521\" width=\"218\" height=\"218\" title=\"\"><\/a><\/figure>\n<\/div>\n<\/div>\n\n\n\n<div class=\"wp-block-columns is-layout-flex wp-container-core-columns-is-layout-9d6595d7 wp-block-columns-is-layout-flex\">\n<div class=\"wp-block-column is-layout-flow wp-block-column-is-layout-flow\" style=\"flex-basis:33.33%\">\n<figure class=\"wp-block-image size-full is-resized\"><a href=\"https:\/\/www.versoehnungsbund.de\/\" target=\"_blank\" rel=\"noopener\"><img loading=\"lazy\" decoding=\"async\" src=\"https:\/\/www.sinn-schaffen.de\/frieden\/wp-content\/uploads\/sites\/16\/2020\/05\/Annette-Nauerth.jpg\" alt=\"\" class=\"wp-image-280\" width=\"267\" height=\"328\" title=\"Foto: Internationaler Vers\u00f6hnungsbund\"><\/a><\/figure>\n<\/div>\n\n\n\n<div class=\"wp-block-column is-layout-flow wp-block-column-is-layout-flow\" style=\"flex-basis:66.66%\">\n<p>Annette Nauerth ist Vorsitzende des <a href=\"https:\/\/www.versoehnungsbund.de\/\" target=\"_blank\" rel=\"noreferrer noopener\">Internationalen Vers\u00f6hnungsbundes<\/a>.<\/p>\n\n\n\n<figure class=\"wp-block-image size-full\"><a href=\"https:\/\/www.versoehnungsbund.de\/\" target=\"_blank\" rel=\"noopener\"><img loading=\"lazy\" decoding=\"async\" width=\"363\" height=\"124\" src=\"https:\/\/www.sinn-schaffen.de\/frieden\/wp-content\/uploads\/sites\/16\/2019\/11\/Versoehungsbund.jpg\" alt=\"\" class=\"wp-image-213\" title=\"\"><\/a><\/figure>\n<\/div>\n<\/div>\n","protected":false},"excerpt":{"rendered":"<p>Internationale \u00c4rzte f\u00fcr die Verh\u00fctung des Atomkrieges, \u00c4rzte in sozialer Verantwortung e. V. IPPNW weist auf die Gefahren hin, die von den 15 Atomkraftwerken an vier Standorten in der Ukraine durch Milit\u00e4rangriffe ausgehen. Der Bund f\u00fcr soziale Verteidigung BSV ruft die ukrainische Bev\u00f6lkerung auf, einer m\u00f6glichen von Russland eingesetzten neuen Regierung jeden Gehorsam zu verweigern. &hellip; <\/p>\n<p class=\"link-more\"><a href=\"https:\/\/www.sinn-schaffen.de\/frieden\/deutsche-friedensorganisationen-verurteilen-den-voelkerrechtswidrigen-russischen-militaerangriff-auf-die-ukraine\/\" class=\"more-link\"><span class=\"screen-reader-text\">\u201eDeutsche Friedensorganisationen verurteilen den v\u00f6lkerrechtswidrigen russischen Milit\u00e4rangriff auf die Ukraine\u201c<\/span> weiterlesen<\/a><\/p>\n","protected":false},"author":1,"featured_media":0,"parent":0,"menu_order":26,"comment_status":"closed","ping_status":"closed","template":"","meta":{"footnotes":""},"class_list":["post-550","page","type-page","status-publish","hentry"],"_links":{"self":[{"href":"https:\/\/www.sinn-schaffen.de\/frieden\/wp-json\/wp\/v2\/pages\/550","targetHints":{"allow":["GET"]}}],"collection":[{"href":"https:\/\/www.sinn-schaffen.de\/frieden\/wp-json\/wp\/v2\/pages"}],"about":[{"href":"https:\/\/www.sinn-schaffen.de\/frieden\/wp-json\/wp\/v2\/types\/page"}],"author":[{"embeddable":true,"href":"https:\/\/www.sinn-schaffen.de\/frieden\/wp-json\/wp\/v2\/users\/1"}],"replies":[{"embeddable":true,"href":"https:\/\/www.sinn-schaffen.de\/frieden\/wp-json\/wp\/v2\/comments?post=550"}],"version-history":[{"count":5,"href":"https:\/\/www.sinn-schaffen.de\/frieden\/wp-json\/wp\/v2\/pages\/550\/revisions"}],"predecessor-version":[{"id":557,"href":"https:\/\/www.sinn-schaffen.de\/frieden\/wp-json\/wp\/v2\/pages\/550\/revisions\/557"}],"wp:attachment":[{"href":"https:\/\/www.sinn-schaffen.de\/frieden\/wp-json\/wp\/v2\/media?parent=550"}],"curies":[{"name":"wp","href":"https:\/\/api.w.org\/{rel}","templated":true}]}}