{"id":170,"date":"2020-06-10T15:46:57","date_gmt":"2020-06-10T13:46:57","guid":{"rendered":"https:\/\/www.sinn-schaffen.de\/heiderose-gaertner-schultz\/?page_id=170"},"modified":"2020-06-10T15:51:31","modified_gmt":"2020-06-10T13:51:31","slug":"nach-der-krise-ist-vor-der-krise-oder-wie-auch-immer-5-juni-2020","status":"publish","type":"page","link":"https:\/\/www.sinn-schaffen.de\/heiderose-gaertner-schultz\/nach-der-krise-ist-vor-der-krise-oder-wie-auch-immer-5-juni-2020\/","title":{"rendered":"Nach der Krise ist vor der Krise, oder wie auch immer? 5. Juni 2020"},"content":{"rendered":"\n<p>Beim Lesen in den neueren soziologischen Einsch\u00e4tzungen unserer Gesellschaft stie\u00df ich auf das Wort \u201eIdiosynkrasie\u201c. Ich hatte es schon einmal geh\u00f6rt oder gelesen, war mir seiner Bedeutung aber nicht sicher. Ein Zusammenhang fiel mir ein, dass durch eine unbedachte Diagnose ein Krankheitsempfinden ausgel\u00f6st werden kann. Das passte als Bedeutung aber nicht. Nun, im Zusammenhang mit der Soziologie bedeutet es weniger \u00dcberempfindlichkeit als eher Eigent\u00fcmlichkeit, fand ich heraus.<\/p>\n\n\n\n<p>Also so etwas \u00c4hnliches wie Eigent\u00fcmlichkeiten werden zum Trend und definieren eine soziale Gruppe. Die individuelle Darstellung wird zum wichtigen Wert im Leben, soweit eine Theorie zu unserer Gesellschaft.<\/p>\n\n\n\n<p>Das Klopapierhorten w\u00e4hrend der Coronakrise hat sich nicht zum Dauerhype entwickelt, und ich verspreche, nicht \u00fcber die \u00dcberproduktion von Toilettenpapier nach Corona zu schreiben, was aber vielleicht lohnend w\u00e4re. Vielmehr m\u00f6chte ich der bisher in der Diskussion zu kurz gekommene Lippenstiftindustrie ins rechte Licht r\u00fccken. Ihr Leiden soll nun endlich Geh\u00f6r finden.<\/p>\n\n\n\n<p>Wieso? Davon haben wir noch nicht geh\u00f6rt, werden Einige anmerken. Da muss ich dann zur\u00fcckfragen: Wer von ihnen war mit Mund- und Nasenschutz nach dem Auftragen eines Lippenstiftes unterwegs? Die wenigsten von Ihnen? Okay! Das Selbstexperiment hat ergeben, dass es eine gr\u00f6\u00dfere Schweinerei ist. Kaum habe ich sie zum Einkaufen aufgezogen, war meine wei\u00dfe Baumwollmaske r\u00f6tlich angeschimmert. Nach dem Abziehen vergr\u00f6\u00dferte sich das Malheur, und zwar nicht nur auf dem Mund- und Nasenschutz, sondern auch auf meinem Gesicht.<\/p>\n\n\n\n<p>Ich verbinde damit nun die Bef\u00fcrchtung, dass ein weiterer Industriezweig, die Lippenstiftproduktion, unterst\u00fctzt werden muss. Man denke nur an die Zulieferer, wie Creme- und Farbproduzenten. Die unabsehbaren Folgen einer schwierigen Lage.<\/p>\n","protected":false},"excerpt":{"rendered":"<p>Beim Lesen in den neueren soziologischen Einsch\u00e4tzungen unserer Gesellschaft stie\u00df ich auf das Wort \u201eIdiosynkrasie\u201c. Ich hatte es schon einmal geh\u00f6rt oder gelesen, war mir seiner Bedeutung aber nicht sicher. Ein Zusammenhang fiel mir ein, dass durch eine unbedachte Diagnose ein Krankheitsempfinden ausgel\u00f6st werden kann. Das passte als Bedeutung aber nicht. Nun, im Zusammenhang mit <a href='https:\/\/www.sinn-schaffen.de\/heiderose-gaertner-schultz\/nach-der-krise-ist-vor-der-krise-oder-wie-auch-immer-5-juni-2020\/' class='excerpt-more'>[&#8230;]<\/a><\/p>\n","protected":false},"author":1,"featured_media":0,"parent":0,"menu_order":3,"comment_status":"closed","ping_status":"closed","template":"","meta":{"footnotes":""},"class_list":["post-170","page","type-page","status-publish","hentry","post-seq-1","post-parity-odd","meta-position-left-pullout","fix"],"_links":{"self":[{"href":"https:\/\/www.sinn-schaffen.de\/heiderose-gaertner-schultz\/wp-json\/wp\/v2\/pages\/170","targetHints":{"allow":["GET"]}}],"collection":[{"href":"https:\/\/www.sinn-schaffen.de\/heiderose-gaertner-schultz\/wp-json\/wp\/v2\/pages"}],"about":[{"href":"https:\/\/www.sinn-schaffen.de\/heiderose-gaertner-schultz\/wp-json\/wp\/v2\/types\/page"}],"author":[{"embeddable":true,"href":"https:\/\/www.sinn-schaffen.de\/heiderose-gaertner-schultz\/wp-json\/wp\/v2\/users\/1"}],"replies":[{"embeddable":true,"href":"https:\/\/www.sinn-schaffen.de\/heiderose-gaertner-schultz\/wp-json\/wp\/v2\/comments?post=170"}],"version-history":[{"count":2,"href":"https:\/\/www.sinn-schaffen.de\/heiderose-gaertner-schultz\/wp-json\/wp\/v2\/pages\/170\/revisions"}],"predecessor-version":[{"id":172,"href":"https:\/\/www.sinn-schaffen.de\/heiderose-gaertner-schultz\/wp-json\/wp\/v2\/pages\/170\/revisions\/172"}],"wp:attachment":[{"href":"https:\/\/www.sinn-schaffen.de\/heiderose-gaertner-schultz\/wp-json\/wp\/v2\/media?parent=170"}],"curies":[{"name":"wp","href":"https:\/\/api.w.org\/{rel}","templated":true}]}}