{"id":213,"date":"2018-08-03T14:39:27","date_gmt":"2018-08-03T12:39:27","guid":{"rendered":"https:\/\/www.sinn-schaffen.de\/juergen-zubiller\/?page_id=213"},"modified":"2018-08-03T15:01:09","modified_gmt":"2018-08-03T13:01:09","slug":"juergen-zubiller-die-voelklinger-huette-ii","status":"publish","type":"page","link":"https:\/\/www.sinn-schaffen.de\/juergen-zubiller\/juergen-zubiller-die-voelklinger-huette-ii\/","title":{"rendered":"J\u00fcrgen Zubiller: Die V\u00f6lklinger H\u00fctte, II"},"content":{"rendered":"<div id=\"metaslider-id-199\" style=\"max-width: 700px;\" class=\"ml-slider-3-98-0 metaslider metaslider-flex metaslider-199 ml-slider ml-slider-lightbox-1-13-4 firelight-lightbox-2-3-15 ms-theme-default\" role=\"region\" aria-roledescription=\"Slideshow\" aria-label=\"V\u00f6lklinger H\u00fctte II\" data-width=\"700\">\n    <div id=\"metaslider_container_199\">\n        <div id=\"metaslider_199\">\n            <ul class='slides'>\n                <li style=\"display: block; width: 100%;\" class=\"slide-200 ms-image \" aria-roledescription=\"slide\" aria-label=\"slide-200\" data-date=\"2018-08-03 14:38:06\"><a href=\"https:\/\/www.sinn-schaffen.de\/juergen-zubiller\/wp-content\/uploads\/sites\/11\/2018\/08\/JuergenZubillerVoelklingen0201.jpg\" target=\"_self\" aria-label=\"View Slide Details\" class=\"metaslider_image_link\" rel=\"lightbox[199]\"><img loading=\"lazy\" decoding=\"async\" width=\"1024\" height=\"680\" src=\"https:\/\/www.sinn-schaffen.de\/juergen-zubiller\/wp-content\/uploads\/sites\/11\/2018\/08\/JuergenZubillerVoelklingen0201.jpg\" class=\"slider-199 slide-200\" alt=\"\" rel=\"\" title=\"JuergenZubillerVoelklingen0201\" style=\"margin-top: 2.5111607142857%\" sizes=\"auto, 100vw\" \/><\/a><\/li>\n                <li style=\"display: none; width: 100%;\" class=\"slide-201 ms-image \" aria-roledescription=\"slide\" aria-label=\"slide-201\" data-date=\"2018-08-03 14:38:06\"><a href=\"https:\/\/www.sinn-schaffen.de\/juergen-zubiller\/wp-content\/uploads\/sites\/11\/2018\/08\/JuergenZubillerVoelklingen0202.jpg\" target=\"_self\" aria-label=\"View Slide Details\" class=\"metaslider_image_link\" rel=\"lightbox[199]\"><img loading=\"lazy\" decoding=\"async\" width=\"1024\" height=\"680\" src=\"https:\/\/www.sinn-schaffen.de\/juergen-zubiller\/wp-content\/uploads\/sites\/11\/2018\/08\/JuergenZubillerVoelklingen0202.jpg\" class=\"slider-199 slide-201\" alt=\"\" rel=\"\" title=\"JuergenZubillerVoelklingen0202\" style=\"margin-top: 2.5111607142857%\" sizes=\"auto, 100vw\" \/><\/a><\/li>\n                <li style=\"display: none; width: 100%;\" class=\"slide-202 ms-image \" aria-roledescription=\"slide\" aria-label=\"slide-202\" data-date=\"2018-08-03 14:38:06\"><a href=\"https:\/\/www.sinn-schaffen.de\/juergen-zubiller\/wp-content\/uploads\/sites\/11\/2018\/08\/JuergenZubillerVoelklingen0203.jpg\" target=\"_self\" aria-label=\"View Slide Details\" class=\"metaslider_image_link\" rel=\"lightbox[199]\"><img loading=\"lazy\" decoding=\"async\" width=\"1024\" height=\"680\" src=\"https:\/\/www.sinn-schaffen.de\/juergen-zubiller\/wp-content\/uploads\/sites\/11\/2018\/08\/JuergenZubillerVoelklingen0203.jpg\" class=\"slider-199 slide-202\" alt=\"\" rel=\"\" title=\"JuergenZubillerVoelklingen0203\" style=\"margin-top: 2.5111607142857%\" sizes=\"auto, 100vw\" \/><\/a><\/li>\n                <li style=\"display: none; width: 100%;\" class=\"slide-203 ms-image \" aria-roledescription=\"slide\" aria-label=\"slide-203\" data-date=\"2018-08-03 14:38:07\"><a href=\"https:\/\/www.sinn-schaffen.de\/juergen-zubiller\/wp-content\/uploads\/sites\/11\/2018\/08\/JuergenZubillerVoelklingen0204.jpg\" target=\"_self\" aria-label=\"View Slide Details\" class=\"metaslider_image_link\" rel=\"lightbox[199]\"><img loading=\"lazy\" decoding=\"async\" width=\"680\" height=\"1024\" src=\"https:\/\/www.sinn-schaffen.de\/juergen-zubiller\/wp-content\/uploads\/sites\/11\/2018\/08\/JuergenZubillerVoelklingen0204.jpg\" class=\"slider-199 slide-203\" alt=\"\" rel=\"\" title=\"JuergenZubillerVoelklingen0204\" style=\"margin: 0 auto; width: 47.433035714286%\" sizes=\"auto, 100vw\" \/><\/a><\/li>\n                <li style=\"display: none; width: 100%;\" class=\"slide-204 ms-image \" aria-roledescription=\"slide\" aria-label=\"slide-204\" data-date=\"2018-08-03 14:38:07\"><a href=\"https:\/\/www.sinn-schaffen.de\/juergen-zubiller\/wp-content\/uploads\/sites\/11\/2018\/08\/JuergenZubillerVoelklingen0205.jpg\" target=\"_self\" aria-label=\"View Slide Details\" class=\"metaslider_image_link\" rel=\"lightbox[199]\"><img loading=\"lazy\" decoding=\"async\" width=\"680\" height=\"1024\" src=\"https:\/\/www.sinn-schaffen.de\/juergen-zubiller\/wp-content\/uploads\/sites\/11\/2018\/08\/JuergenZubillerVoelklingen0205.jpg\" class=\"slider-199 slide-204\" alt=\"\" rel=\"\" title=\"JuergenZubillerVoelklingen0205\" style=\"margin: 0 auto; width: 47.433035714286%\" sizes=\"auto, 100vw\" \/><\/a><\/li>\n                <li style=\"display: none; width: 100%;\" class=\"slide-205 ms-image \" aria-roledescription=\"slide\" aria-label=\"slide-205\" data-date=\"2018-08-03 14:38:07\"><a href=\"https:\/\/www.sinn-schaffen.de\/juergen-zubiller\/wp-content\/uploads\/sites\/11\/2018\/08\/JuergenZubillerVoelklingen0206.jpg\" target=\"_self\" aria-label=\"View Slide Details\" class=\"metaslider_image_link\" rel=\"lightbox[199]\"><img loading=\"lazy\" decoding=\"async\" width=\"1024\" height=\"680\" src=\"https:\/\/www.sinn-schaffen.de\/juergen-zubiller\/wp-content\/uploads\/sites\/11\/2018\/08\/JuergenZubillerVoelklingen0206.jpg\" class=\"slider-199 slide-205\" alt=\"\" rel=\"\" title=\"JuergenZubillerVoelklingen0206\" style=\"margin-top: 2.5111607142857%\" sizes=\"auto, 100vw\" \/><\/a><\/li>\n                <li style=\"display: none; width: 100%;\" class=\"slide-206 ms-image \" aria-roledescription=\"slide\" aria-label=\"slide-206\" data-date=\"2018-08-03 14:38:07\"><a href=\"https:\/\/www.sinn-schaffen.de\/juergen-zubiller\/wp-content\/uploads\/sites\/11\/2018\/08\/JuergenZubillerVoelklingen0207.jpg\" target=\"_self\" aria-label=\"View Slide Details\" class=\"metaslider_image_link\" rel=\"lightbox[199]\"><img loading=\"lazy\" decoding=\"async\" width=\"1024\" height=\"680\" src=\"https:\/\/www.sinn-schaffen.de\/juergen-zubiller\/wp-content\/uploads\/sites\/11\/2018\/08\/JuergenZubillerVoelklingen0207.jpg\" class=\"slider-199 slide-206\" alt=\"\" rel=\"\" title=\"JuergenZubillerVoelklingen0207\" style=\"margin-top: 2.5111607142857%\" sizes=\"auto, 100vw\" \/><\/a><\/li>\n                <li style=\"display: none; width: 100%;\" class=\"slide-207 ms-image \" aria-roledescription=\"slide\" aria-label=\"slide-207\" data-date=\"2018-08-03 14:38:07\"><a href=\"https:\/\/www.sinn-schaffen.de\/juergen-zubiller\/wp-content\/uploads\/sites\/11\/2018\/08\/JuergenZubillerVoelklingen0208.jpg\" target=\"_self\" aria-label=\"View Slide Details\" class=\"metaslider_image_link\" rel=\"lightbox[199]\"><img loading=\"lazy\" decoding=\"async\" width=\"680\" height=\"1024\" src=\"https:\/\/www.sinn-schaffen.de\/juergen-zubiller\/wp-content\/uploads\/sites\/11\/2018\/08\/JuergenZubillerVoelklingen0208.jpg\" class=\"slider-199 slide-207\" alt=\"\" rel=\"\" title=\"JuergenZubillerVoelklingen0208\" style=\"margin: 0 auto; width: 47.433035714286%\" sizes=\"auto, 100vw\" \/><\/a><\/li>\n                <li style=\"display: none; width: 100%;\" class=\"slide-208 ms-image \" aria-roledescription=\"slide\" aria-label=\"slide-208\" data-date=\"2018-08-03 14:38:07\"><a href=\"https:\/\/www.sinn-schaffen.de\/juergen-zubiller\/wp-content\/uploads\/sites\/11\/2018\/08\/JuergenZubillerVoelklingen0209.jpg\" target=\"_self\" aria-label=\"View Slide Details\" class=\"metaslider_image_link\" rel=\"lightbox[199]\"><img loading=\"lazy\" decoding=\"async\" width=\"1024\" height=\"680\" src=\"https:\/\/www.sinn-schaffen.de\/juergen-zubiller\/wp-content\/uploads\/sites\/11\/2018\/08\/JuergenZubillerVoelklingen0209.jpg\" class=\"slider-199 slide-208\" alt=\"\" rel=\"\" title=\"JuergenZubillerVoelklingen0209\" style=\"margin-top: 2.5111607142857%\" sizes=\"auto, 100vw\" \/><\/a><\/li>\n                <li style=\"display: none; width: 100%;\" class=\"slide-209 ms-image \" aria-roledescription=\"slide\" aria-label=\"slide-209\" data-date=\"2018-08-03 14:38:07\"><a href=\"https:\/\/www.sinn-schaffen.de\/juergen-zubiller\/wp-content\/uploads\/sites\/11\/2018\/08\/JuergenZubillerVoelklingen0210.jpg\" target=\"_self\" aria-label=\"View Slide Details\" class=\"metaslider_image_link\" rel=\"lightbox[199]\"><img loading=\"lazy\" decoding=\"async\" width=\"1024\" height=\"681\" src=\"https:\/\/www.sinn-schaffen.de\/juergen-zubiller\/wp-content\/uploads\/sites\/11\/2018\/08\/JuergenZubillerVoelklingen0210.jpg\" class=\"slider-199 slide-209\" alt=\"\" rel=\"\" title=\"JuergenZubillerVoelklingen0210\" style=\"margin-top: 2.4623325892857%\" sizes=\"auto, 100vw\" \/><\/a><\/li>\n                <li style=\"display: none; width: 100%;\" class=\"slide-210 ms-image \" aria-roledescription=\"slide\" aria-label=\"slide-210\" data-date=\"2018-08-03 14:38:07\"><a href=\"https:\/\/www.sinn-schaffen.de\/juergen-zubiller\/wp-content\/uploads\/sites\/11\/2018\/08\/JuergenZubillerVoelklingen0211.jpg\" target=\"_self\" aria-label=\"View Slide Details\" class=\"metaslider_image_link\" rel=\"lightbox[199]\"><img loading=\"lazy\" decoding=\"async\" width=\"768\" height=\"768\" src=\"https:\/\/www.sinn-schaffen.de\/juergen-zubiller\/wp-content\/uploads\/sites\/11\/2018\/08\/JuergenZubillerVoelklingen0211.jpg\" class=\"slider-199 slide-210\" alt=\"\" rel=\"\" title=\"JuergenZubillerVoelklingen0211\" style=\"margin: 0 auto; width: 71.428571428571%\" sizes=\"auto, 100vw\" \/><\/a><\/li>\n                <li style=\"display: none; width: 100%;\" class=\"slide-211 ms-image \" aria-roledescription=\"slide\" aria-label=\"slide-211\" data-date=\"2018-08-03 14:38:07\"><a href=\"https:\/\/www.sinn-schaffen.de\/juergen-zubiller\/wp-content\/uploads\/sites\/11\/2018\/08\/JuergenZubillerVoelklingen0212.jpg\" target=\"_self\" aria-label=\"View Slide Details\" class=\"metaslider_image_link\" rel=\"lightbox[199]\"><img loading=\"lazy\" decoding=\"async\" width=\"680\" height=\"1024\" src=\"https:\/\/www.sinn-schaffen.de\/juergen-zubiller\/wp-content\/uploads\/sites\/11\/2018\/08\/JuergenZubillerVoelklingen0212.jpg\" class=\"slider-199 slide-211\" alt=\"\" rel=\"\" title=\"JuergenZubillerVoelklingen0212\" style=\"margin: 0 auto; width: 47.433035714286%\" sizes=\"auto, 100vw\" \/><\/a><\/li>\n                <li style=\"display: none; width: 100%;\" class=\"slide-212 ms-image \" aria-roledescription=\"slide\" aria-label=\"slide-212\" data-date=\"2018-08-03 14:38:07\"><a href=\"https:\/\/www.sinn-schaffen.de\/juergen-zubiller\/wp-content\/uploads\/sites\/11\/2018\/08\/JuergenZubillerVoelklingen0213.jpg\" target=\"_self\" aria-label=\"View Slide Details\" class=\"metaslider_image_link\" rel=\"lightbox[199]\"><img loading=\"lazy\" decoding=\"async\" width=\"1024\" height=\"680\" src=\"https:\/\/www.sinn-schaffen.de\/juergen-zubiller\/wp-content\/uploads\/sites\/11\/2018\/08\/JuergenZubillerVoelklingen0213.jpg\" class=\"slider-199 slide-212\" alt=\"\" rel=\"\" title=\"JuergenZubillerVoelklingen0213\" style=\"margin-top: 2.5111607142857%\" sizes=\"auto, 100vw\" \/><\/a><\/li>\n            <\/ul>\n        <\/div>\n        \n    <\/div>\n<\/div>\n<p>\u00a9 2016 J\u00fcrgen Zubiller, Kaiserslautern.<\/p>\n","protected":false},"excerpt":{"rendered":"<p>\u00a9 2016 J\u00fcrgen Zubiller, Kaiserslautern.<\/p>\n","protected":false},"author":1,"featured_media":0,"parent":0,"menu_order":11,"comment_status":"closed","ping_status":"closed","template":"","meta":{"footnotes":""},"class_list":["post-213","page","type-page","status-publish","hentry"],"_links":{"self":[{"href":"https:\/\/www.sinn-schaffen.de\/juergen-zubiller\/wp-json\/wp\/v2\/pages\/213","targetHints":{"allow":["GET"]}}],"collection":[{"href":"https:\/\/www.sinn-schaffen.de\/juergen-zubiller\/wp-json\/wp\/v2\/pages"}],"about":[{"href":"https:\/\/www.sinn-schaffen.de\/juergen-zubiller\/wp-json\/wp\/v2\/types\/page"}],"author":[{"embeddable":true,"href":"https:\/\/www.sinn-schaffen.de\/juergen-zubiller\/wp-json\/wp\/v2\/users\/1"}],"replies":[{"embeddable":true,"href":"https:\/\/www.sinn-schaffen.de\/juergen-zubiller\/wp-json\/wp\/v2\/comments?post=213"}],"version-history":[{"count":2,"href":"https:\/\/www.sinn-schaffen.de\/juergen-zubiller\/wp-json\/wp\/v2\/pages\/213\/revisions"}],"predecessor-version":[{"id":323,"href":"https:\/\/www.sinn-schaffen.de\/juergen-zubiller\/wp-json\/wp\/v2\/pages\/213\/revisions\/323"}],"wp:attachment":[{"href":"https:\/\/www.sinn-schaffen.de\/juergen-zubiller\/wp-json\/wp\/v2\/media?parent=213"}],"curies":[{"name":"wp","href":"https:\/\/api.w.org\/{rel}","templated":true}]}}