{"id":1058,"date":"2025-05-14T17:21:42","date_gmt":"2025-05-14T15:21:42","guid":{"rendered":"https:\/\/www.sinn-schaffen.de\/klima\/?page_id=1058"},"modified":"2025-05-14T17:23:50","modified_gmt":"2025-05-14T15:23:50","slug":"neustart-fuer-die-schiene-%e2%80%91-bahnstrecken-schnellstmoeglich-reaktivieren-und-elektrifizieren","status":"publish","type":"page","link":"https:\/\/www.sinn-schaffen.de\/klima\/neustart-fuer-die-schiene-%e2%80%91-bahnstrecken-schnellstmoeglich-reaktivieren-und-elektrifizieren\/","title":{"rendered":"Neustart f\u00fcr die Schiene \u2011 Bahnstrecken schnellstm\u00f6glich reaktivieren und elektrifizieren"},"content":{"rendered":"\n<p><em>Die Deutsche Umwelthilfe und der Bundesehrenvorsitzende der Gewerkschaft der Lokomotivf\u00fchrer (GDL) Claus Weselsky fordern den Aufbau einer leistungsf\u00e4higen Schieneninfrastruktur in der Fl\u00e4che. Um abgeh\u00e4ngte Regionen wieder ans Bahnnetz anzuschlie\u00dfen, fordern sie verbindliche Vorgaben von der neuen Bundesregierung: 600 Kilometer Schiene m\u00fcssen j\u00e4hrlich elektrifiziert, 200 Kilometer stillgelegter Strecken reaktiviert werden.<\/em><\/p>\n\n\n\n<figure class=\"wp-block-image size-full\"><img loading=\"lazy\" decoding=\"async\" width=\"1024\" height=\"413\" src=\"https:\/\/www.sinn-schaffen.de\/klima\/wp-content\/uploads\/sites\/17\/2025\/05\/250514-NU-Neustart-Schiene-1.jpg\" alt=\"\" class=\"wp-image-1060\" title=\"Foto: Nata Uchava, Magdeburg\"\/><\/figure>\n\n\n\n<p><strong>(Berlin, 14. Mai 2025)<\/strong> Mit dem Regierungswechsel sollten endlich auch die Weichen in der Bahnpolitik neu gestellt werden. Die Deutsche Umwelthilfe und der Bundesehrenvorsitzende der Gewerkschaft der Lokomotivf\u00fchrer (GDL) Claus Weselsky fordern den Bundesverkehrsminister Patrick Schnieder auf, einen echten Neustart f\u00fcr die Schiene zu wagen: weg von teuren Prestigeprojekten, hin zu einer leistungsf\u00e4higen Schieneninfrastruktur in der Fl\u00e4che \u2013 f\u00fcr Menschen und G\u00fcterverkehr gleicherma\u00dfen. Um abgeh\u00e4ngte Regionen wieder ans Bahnnetz anzuschlie\u00dfen, fordern Deutsche Umwelthilfe und Weselsky verbindliche Vorgaben vom neuen Bundesverkehrsminister: 600 Kilometer Schiene m\u00fcssen j\u00e4hrlich elektrifiziert, 200 Kilometer stillgelegter Strecken reaktiviert werden.<\/p>\n\n\n\n<p>J\u00fcrgen Resch, Bundesgesch\u00e4ftsf\u00fchrer der Deutschen Umwelthilfe: \u201eAlle vier Jahre stehen in den Koalitionsvertr\u00e4gen immer weitreichendere Ank\u00fcndigungen zum System Bahn \u2013 und das Gegenteil passiert. In meinen Gespr\u00e4chen mit dem Bahnvorstand erlebe ich, wie insbesondere die Entscheidungen der Politik zur St\u00e4rkung der Schiene in der Fl\u00e4che jenseits der ICE-Rennstrecken nicht ernst genommen werden. Auf die immer vollmundigeren Versprechungen der jeweiligen Koalitionsparteien beispielsweise zur Elektrifizierung von 500 Kilometern Bahnstrecken pro Jahr antwortete der DB-Konzern mit einer gegenteiligen Politik und hat im vergangenen Jahr ganze elf Kilometer elektrifiziert. Der aktuelle Bahnvorstand hintertreibt eine funktionierende Fl\u00e4chenbahn. Wir fordern von Bundesverkehrsminister Schnieder die Sicherstellung einer Elektrifizierungsoffensive der Schiene f\u00fcr eine funktionierende, grenz\u00fcberschreitende G\u00fcterbahn unter Fahrstrom genauso wie f\u00fcr den Personenverkehr in der Fl\u00e4che. Bundesverkehrsminister Patrick Schnieder hat jetzt die historisch letzte Chance, das jahrzehntelange Missmanagement von nicht wirklich an einer B\u00fcrgerbahn interessierten Bahnmanagern zu korrigieren. Der Lackmustest wird dabei sein, ob es ihm gelingt, die aktuell geplante Abtrennung von Norditalien, der Schweiz und dem S\u00fcden von Baden-W\u00fcrttemberg \u00fcber die sogenannte G\u00e4ubahn an den Stuttgarter Bahnhof zu verhindern.\u201c<\/p>\n\n\n\n<p>Claus Weselsky, GDL-Bundesehrenvorsitzender: \u201eDie Infrastruktur ist das Herzst\u00fcck des Eisenbahnsystems und muss diskriminierungsfrei allein den Eisenbahnverkehrsunternehmen zur Verf\u00fcgung stehen. Deshalb ist es unerl\u00e4sslich, die Infrastruktur zu separieren und auch die Energieversorgung sowie das Tankstellennetz in die Infrastruktur-Gesellschaft zu integrieren. Zudem m\u00fcssen die Gewinnabf\u00fchrungs- und Beherrschungsvertr\u00e4ge zum DB-Konzern abgetrennt werden. Die derzeitige Rechtsform der Aktiengesellschaft wird niemals dazu f\u00fchren, dass die Eisenbahninfrastruktur unseres Landes den Menschen dient. Unbestritten ist, dass Infrastruktur mit Steuergeld subventioniert werden muss, was mit einer Gewinnerzielung einer Aktiengesellschaft nicht vereinbar ist. Derzeit leidet der gesamte Markt unter \u00fcberh\u00f6hten Trassenpreisen und einer immer st\u00e4rkeren Regulierung, wobei die Ursache klar im Aktienrecht liegt. Die Vollendung der Bahnreform sollte gem\u00e4\u00df der Planungen aus dem Jahr 1993 aus der Regierungskommission Bahn zur Aufl\u00f6sung des Konzerns f\u00fchren. Bahnvorstand Mehdorn und die weiteren Bahnvorst\u00e4nde bis heute haben die Vollendung der Bahnreform wissentlich und absichtlich umgangen, weil die Infrastruktur w\u00e4hrend der ganzen Jahrzehnte \u00fcber Gewinnabf\u00fchrung und Kontrahierungszwang ausgesaugt wird. Am Ende haben wir Steuerzahler sinnlose Projekte in der ganzen Welt finanziert und m\u00fcssen bis heute zusehen, wie P\u00fcnktlichkeit und Zuverl\u00e4ssigkeit immer weiter abnehmen, weil die Infrastruktur unterfinanziert ist. Damit muss endlich Schluss sein!\u201c<\/p>\n\n\n\n<div class=\"wp-block-group alignfull has-background\" style=\"background-color:#d1d1c240;padding-top:2vw;padding-right:6vw;padding-bottom:2vw;padding-left:6vw\"><div class=\"wp-block-group__inner-container is-layout-constrained wp-container-core-group-is-layout-c718fc78 wp-block-group-is-layout-constrained\">\n<div class=\"wp-block-columns is-layout-flex wp-container-core-columns-is-layout-9d6595d7 wp-block-columns-is-layout-flex\">\n<div class=\"wp-block-column is-layout-flow wp-block-column-is-layout-flow\" style=\"flex-basis:33.33%\">\n<figure class=\"wp-block-image size-full\"><a href=\"https:\/\/www.duh.de\/ueberuns\/team-der-duh\/\" target=\"_blank\" rel=\" noreferrer noopener\"><img loading=\"lazy\" decoding=\"async\" width=\"600\" height=\"439\" src=\"https:\/\/www.sinn-schaffen.de\/klima\/wp-content\/uploads\/sites\/17\/2019\/02\/Juergen_Resch-c-Steffen_Holzmann-1-T.jpg\" alt=\"\" class=\"wp-image-116\" style=\"aspect-ratio:4\/3;object-fit:contain\" title=\"Foto: Deutsche Umwelthilfe\"\/><\/a><\/figure>\n<\/div>\n\n\n\n<div class=\"wp-block-column is-layout-flow wp-block-column-is-layout-flow\" style=\"flex-basis:66.66%\">\n<br>\n\n\n\n<p>J\u00fcrgen Resch ist Bundesgesch\u00e4ftsf\u00fchrer der <a href=\"https:\/\/www.duh.de\/\" target=\"_blank\" rel=\"noreferrer noopener\">Deutschen Umwelthilfe<\/a>.<\/p>\n\n\n\n<figure class=\"wp-block-image size-large is-resized\"><a href=\"https:\/\/www.duh.de\/\" target=\"_blank\" rel=\" noreferrer noopener\"><img loading=\"lazy\" decoding=\"async\" width=\"1024\" height=\"125\" src=\"https:\/\/www.sinn-schaffen.de\/klima\/wp-content\/uploads\/sites\/17\/2019\/01\/DUHLogo-1024x125.png\" alt=\"\" class=\"wp-image-104\" style=\"width:227px;height:auto\"\/><\/a><\/figure>\n<\/div>\n<\/div>\n<\/div><\/div>\n","protected":false},"excerpt":{"rendered":"<p>Die Deutsche Umwelthilfe und der Bundesehrenvorsitzende der Gewerkschaft der Lokomotivf\u00fchrer (GDL) Claus Weselsky fordern den Aufbau einer leistungsf\u00e4higen Schieneninfrastruktur in der Fl\u00e4che. Um abgeh\u00e4ngte Regionen wieder ans Bahnnetz anzuschlie\u00dfen, fordern sie verbindliche Vorgaben von der neuen Bundesregierung: 600 Kilometer Schiene m\u00fcssen j\u00e4hrlich elektrifiziert, 200 Kilometer stillgelegter Strecken reaktiviert werden.<\/p>\n","protected":false},"author":1,"featured_media":0,"parent":0,"menu_order":0,"comment_status":"closed","ping_status":"closed","template":"","meta":{"footnotes":""},"class_list":["post-1058","page","type-page","status-publish","hentry"],"_links":{"self":[{"href":"https:\/\/www.sinn-schaffen.de\/klima\/wp-json\/wp\/v2\/pages\/1058","targetHints":{"allow":["GET"]}}],"collection":[{"href":"https:\/\/www.sinn-schaffen.de\/klima\/wp-json\/wp\/v2\/pages"}],"about":[{"href":"https:\/\/www.sinn-schaffen.de\/klima\/wp-json\/wp\/v2\/types\/page"}],"author":[{"embeddable":true,"href":"https:\/\/www.sinn-schaffen.de\/klima\/wp-json\/wp\/v2\/users\/1"}],"replies":[{"embeddable":true,"href":"https:\/\/www.sinn-schaffen.de\/klima\/wp-json\/wp\/v2\/comments?post=1058"}],"version-history":[{"count":3,"href":"https:\/\/www.sinn-schaffen.de\/klima\/wp-json\/wp\/v2\/pages\/1058\/revisions"}],"predecessor-version":[{"id":1064,"href":"https:\/\/www.sinn-schaffen.de\/klima\/wp-json\/wp\/v2\/pages\/1058\/revisions\/1064"}],"wp:attachment":[{"href":"https:\/\/www.sinn-schaffen.de\/klima\/wp-json\/wp\/v2\/media?parent=1058"}],"curies":[{"name":"wp","href":"https:\/\/api.w.org\/{rel}","templated":true}]}}