{"id":117,"date":"2019-03-01T14:54:58","date_gmt":"2019-03-01T13:54:58","guid":{"rendered":"https:\/\/www.sinn-schaffen.de\/klima\/?page_id=117"},"modified":"2020-09-09T15:15:58","modified_gmt":"2020-09-09T13:15:58","slug":"umwelt-buendnis-veroeffentlicht-handbuch-fuer-klima-buergerbegehren-in-ganz-deutschland","status":"publish","type":"page","link":"https:\/\/www.sinn-schaffen.de\/klima\/umwelt-buendnis-veroeffentlicht-handbuch-fuer-klima-buergerbegehren-in-ganz-deutschland\/","title":{"rendered":"Umwelt-B\u00fcndnis ver\u00f6ffentlicht Handbuch f\u00fcr Klima-B\u00fcrgerbegehren in ganz Deutschland"},"content":{"rendered":"\n<p><em>Die Bev\u00f6lkerung geht Themen an, vor denen sich die Politik wegduckt. Als Reaktion auf die anhaltende Unt\u00e4tigkeit der Bundespolitik formiert sich eine direktdemokratische Bewegung, die den Klimaschutz mit Volks- und B\u00fcrgerbegehren selbst in die Hand nimmt. \u201cKlimapolitik selber machen\u201d lautet auch das Motto des Handbuchs Klimawende von unten, herausgegeben von den Vereinen Umweltinstitut M\u00fcnchen, B\u00fcrgerBegehren Klimaschutz und Mehr Demokratie.<\/em><\/p>\n\n\n\n<hr>\n<img decoding=\"async\" class=\"alignleft wp-image-313\" title=\"Foto: Nata Uchava, Freiburg.\" src=\"https:\/\/www.sinn-schaffen.de\/klima\/wp-content\/uploads\/sites\/17\/2019\/03\/NU-Klimabrosch%C3%BCre.jpg\" alt=\"\" width=\"1024\">\n<hr>\n&nbsp;\n\n\n\n<p><strong>(M\u00fcnchen, Berlin, 28. Februar 2019)<\/strong> Als Reaktion auf die anhaltende Unt\u00e4tigkeit der Bundespolitik formiert sich in Deutschland eine direktdemokratische Bewegung, die den Klimaschutz mit Volks- und B\u00fcrgerbegehren selbst in die Hand nimmt. \u201eKlimapolitik selber machen\u201c lautet auch das Motto des heute ver\u00f6ffentlichten Handbuchs Klimawende von unten. Herausgegeben wird das Handbuch von den Vereinen Umweltinstitut M\u00fcnchen, B\u00fcrgerBegehren Klimaschutz und Mehr Demokratie.<\/p>\n\n\n\n<div class=\"wp-block-image\"><figure class=\"alignright is-resized\"><a href=\"https:\/\/www.mehr-demokratie.de\/fileadmin\/pdf\/2019-02-28_Klimabroschuere.pdf\" target=\"_blank\" rel=\"noreferrer noopener\"><img decoding=\"async\" src=\"https:\/\/www.sinn-schaffen.de\/klima\/wp-content\/uploads\/sites\/17\/2019\/03\/2019-02-28_Klimabroschuere-T.jpg\" alt=\"\" class=\"wp-image-121\" width=\"320\"\/><\/a><\/figure><\/div>\n\n\n\n<p>Auf 128 Seiten liefern die Herausgeber eine Anleitung f\u00fcr erfolgreiche B\u00fcrgerbegehren und animieren zum Nachmachen. <a href=\"http:\/\/www.klimawende.org\/\" target=\"_blank\" rel=\"noreferrer noopener\" aria-label=\"Hier k\u00f6nnen Interessierte auf einer Karte einsehen, wo es Klima-B\u00fcrgerbegehren gibt und herausfinden, in welchen St\u00e4dten es sich lohnt mit den Mitteln der direkten Demokratie selbst aktiv zu werden (\u00f6ffnet in neuem Tab)\">Hier k\u00f6nnen Interessierte auf einer Karte einsehen, wo es Klima-B\u00fcrgerbegehren gibt und herausfinden, in welchen St\u00e4dten es sich lohnt mit den Mitteln der direkten Demokratie selbst aktiv zu werden<\/a>.<\/p>\n\n\n\n<p>Unterst\u00fctzt werden die drei Herausgeber von einem breiten\nB\u00fcndnis aus Umweltverb\u00e4nden, darunter Greenpeace, der Bund f\u00fcr Umwelt und\nNaturschutz Deutschland (BUND), die Naturfreunde Deutschlands und der\nAllgemeine Deutsche Fahrrad Club ADFC.<\/p>\n\n\n\n<p>\u201eStatt die kommenden Generationen vor der Klimakrise zu\nbewahren macht die Bundesregierung lieber der Kohlelobby und der\nAutomobilindustrie Geschenke\u201c, erkl\u00e4rt Franziska Buch, Referentin f\u00fcr Energie\nund Klima beim Umweltinstitut M\u00fcnchen. \u201eDeshalb werden immer mehr Menschen auf\nlokaler Ebene aktiv. Ob es darum geht, Fahrradwege auszubauen, ein kommunales\nStadtwerk zu gr\u00fcnden oder ein lokales Kohlekraftwerk abzuschalten \u2013 mehr\nKlimaschutz ist in jeder Gemeinde m\u00f6glich.\u201c<\/p>\n\n\n\n<p>\u201eAuf Bundesebene findet echter Klimaschutz seit Jahren nicht\nmehr statt\u201c, erg\u00e4nzt Eric H\u00e4ublein von B\u00fcrgerBegehren Klimaschutz. \u201eAuch die\nBeschl\u00fcsse der Kohlekommission sind weder verbindlich noch ausreichend. Gerade\ndeswegen braucht es jetzt Druck aus der Bev\u00f6lkerung. Erfolgreiche B\u00fcrgerbegehren\nf\u00fcr mehr Klimaschutz wie in M\u00fcnchen, Berlin oder Hamburg lassen sich in vielen\nGemeinden und St\u00e4dten wiederholen \u2013 wenn klar ist, wo wir die Hebel der\ndirekten Demokratie ansetzen k\u00f6nnen.\u201c <\/p>\n\n\n\n<p>\u201eDie Bev\u00f6lkerung geht Themen an, vor denen sich die Politik\nwegduckt\u201c, sagt Susanne Socher von Mehr Demokratie. \u201eDas Handbuch zeigt Wege\nauf, wie dr\u00e4ngenden Zukunftsfragen von den B\u00fcrgerinnen und B\u00fcrgern selbst in\ndie Hand genommen werden k\u00f6nnen\u201c, so Socher weiter. Der Weg sei dabei oftmals\nschon das Ziel. Durch den Start eines B\u00fcrger- oder Volksbegehrens w\u00fcrde eine\nDebatte in Gang gesetzt und die Kommunalpolitik m\u00fcsse sich mit den Anliegen der\nB\u00fcrgerinnen und B\u00fcrger befassen. Au\u00dferdem bes\u00e4\u00dfe ein erfolgreicher\nB\u00fcrgerentscheid die Verbindlichkeit eines Gemeinde- oder Stadtratsbeschlusses.\nDurch Volksbegehren k\u00f6nne auf Landesebene Gesetzesentw\u00fcrfe zur Abstimmung\ngebracht werden.<\/p>\n\n\n\n<figure class=\"wp-block-table\"><table class=\"has-subtle-light-gray-background-color has-background\"><tbody><tr><td width=\"25%\"><a rel=\"noopener noreferrer\" href=\"https:\/\/bayern.mehr-demokratie.de\/ueber-uns\/mitarbeiter-innen\/\" target=\"_blank\"><img decoding=\"async\" width=\"180\" class=\"aligncenter wp-image-313\" title=\"Foto: Mehr Demokratie.\" src=\"https:\/\/www.sinn-schaffen.de\/klima\/wp-content\/uploads\/sites\/17\/2019\/03\/Susanne-Socher.jpg\" alt=\"\"><\/a><\/td><td width=\"75%\">Susanne Socher ist Landesgesch\u00e4ftsf\u00fchrerin und Sprecherin des Landesverbandes Bayern von <a href=\"https:\/\/www.mehr-demokratie.de\/\" target=\"_blank\" rel=\"noopener noreferrer\">Mehr Demokratie<\/a>.<\/td><\/tr><tr><td><\/td><td><a href=\"https:\/\/www.mehr-demokratie.de\/\" target=\"_blank\" rel=\"noopener noreferrer\"><img decoding=\"async\" class=\"aligncenter wp-image-313\" title=\" \" src=\"https:\/\/www.sinn-schaffen.de\/klima\/wp-content\/uploads\/sites\/17\/2019\/03\/logo_mehr-demokratie.gif\" alt=\"\" width=\"180\"><\/a><\/td><\/tr><\/tbody><\/table><\/figure>\n\n\n\n<p>Das Handbuch \u201eKlimawende von unten\u201c stellt erstmals dar, in\nwelchen St\u00e4dten der lokale Kohleausstieg durch direkte Demokratie m\u00f6glich ist.\nAu\u00dferdem erl\u00e4utern die Herausgeber detailliert, wie B\u00fcrgerbegehren zu einer\ndemokratischen, \u00f6kologischen und sozialen Energieversorgung und zum Ausbau der\nFahrradinfrastruktur in den Kommunen f\u00fchren k\u00f6nnen. Die Anleitungen st\u00fctzen\nsich auf zahlreiche erfolgreiche Beispiele, unter anderem in M\u00fcnchen, Hamburg\nund Berlin. Ein Rechtsgutachten der Rechtsanw\u00e4lte G\u00fcnther und Partner, die auch\ndie \u201eKlimaklagen\u201c gegen die Bundesregierung und die EU ber\u00e4t, bildet die\njuristische Grundlage f\u00fcr die Publikation. Das Projekt \u201eKlimawende von unten\u201c\nwird unterst\u00fctzt von <\/p>\n\n\n\n<ul class=\"wp-block-list\"><li>350.org,<\/li><li>dem Allgemeinen Deutschen Fahrrad Club (ADFC),<\/li><li>dem Bund f\u00fcr Umwelt- und Naturschutz Deutschland\n(BUND),<\/li><li>Changing Cities,<\/li><li>Greenpeace,<\/li><li>der Klima-Allianz Deutschland und den<\/li><li>Naturfreunden Deutschlands.<\/li><\/ul>\n\n\n\n<figure class=\"wp-block-table\"><table class=\"has-subtle-light-gray-background-color has-background\"><tbody><tr><td width=\"25%\"><a rel=\"noopener noreferrer\" href=\"https:\/\/www.mehr-demokratie.de\/fileadmin\/pdf\/2019-02-28_Klimabroschuere.pdf\" target=\"_blank\"><img decoding=\"async\" title=\" \" width=\"180\" class=\"aligncenter wp-image-313\" src=\"https:\/\/www.sinn-schaffen.de\/klima\/wp-content\/uploads\/sites\/17\/2019\/03\/2019-02-28_Klimabroschuere-T.jpg\" alt=\"\"><\/a><\/td><td width=\"75%\">Das Handbuch &#8222;Klimawende von unten&#8220; steht <a href=\"https:\/\/www.mehr-demokratie.de\/fileadmin\/pdf\/2019-02-28_Klimabroschuere.pdf\" target=\"_blank\" rel=\"noopener noreferrer\">\u00fcber diesen Link zum Download als PDF<\/a> bereit.<\/td><\/tr><\/tbody><\/table><\/figure>\n","protected":false},"excerpt":{"rendered":"<p>Die Bev\u00f6lkerung geht Themen an, vor denen sich die Politik wegduckt. Als Reaktion auf die anhaltende Unt\u00e4tigkeit der Bundespolitik formiert sich eine direktdemokratische Bewegung, die den Klimaschutz mit Volks- und B\u00fcrgerbegehren selbst in die Hand nimmt. \u201cKlimapolitik selber machen\u201d lautet auch das Motto des Handbuchs Klimawende von unten, herausgegeben von den Vereinen Umweltinstitut M\u00fcnchen, B\u00fcrgerBegehren &hellip; <\/p>\n<p class=\"link-more\"><a href=\"https:\/\/www.sinn-schaffen.de\/klima\/umwelt-buendnis-veroeffentlicht-handbuch-fuer-klima-buergerbegehren-in-ganz-deutschland\/\" class=\"more-link\"><span class=\"screen-reader-text\">\u201eUmwelt-B\u00fcndnis ver\u00f6ffentlicht Handbuch f\u00fcr Klima-B\u00fcrgerbegehren in ganz Deutschland\u201c<\/span> weiterlesen<\/a><\/p>\n","protected":false},"author":1,"featured_media":0,"parent":0,"menu_order":119,"comment_status":"closed","ping_status":"closed","template":"","meta":{"footnotes":""},"class_list":["post-117","page","type-page","status-publish","hentry"],"_links":{"self":[{"href":"https:\/\/www.sinn-schaffen.de\/klima\/wp-json\/wp\/v2\/pages\/117","targetHints":{"allow":["GET"]}}],"collection":[{"href":"https:\/\/www.sinn-schaffen.de\/klima\/wp-json\/wp\/v2\/pages"}],"about":[{"href":"https:\/\/www.sinn-schaffen.de\/klima\/wp-json\/wp\/v2\/types\/page"}],"author":[{"embeddable":true,"href":"https:\/\/www.sinn-schaffen.de\/klima\/wp-json\/wp\/v2\/users\/1"}],"replies":[{"embeddable":true,"href":"https:\/\/www.sinn-schaffen.de\/klima\/wp-json\/wp\/v2\/comments?post=117"}],"version-history":[{"count":4,"href":"https:\/\/www.sinn-schaffen.de\/klima\/wp-json\/wp\/v2\/pages\/117\/revisions"}],"predecessor-version":[{"id":387,"href":"https:\/\/www.sinn-schaffen.de\/klima\/wp-json\/wp\/v2\/pages\/117\/revisions\/387"}],"wp:attachment":[{"href":"https:\/\/www.sinn-schaffen.de\/klima\/wp-json\/wp\/v2\/media?parent=117"}],"curies":[{"name":"wp","href":"https:\/\/api.w.org\/{rel}","templated":true}]}}