{"id":538,"date":"2021-10-27T18:55:14","date_gmt":"2021-10-27T16:55:14","guid":{"rendered":"https:\/\/www.sinn-schaffen.de\/klima\/?page_id=538"},"modified":"2021-10-27T18:56:58","modified_gmt":"2021-10-27T16:56:58","slug":"weltspartag-2021-globale-proteste-gegen-finanzierung-fossiler-energien-durch-banken","status":"publish","type":"page","link":"https:\/\/www.sinn-schaffen.de\/klima\/weltspartag-2021-globale-proteste-gegen-finanzierung-fossiler-energien-durch-banken\/","title":{"rendered":"Weltspartag 2021: Globale Proteste gegen Finanzierung fossiler Energien durch Banken"},"content":{"rendered":"\n<p><em>Um die globale Erw\u00e4rmung auf 1,5 Grad zu begrenzen, muss die weltweite Kohle-, \u00d6l- und Gasproduktion j\u00e4hrlich jeweils um 11 Prozent, vier Prozent und drei Prozent sinken, stellt der vor wenigen Tagen ver\u00f6ffentliche &#8222;Production Gap Report&#8220; der UN fest. Fast die H\u00e4lfte der Kohleindustrie plant jedoch weiterhin die Entwicklung neuer Kohlekraftwerke, neuer Kohleminen oder neuer Kohletransportinfrastruktur; sollten die Projekte tats\u00e4chlich realisiert werden, stiege die weltweite installierte Kohlekraftwerkskapazit\u00e4t um 23 Prozent und die Produktion von Kraftwerkskohle um 27 Prozent. Erstmals sind die Weltspartags-Proteste gegen die finanzierenden Banken Teil einer internationalen Kampagne mit Aktionen vor Banken und Zentralbanken in mehreren europ\u00e4ischen Hauptst\u00e4dten, in den USA, afrikanischen und asiatischen L\u00e4ndern.<\/em><\/p>\n\n\n\n<hr>\n<img decoding=\"async\" class=\"alignleft wp-image-313\" title=\"Foto: Nata Uchava, Freiburg.\" src=\"https:\/\/www.sinn-schaffen.de\/klima\/wp-content\/uploads\/sites\/17\/2021\/10\/NU-211028-urgewald.jpg\" alt=\"\" width=\"1024\">\n<hr>\n&nbsp;\n\n\n\n<p><strong>(Berlin, 27. Oktober 2021)<\/strong> In 27 St\u00e4dten in ganz Deutschland protestieren Klima- und Friedensgruppen am Weltspartag (29.10.) vor Filialen der Commerzbank, der Deutschen Bank, der Sparkassen-Gruppe und der Bundesbank. Die von urgewald und 350.org initiierten Aktionen richten sich gegen die anhaltende Unterst\u00fctzung der Finanzinstitute f\u00fcr die noch immer expandierende Kohle-, \u00d6l- und Gasindustrie und auch f\u00fcr die R\u00fcstungsbranche. Erstmals sind die Weltspartags-Proteste Teil einer internationalen Kampagne mit Aktionen vor Banken und Zentralbanken in mehreren europ\u00e4ischen Hauptst\u00e4dten, in den USA, afrikanischen und asiatischen L\u00e4ndern.<\/p>\n\n\n\n<p>Laut Recherchen von urgewald ist <a href=\"https:\/\/urgewald.org\/medien\/globale-recherche-belegt-banken-steigern-kohlefinanzierung-trotz-klimazusagen\" target=\"_blank\" rel=\"noreferrer noopener\">die Commerzbank mit 4,2 Milliarden Euro an Krediten in den letzten zwei Jahren gr\u00f6\u00dfte deutsche Kreditgeberin der weltweiten Kohleindustrie<\/a>. Wenige Wochen vor der UN-Klimakonferenz in Glasgow wurde \u00f6ffentlich, dass sich die Bank an einer Anleihenausgabe f\u00fcr JSC SUEK, Russlands gr\u00f6\u00dftem Kohleunternehmen, beteiligt. <a href=\"https:\/\/urgewald.org\/medien\/commerzbank-partie-anleihe-russlands-groesstem-kohleunternehmen\" target=\"_blank\" rel=\"noreferrer noopener\">SUEK plant und baut neue Kohlekraftwerke und will auch seine Kohleproduktion stark erh\u00f6hen<\/a>.<\/p>\n\n\n\n<p>Die Deutsche Bank will Deutschlands gr\u00f6\u00dftem \u00d6l- und Gasunternehmen, <a href=\"https:\/\/urgewald.org\/medien\/expansion-um-preis-wintershall-dea-plant-steigerung-seiner-oel-gasproduktion-um-30\" target=\"_blank\" rel=\"noreferrer noopener\">Wintershall Dea, beim B\u00f6rsengang helfen<\/a>. Au\u00dferdem bereitet sie die Auflage einer Anleihe f\u00fcr den australischen Kohlekonzern Whitehaven vor, <a href=\"https:\/\/www.marketforces.org.au\/deutsche-bank-whitehaven\/\" target=\"_blank\" rel=\"noreferrer noopener\">der neue Kohleminen erschlie\u00dfen will<\/a>. Die Sparkassen-Gruppe mit den dazugeh\u00f6renden Landesbanken ist eine der gr\u00f6\u00dften Finanzierer von RWE. Der Energieversorger will erst 2038 aufh\u00f6ren, Braunkohle zu f\u00f6rdern. Dem Tagebau Garzweiler sollen deshalb noch mehrere D\u00f6rfer weichen.<\/p>\n\n\n\n<p><strong>Banken finanzieren die Klimakrise<\/strong><\/p>\n\n\n\n<p>Um die globale Erw\u00e4rmung auf 1,5 Grad zu begrenzen, muss die weltweite Kohle-, \u00d6l- und Gasproduktion j\u00e4hrlich jeweils um 11 Prozent, vier Prozent und drei Prozent sinken, stellt der vor wenigen Tagen ver\u00f6ffentliche \u201eProduction Gap Report\u201c der UN fest. 503 Unternehmen, also fast die H\u00e4lfte der Kohleindustrie, planen jedoch weiterhin die Entwicklung neuer Kohlekraftwerke, neuer Kohleminen oder neuer Kohletransportinfrastruktur. Wenn die dahinterstehenden Projekte tats\u00e4chlich realisiert w\u00fcrden,<a href=\"https:\/\/urgewald.org\/medien\/ngos-veroeffentlichen-update-global-coal-exit-list-1000-kohlefirmen-treiben-welt-ins\" target=\"_blank\" rel=\"noreferrer noopener\"> stiege die weltweite installierte Kohlekraftwerkskapazit\u00e4t um 23 Prozent und die Produktion von Kraftwerkskohle um 27 Prozent<\/a>.<\/p>\n\n\n\n<p>\u201eUm die Klimakatastrophe abzuwenden, d\u00fcrfen Banken expandierende fossile Konzerne nicht mehr unterst\u00fctzen. Wir erwarten, dass die deutschen Banken nun schnell effektive Ausschlussrichtlinien f\u00fcr Kohle, \u00d6l und Gas einsetzen\u201c, sagt Kathrin Petz, Banken-Campaignerin bei urgewald und Organisatorin der Weltspartags-Proteste.<\/p>\n\n\n\n<p>urgewald und das KoalaKollektiv planen f\u00fcr den 29. Oktober 2021 in der Finanzmetropole Frankfurt ein 300m\u00b2 gro\u00dfes Bodenbild vor dem Sitz der EZB-Bankenaufsicht (Willy-Brandt-Platz) mit der Forderung \u201eStop funding fossil fuels!\u201c. Die Europ\u00e4ische Zentralbank (EZB) h\u00e4tte in ihrer Aufsichts- und Regulierungsfunktion M\u00f6glichkeiten, Privatbanken zu mehr Klimaschutz zu bewegen. Doch obwohl sie als europ\u00e4ische Institution ans Pariser Klimaabkommen gebunden ist, nimmt sie diese Gelegenheit nicht wahr. Zwar hat die EZB im Juli diesen Jahres im Rahmen ihrer neuen Strategie Klimaschutzma\u00dfnahmen angek\u00fcndigt. Aber diese Ank\u00fcndigung ist in weiten Teilen sehr vage gehalten und die konkreten Ma\u00dfnahmen sollen nicht vor 2023 umgesetzt werden. Mehr noch, die EZB steckt selbst weiterhin Milliarden in Unternehmen wie Shell, Eni und Repsol, die zu den gr\u00f6\u00dften Verschmutzern weltweit geh\u00f6ren. \u201eW\u00e4hrend Menschen weltweit, aber insbesondere&nbsp; im globalen S\u00fcden unter Flutkatastrophen und Waldbr\u00e4nden leiden, bildet die EZB lediglich Arbeitskreise, um \u00fcber vage Ver\u00e4nderungen in Richtung Klimaschutz zu sprechen. Wir sagen: Schluss mit Lippenbekenntnissen und Greenwashing! Die EZB muss den sozial-\u00f6kologischen Wandel vorantreiben. Die Finanzierung zukunftsfeindlicher Industrien muss sofort gestoppt werden!\u201c, sagt Kerstin Kre\u00df, Sprecherin des KoalaKollektivs.<\/p>\n\n\n\n<p><strong>Proteste gegen Banken weiten sich international aus<\/strong><\/p>\n\n\n\n<p>Der Weltspartag bildet in diesem Jahr den Auftakt f\u00fcr eine globale Protestwelle, die bis zum 6. November 2021 anhalten soll. Von Manila bis New York, von Sao Paulo bis Nairobi, von London bis zum Pazifik und in ganz Europa werden Tausende von Menschen auf die Stra\u00dfe gehen, Transparente halten, Projektionen und andere kreative Demonstrationen veranstalten, um von Finanzinstituten zu fordern, die Finanzierung fossiler Brennstoffe einzustellen. In Deutschland beteiligen sich Umwelt- und Friedensgruppen unter anderem in Frankfurt, K\u00f6ln, Berlin, Stuttgart und Schwerin mit kreativen Aktionen.<\/p>\n\n\n\n<figure class=\"wp-block-table is-style-regular\"><table><tbody><tr><td><a rel=\"noopener noreferrer\" href=\"https:\/\/urgewald.org\/team\/kathrin-petz\" target=\"_blank\"><img decoding=\"async\" class=\"aligncenter wp-image-313\" title=\"Foto: urgewald.\" src=\"https:\/\/www.sinn-schaffen.de\/klima\/wp-content\/uploads\/sites\/17\/2021\/10\/Kathrin-Petz.png\" alt=\"\" width=\"180\"><\/a><\/td><td>Kathrin Petz verantwortet Kohle-, R\u00fcstung- und Bankenkampagnen bei <a href=\"http:\/\/www.attac.de\/startseite\/\" target=\"_blank\" rel=\"noopener noreferrer\">urgewald<\/a>.<\/td><\/tr><tr><td><\/td><td><a href=\"https:\/\/urgewald.org\/\" target=\"_blank\" rel=\"noopener noreferrer\"><img decoding=\"async\" class=\"aligncenter wp-image-313\" title=\" \" src=\"https:\/\/www.sinn-schaffen.de\/klima\/wp-content\/uploads\/sites\/17\/2018\/11\/urgewaldLogo.jpg\" alt=\"\" width=\"180\"><\/a><\/td><\/tr><\/tbody><\/table><\/figure>\n\n\n\n<figure class=\"wp-block-table\"><table class=\"has-subtle-light-gray-background-color has-background\"><tbody><tr><td width=\"25%\"><a href=\"https:\/\/productiongap.org\/wp-content\/uploads\/2021\/10\/PGR2021_web_rev.pdf\" target=\"_blank\" rel=\"noopener noreferrer\"><img decoding=\"async\" class=\"aligncenter wp-image-313\" title=\" \" src=\"https:\/\/www.sinn-schaffen.de\/klima\/wp-content\/uploads\/sites\/17\/2021\/10\/PGR2021_web_rev-T.jpg\" alt=\"\" width=\"180\"><\/a><\/td><td width=\"75%\">Der &#8222;Production Gap Report&#8220; der UN steht <a href=\"https:\/\/productiongap.org\/wp-content\/uploads\/2021\/10\/PGR2021_web_rev.pdf\" target=\"_blank\" rel=\"noopener noreferrer\">\u00fcber diesen Link zum Download als PDF<\/a> bereit.<\/td><\/tr><\/tbody><\/table><\/figure>\n","protected":false},"excerpt":{"rendered":"<p>Um die globale Erw\u00e4rmung auf 1,5 Grad zu begrenzen, muss die weltweite Kohle-, \u00d6l- und Gasproduktion j\u00e4hrlich jeweils um 11 Prozent, vier Prozent und drei Prozent sinken, stellt der vor wenigen Tagen ver\u00f6ffentliche &#8222;Production Gap Report&#8220; der UN fest. Fast die H\u00e4lfte der Kohleindustrie plant jedoch weiterhin die Entwicklung neuer Kohlekraftwerke, neuer Kohleminen oder neuer &hellip; <\/p>\n<p class=\"link-more\"><a href=\"https:\/\/www.sinn-schaffen.de\/klima\/weltspartag-2021-globale-proteste-gegen-finanzierung-fossiler-energien-durch-banken\/\" class=\"more-link\"><span class=\"screen-reader-text\">\u201eWeltspartag 2021: Globale Proteste gegen Finanzierung fossiler Energien durch Banken\u201c<\/span> weiterlesen<\/a><\/p>\n","protected":false},"author":1,"featured_media":0,"parent":0,"menu_order":72,"comment_status":"closed","ping_status":"closed","template":"","meta":{"footnotes":""},"class_list":["post-538","page","type-page","status-publish","hentry"],"_links":{"self":[{"href":"https:\/\/www.sinn-schaffen.de\/klima\/wp-json\/wp\/v2\/pages\/538","targetHints":{"allow":["GET"]}}],"collection":[{"href":"https:\/\/www.sinn-schaffen.de\/klima\/wp-json\/wp\/v2\/pages"}],"about":[{"href":"https:\/\/www.sinn-schaffen.de\/klima\/wp-json\/wp\/v2\/types\/page"}],"author":[{"embeddable":true,"href":"https:\/\/www.sinn-schaffen.de\/klima\/wp-json\/wp\/v2\/users\/1"}],"replies":[{"embeddable":true,"href":"https:\/\/www.sinn-schaffen.de\/klima\/wp-json\/wp\/v2\/comments?post=538"}],"version-history":[{"count":2,"href":"https:\/\/www.sinn-schaffen.de\/klima\/wp-json\/wp\/v2\/pages\/538\/revisions"}],"predecessor-version":[{"id":540,"href":"https:\/\/www.sinn-schaffen.de\/klima\/wp-json\/wp\/v2\/pages\/538\/revisions\/540"}],"wp:attachment":[{"href":"https:\/\/www.sinn-schaffen.de\/klima\/wp-json\/wp\/v2\/media?parent=538"}],"curies":[{"name":"wp","href":"https:\/\/api.w.org\/{rel}","templated":true}]}}