{"id":547,"date":"2021-10-29T17:01:31","date_gmt":"2021-10-29T15:01:31","guid":{"rendered":"https:\/\/www.sinn-schaffen.de\/klima\/?page_id=547"},"modified":"2021-10-29T17:02:22","modified_gmt":"2021-10-29T15:02:22","slug":"kinder-warnen-im-vorfeld-der-un-klimakonferenz-unsere-zukunft-steht-auf-dem-spiel","status":"publish","type":"page","link":"https:\/\/www.sinn-schaffen.de\/klima\/kinder-warnen-im-vorfeld-der-un-klimakonferenz-unsere-zukunft-steht-auf-dem-spiel\/","title":{"rendered":"Kinder warnen im Vorfeld der UN-Klimakonferenz: &#8222;Unsere Zukunft steht auf dem Spiel!&#8220;"},"content":{"rendered":"\n<p><em>Kinder, die im Jahr 2020 geboren wurden, werden im Durchschnitt fast sieben Mal mehr Hitzewellen, fast drei Mal mehr \u00dcberschwemmungen und Ernteausf\u00e4lle, 2,6 Mal mehr D\u00fcrren und doppelt so viele Waldbr\u00e4nde erleben m\u00fcssen als Menschen mit einem Geburtsdatum sechzig Jahre zuvor. Die besonders stark betroffenen Kinder haben jedoch nach wie vor am wenigsten Mitspracherecht und sind kaum in nationalen und internationalen Entscheidungsgremien vertreten. Jugendliche und Kinder aus aller Welt fordern im Vorfeld der vom 31. Oktober bis 12. November 2021 in Glasgow stattfindenden UN-Klimakonferenz COP26, dass ihre Kinderrechte gewahrt werden und damit ihr Rechtsanspruch auf Klimaschutz von den politischen Entscheidungstr\u00e4gerinnen und Entscheidungstr\u00e4gern mit aller Konsequenz anerkannt wird.<\/em><\/p>\n\n\n\n<hr>\n<img decoding=\"async\" class=\"alignleft wp-image-313\" title=\"Foto: Nata Uchava, Freiburg.\" src=\"https:\/\/www.sinn-schaffen.de\/klima\/wp-content\/uploads\/sites\/17\/2021\/10\/NU-211029-save-the-children-quer.jpg\" alt=\"\" width=\"1024\">\n<hr>\n&nbsp;\n\n\n\n<p><strong>(London\/Berlin, 26. Oktober 2021)<\/strong> Jugendliche und Kinder aus aller Welt fordern im Vorfeld der vom 31. Oktober bis 12. November 2021 in Glasgow stattfindenden UN-Klimakonferenz COP26, dass ihre Kinderrechte gewahrt werden und damit ihr Rechtsanspruch auf Klimaschutz von den politischen Entscheidungstr\u00e4gerinnen und Entscheidungstr\u00e4gern mit aller Konsequenz anerkannt wird. Zudem sollen fossile Brennstoffe weniger und gr\u00fcne sowie erneuerbare Energien st\u00e4rker genutzt werden. Die internationalen Staats- und Regierungschefinnen und -chefs m\u00fcssten jetzt entschlossen handeln, damit die globale Erderw\u00e4rmung auf 1,5-Grad begrenzt und die Generationengerechtigkeit gew\u00e4hrleistet wird.<\/p>\n\n\n\n<p>Diese Empfehlungen wurden von Kindern und Jugendlichen erarbeitet und sind in den Klimabericht von Save the Children \u201eBorn into the Climate Crisis: Why we must act now to secure children&#8217;s rights\u201c eingeflossen. Der Bericht verdeutlicht, dass Kinder, die im Jahr 2020 geboren wurden, im Durchschnitt fast sieben Mal mehr Hitzewellen, fast drei Mal mehr \u00dcberschwemmungen und Ernteausf\u00e4lle, 2,6 Mal mehr D\u00fcrren und doppelt so viele Waldbr\u00e4nde erleben m\u00fcssen als Menschen mit einem Geburtsdatum sechzig Jahre zuvor.<\/p>\n\n\n\n<p>\u201eWir Kinder sind vielleicht keine Klimawissenschaftlerinnen oder Klimawissenschaftler, aber wir wissen etwas Wichtiges: Wir m\u00fcssen jetzt handeln! Bevor es zu sp\u00e4t ist, sonst werden wir es bereuen. Die Verantwortlichen von heute tragen die Zukunft der Menschheit auf ihren Schultern \u2013 unsere Zukunft\u201c, betont der 14-j\u00e4hrige Emanuel, der als Klimaaktivist und Mitglied eines Kinderklimarates in Norwegen aktiv ist.<\/p>\n\n\n\n<p>Die Klimakrise ist eine Kinderrechtskrise, argumentiert Save the Children. Wenn L\u00e4nder mit hohem Einkommen und hohen Emissionen keine drastischen Ma\u00dfnahmen ergreifen, um die Umweltverschmutzung zu reduzieren und die globale Erw\u00e4rmung auf 1,5-Grad zu begrenzen, werden Kinder und zuk\u00fcnftige Generationen die dramatischen Auswirkungen der Klimakrise zu sp\u00fcren bekommen. Nach Ansicht von Save the Children sollte das politische und wirtschaftliche Handeln daher von den Interessen der Kinder geleitet werden.<\/p>\n\n\n\n<p>\u201eJeden Tag h\u00f6ren wir von Kindern, mit denen wir arbeiten, dass die Politikerinnen und Politiker nicht genug tun, um den katastrophalen Klimawandel zu begrenzen. In Sambia befragten wir 1.200 Kinder, und 71 Prozent der Befragten erwarten, dass sie wegen der Folgen der Klimakrise ein schlechteres Leben haben werden als ihre Eltern. Dabei haben Kinder ein Recht auf Zukunft, sie sollten keine Angst vor ihr haben m\u00fcssen. Die Rechte der Kinder, so wie sie in der UN-Kinderrechtskonvention garantiert sind, m\u00fcssen die Klimapolitik leiten, auch die der k\u00fcnftigen deutschen Bundesregierung\u201d, sagt Martina Dase, Klimasprecherin von Save the Children Deutschland.<\/p>\n\n\n\n<p>Kinder, vor allem aus L\u00e4ndern mit geringem Einkommen, haben am wenigsten zur Klimakrise beigetragen, werden aber weiterhin am meisten darunter leiden. Die besonders stark betroffenen Kinder haben jedoch nach wie vor am wenigsten Mitspracherecht und sind kaum in nationalen und internationalen Entscheidungsgremien vertreten. Die Staats- und Regierungschefinnen und -chefs m\u00fcssen die Anliegen der Kinder anh\u00f6ren, auf sie eingehen und alles tun, um ihre Zukunft zu sch\u00fctzen.<\/p>\n\n\n\n<p>\u201eDiese COP ist eine der letzten Gelegenheiten, den Klimanotstand unter Kontrolle zu bringen und die steigenden Temperaturen zu stabilisieren. Die COP26 wird entweder durch den Ehrgeiz und die F\u00fchrung der Vertragspartner in Bezug auf drastische Klimaschutzma\u00dfnahmen in die Geschichte eingehen \u2013 oder durch ihr Versagen, indem sie den Kindern nicht zugeh\u00f6rt haben und ihre Zukunft zerst\u00f6ren\u201c, sagt Yolande Wright, Globale Direktorin f\u00fcr Kinderarmut, Klima und Stadtentwicklung von Save the Children International.<\/p>\n\n\n\n<p><strong>Empfehlungen der Kinder f\u00fcr die Entscheidungstr\u00e4gerinnen und Entscheidungstr\u00e4ger der UN-Klimakonferenz (Quelle: \u201eBorn into the Climate Crisis: Why we must act now to secure children&#8217;s rights\u201c):<\/strong><\/p>\n\n\n\n<ul class=\"wp-block-list\"><li>Kinder und ihre Stimmen m\u00fcssen stets respektiert und in Entscheidungen zum Thema Klima einbezogen werden.<\/li><li>Die Kinderrechte m\u00fcssen zu jeder Zeit anerkannt werden.<\/li><li>Regierungen sollten Gemeinden st\u00e4rker dabei unterst\u00fctzen, die Umweltverschmutzung und den Verbrauch fossiler Brennstoffe zu reduzieren und daf\u00fcr sorgen, dass gr\u00fcne und erneuerbare Energiealternativen f\u00fcr alle Menschen zug\u00e4nglich sind.<\/li><li>Die Entscheider m\u00fcssen alle Informationen, die ihnen \u00fcber den Klimawandel vorliegen, ber\u00fccksichtigen.<\/li><\/ul>\n\n\n\n<p><strong>\u00dcber Save the Children<\/strong><\/p>\n\n\n\n<p>Im Nachkriegsjahr 1919 gr\u00fcndete die britische Sozialreformerin und Kinderrechtlerin Eglantyne Jebb Save the Children, um Kinder in Deutschland und \u00d6sterreich vor dem Hungertod zu retten. Heute ist die inzwischen gr\u00f6\u00dfte unabh\u00e4ngige Kinderrechtsorganisation der Welt in rund 120 L\u00e4ndern t\u00e4tig. Save the Children setzt sich ein f\u00fcr Kinder in Kriegen, Konflikten und Katastrophen. F\u00fcr eine Welt, die die Rechte der Kinder achtet. Eine Welt, in der alle Kinder gesund und sicher leben, frei und selbstbestimmt aufwachsen und lernen k\u00f6nnen \u2013 seit \u00fcber 100 Jahren.<\/p>\n\n\n\n<figure class=\"wp-block-table is-style-regular\"><table><tbody><tr><td><a rel=\"noopener noreferrer\" href=\"https:\/\/www.savethechildren.de\/kontakt\/\" target=\"_blank\"><img decoding=\"async\" class=\"aligncenter wp-image-313\" title=\"Foto: Save the Children Deutschland.\" src=\"https:\/\/www.sinn-schaffen.de\/klima\/wp-content\/uploads\/sites\/17\/2021\/10\/Martina-Dase-K.jpg\" alt=\"\" width=\"180\"><\/a><\/td><td>Martina Dase ist Klimasprecherin von <a href=\"https:\/\/www.savethechildren.de\/\" target=\"_blank\" rel=\"noopener noreferrer\">Save the Children Deutschland<\/a>.<\/td><\/tr><tr><td><\/td><td><a href=\"https:\/\/www.savethechildren.de\" target=\"_blank\" rel=\"noopener noreferrer\"><img decoding=\"async\" class=\"aligncenter wp-image-313\" title=\" \" src=\"https:\/\/www.sinn-schaffen.de\/klima\/wp-content\/uploads\/sites\/17\/2021\/10\/crop_original_bp1548085617_logo-100-jahre-vert600x60.jpg\" alt=\"\" width=\"180\"><\/a><\/td><\/tr><\/tbody><\/table><\/figure>\n\n\n\n<figure class=\"wp-block-table\"><table class=\"has-subtle-light-gray-background-color has-background\"><tbody><tr><td width=\"25%\"><a href=\"https:\/\/www.savethechildren.de\/fileadmin\/user_upload\/Downloads_Dokumente\/Berichte_Studien\/2021\/2109_save-the-children-report_Born_into_the_Climate_Crisis.pdf\" target=\"_blank\" rel=\"noopener noreferrer\"><img decoding=\"async\" class=\"aligncenter wp-image-313\" title=\" \" src=\"https:\/\/www.sinn-schaffen.de\/klima\/wp-content\/uploads\/sites\/17\/2021\/10\/2109_save-the-children-report_Born_into_the_Climate_Crisis-T.jpg\" alt=\"\" width=\"180\"><\/a><\/td><td width=\"75%\">Der Klimabericht von Save the Children, &#8222;Born into the Climate Crisis: Why we must act now to secure children&#8217;s rights&#8220;, steht <a href=\"https:\/\/www.savethechildren.de\/fileadmin\/user_upload\/Downloads_Dokumente\/Berichte_Studien\/2021\/2109_save-the-children-report_Born_into_the_Climate_Crisis.pdf\" target=\"_blank\" rel=\"noopener noreferrer\">\u00fcber diesen Link zum Download als PDF<\/a> bereit.<\/td><\/tr><\/tbody><\/table><\/figure>\n","protected":false},"excerpt":{"rendered":"<p>Kinder, die im Jahr 2020 geboren wurden, werden im Durchschnitt fast sieben Mal mehr Hitzewellen, fast drei Mal mehr \u00dcberschwemmungen und Ernteausf\u00e4lle, 2,6 Mal mehr D\u00fcrren und doppelt so viele Waldbr\u00e4nde erleben m\u00fcssen als Menschen mit einem Geburtsdatum sechzig Jahre zuvor. Die besonders stark betroffenen Kinder haben jedoch nach wie vor am wenigsten Mitspracherecht und &hellip; <\/p>\n<p class=\"link-more\"><a href=\"https:\/\/www.sinn-schaffen.de\/klima\/kinder-warnen-im-vorfeld-der-un-klimakonferenz-unsere-zukunft-steht-auf-dem-spiel\/\" class=\"more-link\"><span class=\"screen-reader-text\">\u201eKinder warnen im Vorfeld der UN-Klimakonferenz: &#8222;Unsere Zukunft steht auf dem Spiel!&#8220;\u201c<\/span> weiterlesen<\/a><\/p>\n","protected":false},"author":1,"featured_media":0,"parent":0,"menu_order":71,"comment_status":"closed","ping_status":"closed","template":"","meta":{"footnotes":""},"class_list":["post-547","page","type-page","status-publish","hentry"],"_links":{"self":[{"href":"https:\/\/www.sinn-schaffen.de\/klima\/wp-json\/wp\/v2\/pages\/547","targetHints":{"allow":["GET"]}}],"collection":[{"href":"https:\/\/www.sinn-schaffen.de\/klima\/wp-json\/wp\/v2\/pages"}],"about":[{"href":"https:\/\/www.sinn-schaffen.de\/klima\/wp-json\/wp\/v2\/types\/page"}],"author":[{"embeddable":true,"href":"https:\/\/www.sinn-schaffen.de\/klima\/wp-json\/wp\/v2\/users\/1"}],"replies":[{"embeddable":true,"href":"https:\/\/www.sinn-schaffen.de\/klima\/wp-json\/wp\/v2\/comments?post=547"}],"version-history":[{"count":2,"href":"https:\/\/www.sinn-schaffen.de\/klima\/wp-json\/wp\/v2\/pages\/547\/revisions"}],"predecessor-version":[{"id":549,"href":"https:\/\/www.sinn-schaffen.de\/klima\/wp-json\/wp\/v2\/pages\/547\/revisions\/549"}],"wp:attachment":[{"href":"https:\/\/www.sinn-schaffen.de\/klima\/wp-json\/wp\/v2\/media?parent=547"}],"curies":[{"name":"wp","href":"https:\/\/api.w.org\/{rel}","templated":true}]}}