{"id":875,"date":"2024-02-02T15:22:23","date_gmt":"2024-02-02T14:22:23","guid":{"rendered":"https:\/\/www.sinn-schaffen.de\/klima\/?page_id=875"},"modified":"2024-02-02T15:22:24","modified_gmt":"2024-02-02T14:22:24","slug":"grosses-potential-fuer-weitere-reduktion-des-ressourcenbedarfs-von-e-autos-um-umweltvorteile-gegenueber-verbrennern-weiter-auszubauen","status":"publish","type":"page","link":"https:\/\/www.sinn-schaffen.de\/klima\/grosses-potential-fuer-weitere-reduktion-des-ressourcenbedarfs-von-e-autos-um-umweltvorteile-gegenueber-verbrennern-weiter-auszubauen\/","title":{"rendered":"Gro\u00dfes Potential f\u00fcr weitere Reduktion des Ressourcenbedarfs von E-Autos, um Umweltvorteile gegen\u00fcber Verbrennern weiter auszubauen"},"content":{"rendered":"\n<p><em>Im Durchschnitt sind reine Elektroautos deutlich klima- und umweltfreundlicher als Verbrenner. Durch die Gewinnung von Batterierohstoffen wie Lithium, Kobalt oder Nickel wird die Umwelt erheblich belastet, allerdings w\u00e4ren f\u00fcr viele Fahrzeuge bereits heute alternative Batterietechnologien wie die auf Natrium-Basis verwendbar.<\/em><\/p>\n\n\n\n<figure class=\"wp-block-image size-full\"><img loading=\"lazy\" decoding=\"async\" width=\"1024\" height=\"413\" src=\"https:\/\/www.sinn-schaffen.de\/klima\/wp-content\/uploads\/sites\/17\/2024\/02\/240202-NU-Studie-DUH.jpg\" alt=\"\" class=\"wp-image-871\" title=\"Foto: Nata Uchava, Freiburg\"\/><\/figure>\n\n\n\n<p><strong>(Berlin, 31. Januar 2024)<\/strong> Elektroautos mit Batterieantrieb sind klima- und umweltvertr\u00e4glicher als Pkw, die durch die Verbrennung fossiler Kraftstoffe, Agrosprit, E-Fuels oder dem Einsatz von Wasserstoff angetrieben werden. Dies ist das Ergebnis einer aktuellen Analyse der Umweltwirkungen verschiedener Antriebssysteme durch die Deutsche Umwelthilfe. Allerdings d\u00fcrfen diese Vorteile nicht durch immer gr\u00f6\u00dfere Elektro-SUV zunichtegemacht werden. Um die Vorteile gegen\u00fcber Verbrenner-Pkw maximal auszusch\u00f6pfen, muss der Rohstoffbedarf f\u00fcr Antriebsbatterien allerdings weiter reduziert werden. Aktuell fehlt es genauso an gesetzlichen Vorgaben, die innovative Batterietechnologien, Reparatur, Wiederverwendung und das Recycling f\u00f6rdern wie an Anreizen, besonders effiziente Elektro-Klein- und Kleinstfahrzeuge zu entwickeln und den Trend zu Monster-Elektro-SUV zu brechen.<\/p>\n\n\n\n<p>Barbara Metz, Bundesgesch\u00e4ftsf\u00fchrerin der Deutschen Umwelthilfe: \u201eIm Durchschnitt sind reine Elektroautos deutlich klima- und umweltfreundlicher als Verbrenner. Fakt ist jedoch: Durch die Gewinnung von Batterierohstoffen wie Lithium, Kobalt oder Nickel wird die Umwelt erheblich belastet. F\u00fcr viele Fahrzeuge k\u00f6nnten bereits heute alternative Batterietechnologien wie die auf Natrium-Basis verwendet werden. Fahrzeugbatterien sollten zudem durch selektive Reparaturm\u00f6glichkeiten sowie Wiederverwendung als station\u00e4re Stromspeicher m\u00f6glichst lange genutzt werden. Umweltministerin Lemke muss schnellstm\u00f6glich Regelungen zur Begrenzung des Ressourcenverbrauchs durch Elektro-Autos auf den Weg bringen, beispielsweise im Rahmen der Nationalen Kreislaufwirtschaftsstrategie. Zudem sollte die Bundesregierung wichtige EU-Prozesse zu \u00d6kodesign und Recht auf Reparatur schleunigst voranbringen statt diese zu blockieren.\u201c<\/p>\n\n\n\n<p>Die Herstellung, Nutzung und Entsorgung eines jeden Fahrzeugs belastet die Umwelt. Dennoch zeigen zahlreiche \u00d6kobilanzen, dass das Elektroauto \u00fcber seinen gesamten Lebenszyklus (Herstellung, Nutzung und Entsorgung) Klima und Umwelt weniger schadet als ein vergleichbares Fahrzeug mit Verbrennungsantrieb. W\u00e4hrend der Nutzung sto\u00dfen Elektroautos keine gesundheitssch\u00e4dlichen Abgase aus und verursachen im Stadtverkehr weniger L\u00e4rm. Zudem sind E-Autos deutlich effizienter: Bei einem benzinbetriebenen Motor werden nur circa 20 Prozent der eingesetzten Energie f\u00fcr den Antrieb genutzt, bei einem Elektrofahrzeug inklusive Ladeverlusten hingegen 64 Prozent.<\/p>\n\n\n\n<p>Der Leiter f\u00fcr Kreislaufwirtschaft der Deutschen Umwelthilfe, Thomas Fischer: \u201eUm Umweltauswirkungen durch die Gewinnung kritischer Rohstoffe zu reduzieren, sollten sich Autohersteller nicht einseitig auf ressourcenintensive Batterietechnologien festlegen, wie zum Beispiel die Lithium-Nickel-Mangan-Kobalt-Batterie. Insbesondere f\u00fcr Kleinwagen eignen sich alternative Batteriesysteme, wie zum Beispiel Natriumbatterien, die keine kritischen Ressourcen ben\u00f6tigen.\u201c<\/p>\n\n\n\n<p>Je l\u00e4nger die Nutzung einer Batterie, desto besser ihre Umweltperformance. Beispielsweise durch ein \u201ezweites Leben\u201c: Mit einer Restkapazit\u00e4t von etwa 70 Prozent eignen sich ausgemusterte Antriebsbatterien beispielsweise noch gut als station\u00e4re Energiespeicher f\u00fcr erneuerbare Energien. Allerdings fehlen derzeit gesetzliche Vorgaben, die gute Bedingungen f\u00fcr eine lange Nutzung, Reparatur und Wiederverwendung sicherstellen. Daf\u00fcr ist es notwendig, auch unabh\u00e4ngigen Akteuren eine gute Verf\u00fcgbarkeit von Ersatzteilen sowie Zugang zu sicherheitsrelevanten Daten und dem Batteriemanagementsystem zu erm\u00f6glichen. Die Deutsche Umwelthilfe fordert die Bundesregierung auf, diese L\u00fccken im Rahmen der Nationalen Kreislaufwirtschafsstrategie, bei der Umsetzung der EU-Batterieverordnung sowie im Rahmen aktueller EU-Prozesse (insb. Recht auf Reparatur, Altfahrzeug-Richtlinie und \u00d6kodesign-Verordnung) schnellstm\u00f6glich zu schlie\u00dfen.<\/p>\n\n\n\n<div class=\"wp-block-columns is-layout-flex wp-container-core-columns-is-layout-9d6595d7 wp-block-columns-is-layout-flex\">\n<div class=\"wp-block-column is-layout-flow wp-block-column-is-layout-flow\" style=\"flex-basis:33.33%\">\n<figure class=\"wp-block-image size-large\"><a href=\"https:\/\/www.duh.de\/ueberuns\/team-der-duh\/\" target=\"_blank\" rel=\"noreferrer noopener\"><img loading=\"lazy\" decoding=\"async\" width=\"977\" height=\"1024\" src=\"https:\/\/www.sinn-schaffen.de\/klima\/wp-content\/uploads\/sites\/17\/2023\/01\/Barbara-Metz-stellvertretende-Bundesgeschaeftsfuehrerin-DUH-c-Stefan-Wieland-K-977x1024.jpg\" alt=\"\" class=\"wp-image-720\" title=\"Foto: Deutsche Umwelthilfe\"\/><\/a><\/figure>\n<\/div>\n\n\n\n<div class=\"wp-block-column is-layout-flow wp-block-column-is-layout-flow\" style=\"flex-basis:66.66%\">\n<p><\/p>\n\n\n\n<p>Barbara Metz ist Bundesgesch\u00e4ftsf\u00fchrerin der <a href=\"https:\/\/www.duh.de\/\" target=\"_blank\" data-type=\"link\" data-id=\"https:\/\/www.duh.de\/\" rel=\"noreferrer noopener\">Deutschen Umwelthilfe<\/a>.<\/p>\n\n\n\n<figure class=\"wp-block-image size-large is-resized\"><a href=\"https:\/\/www.duh.de\/\" target=\"_blank\" rel=\"noreferrer noopener\"><img loading=\"lazy\" decoding=\"async\" width=\"1024\" height=\"125\" src=\"https:\/\/www.sinn-schaffen.de\/klima\/wp-content\/uploads\/sites\/17\/2019\/01\/DUHLogo-1024x125.png\" alt=\"\" class=\"wp-image-104\" style=\"width:362px;height:auto\"\/><\/a><\/figure>\n<\/div>\n<\/div>\n\n\n\n<div class=\"wp-block-columns is-layout-flex wp-container-core-columns-is-layout-9d6595d7 wp-block-columns-is-layout-flex\">\n<div class=\"wp-block-column is-layout-flow wp-block-column-is-layout-flow\" style=\"flex-basis:33.33%\">\n<figure class=\"wp-block-image size-full\"><a href=\"https:\/\/www.duh.de\/fileadmin\/user_upload\/download\/Projektinformation\/Kreislaufwirtschaft\/Batterien\/240130_Umweltvertraeglichkeit_Elektrofahrzeuge_FINAL.pdf\" target=\"_blank\" rel=\"noreferrer noopener\"><img loading=\"lazy\" decoding=\"async\" width=\"599\" height=\"846\" src=\"https:\/\/www.sinn-schaffen.de\/klima\/wp-content\/uploads\/sites\/17\/2024\/02\/240130_Umweltvertraeglichkeit_Elektrofahrzeuge-T.jpg\" alt=\"\" class=\"wp-image-872\"\/><\/a><\/figure>\n<\/div>\n\n\n\n<div class=\"wp-block-column is-layout-flow wp-block-column-is-layout-flow\" style=\"flex-basis:66.66%\">\n<p><\/p>\n\n\n\n<p>Das Faktenpapier &#8222;10 Fakten zur Umweltvertr\u00e4glichkeit von Elektrofahrzeugen \u2013 Wie die Elektromobilit\u00e4t zum Umwelt- und Ressourcenschutz beitragen kann &#8220; analysiert die Umweltvertr\u00e4glichkeit von Elektrofahrzeugen im Pkw-Segment ganzheitlich und r\u00e4umt mit den h\u00e4ufigsten Mythen der Elektromobilit\u00e4t auf. Es steht <a href=\"https:\/\/www.duh.de\/fileadmin\/user_upload\/download\/Projektinformation\/Kreislaufwirtschaft\/Batterien\/240130_Umweltvertraeglichkeit_Elektrofahrzeuge_FINAL.pdf\" target=\"_blank\" data-type=\"link\" data-id=\"https:\/\/www.duh.de\/fileadmin\/user_upload\/download\/Projektinformation\/Kreislaufwirtschaft\/Batterien\/240130_Umweltvertraeglichkeit_Elektrofahrzeuge_FINAL.pdf\" rel=\"noreferrer noopener\">\u00fcber diesen Link zum Download als PDF-Datei<\/a> bereit.<\/p>\n<\/div>\n<\/div>\n","protected":false},"excerpt":{"rendered":"<p>Im Durchschnitt sind reine Elektroautos deutlich klima- und umweltfreundlicher als Verbrenner. Durch die Gewinnung von Batterierohstoffen wie Lithium, Kobalt oder Nickel wird die Umwelt erheblich belastet, allerdings w\u00e4ren f\u00fcr viele Fahrzeuge bereits heute alternative Batterietechnologien wie die auf Natrium-Basis verwendbar.<\/p>\n","protected":false},"author":1,"featured_media":0,"parent":0,"menu_order":25,"comment_status":"closed","ping_status":"closed","template":"","meta":{"footnotes":""},"class_list":["post-875","page","type-page","status-publish","hentry"],"_links":{"self":[{"href":"https:\/\/www.sinn-schaffen.de\/klima\/wp-json\/wp\/v2\/pages\/875","targetHints":{"allow":["GET"]}}],"collection":[{"href":"https:\/\/www.sinn-schaffen.de\/klima\/wp-json\/wp\/v2\/pages"}],"about":[{"href":"https:\/\/www.sinn-schaffen.de\/klima\/wp-json\/wp\/v2\/types\/page"}],"author":[{"embeddable":true,"href":"https:\/\/www.sinn-schaffen.de\/klima\/wp-json\/wp\/v2\/users\/1"}],"replies":[{"embeddable":true,"href":"https:\/\/www.sinn-schaffen.de\/klima\/wp-json\/wp\/v2\/comments?post=875"}],"version-history":[{"count":1,"href":"https:\/\/www.sinn-schaffen.de\/klima\/wp-json\/wp\/v2\/pages\/875\/revisions"}],"predecessor-version":[{"id":876,"href":"https:\/\/www.sinn-schaffen.de\/klima\/wp-json\/wp\/v2\/pages\/875\/revisions\/876"}],"wp:attachment":[{"href":"https:\/\/www.sinn-schaffen.de\/klima\/wp-json\/wp\/v2\/media?parent=875"}],"curies":[{"name":"wp","href":"https:\/\/api.w.org\/{rel}","templated":true}]}}