{"id":177,"date":"2023-11-16T17:41:15","date_gmt":"2023-11-16T16:41:15","guid":{"rendered":"https:\/\/www.sinn-schaffen.de\/medien\/?page_id=177"},"modified":"2023-11-16T17:41:16","modified_gmt":"2023-11-16T16:41:16","slug":"verborgene-und-unbewusste-dynamiken-in-organisationen-2","status":"publish","type":"page","link":"https:\/\/www.sinn-schaffen.de\/medien\/verborgene-und-unbewusste-dynamiken-in-organisationen-2\/","title":{"rendered":"Verborgene und unbewusste Dynamiken in Organisationen"},"content":{"rendered":"\n<p><em>Annemarie Bauer, Marlies W. Fr\u00f6se, J\u00f6rg Seigies (Hg.), \u201eVerborgene und unbewusste Dynamiken in Organisationen. Systeme psychoanalytisch verstehen in Beratung, Coaching und Supervision\u201c, 1. Aufl. 2023, Psychosozial-Verlag, Gie\u00dfen, 715 Seiten, 79,90 Euro.<\/em><\/p>\n\n\n\n<p><em>Mit Beitr\u00e4gen von Florian Barth, Annemarie Bauer, Heike Baum, Tanja Becker, Rafael Behr, Ruth Belzner, Christoph Bevier, Ruth Bornhofen-Wentzel, Ben Christian, Elisabeth Christian, Karin Deppe, Marlies W. Fr\u00f6se, Anna-Maria Generotzky, Friedrich Glasl, Katharina Gr\u00f6ning, Christine Jandausch, Sonja Keil, Manfred Kets de Vries, Fabian Kliesch, Alexa K\u00f6hler-Offierski, Corinna Koopten-Bohlemann, Uwe Kowalzik, K\u00e4the Kruse, Stefan K\u00fchl, Wendelin K\u00fcpers, Franziska Lamott, Ulf Liedke, Elke M\u00fcller, Gabriele Pradel, Manfred Prisching, Karl Richstein, Anja Sauerer, Dieter Sandner, J\u00f6rg Seigies, Hans-J\u00f6rg Stets, Gerhard Wilke, Michael Winkler.<\/em><\/p>\n\n\n\n<p>Was wird denn da so alles unter den Teppich gekehrt? Diese Frage dr\u00e4ngt beim Betrachten des Covers (Bansky) des Buches auf. Und genau darum geht es auch. Was an Verborgenem, Ungesagtem und Ungesehenem verkappt sich in unserer Arbeitswelt der Organisationen und Institutionen? 715 Seiten werden wir durch den Dschungel des Unartikulierten in die unterschiedlichsten Bereiche unseres Daseins gef\u00fchrt.<\/p>\n\n\n\n<p>Es geht um Heime (\u00bbW\u00fcstenmutter\u00ab Hagar. Traumatisierte Kinder und M\u00e4dchen in Heimen und Wege aus der \u00bbW\u00fcste\u00ab Anja Sauerer &amp; Annemarie Bauer), Justiz und Schulen (Change-Management am Beispiel der Sozialen Dienste der Justiz, Einblicke in Ver\u00e4nderungsprozesse Corinna Koopten-Bohlemann, Einblicke in das Unbewusste einer Organisationskultur. Die Schule als Ort verborgener Scham, stummer Scham, tabuisierter Scham? Karin Deppe), Altenheime und Fr\u00fchp\u00e4dagogik, Kliniken, Hochschulen und \u00f6ffentliche Verwaltungen.<\/p>\n\n\n\n<p>Zu den in Kapiteln zusammengefassten Bereichen von untersuchten Strukturen geben die Herausgeberinnen eine Hinf\u00fchrung. Sie unterscheiden organisationale Dynamiken in konfessionsgebundenen Einrichtungen, in totalen, totalit\u00e4ren und autorit\u00e4ren Organisationen, in Bezug auf K\u00f6rper, Gesundheit und Sterben, im Kontext von Vielfalt, Verschiedenheit und Kulturen.<\/p>\n\n\n\n<p>Es geht dabei nicht nur um Aufdeckung verborgener Organisationsstrukturen, sondern auch um \u201ekonkrete M\u00f6glichkeiten des konstruktiven Umgangs mit eben diesen Dynamiken\u201c (S.119).<\/p>\n\n\n\n<p>Der Ruf nach Eindeutigkeit ist in \u00f6ffentlichen Institutionen verbreitet, dem kann aber oft nicht entsprochen werden, da es darum geht, komplexe und zum Teil widerspr\u00fcchliche Erwartungen zu erf\u00fcllen. Eindeutigkeit \u201ekann sogar \u201agef\u00e4hrlich\u2018 werden\u201c (S.121). Das Zulassen von Mehrdeutigkeit und das Aufbringen von Ambiguit\u00e4tstoleranz, das Aushalten von Widerspr\u00fcchen wird eingefordert als Gegenteil zu der unter den Teppich-kehr Mentalit\u00e4t.<\/p>\n\n\n\n<p>Im Hamburger Abendblatt vom Nov. 2023 fordert Hajo Schumacher in politischer Hinsicht: \u201eUnser Verstand hasst Unordnung. Das alte Reptilienhirn will Klarheit: Wer ist Freund, wer ist Feind. Diese Information war in der Steinzeit \u00fcberlebenswichtig. Unsere zuverl\u00e4ssig unordentliche Welt aber verlangt Ambiguit\u00e4tstoleranz.\u201c<\/p>\n\n\n\n<p>Die F\u00fclle der bearbeiteten Themen macht das Buch interessant und zu einem Nachschlagwerk. Ein Handbuch f\u00fcr F\u00fchrende, die, die es werden wollen und Mitarbeitenden in den einschl\u00e4gigen Organisationen.<\/p>\n\n\n\n<p>Dr. Heiderose G\u00e4rtner-Schultz<\/p>\n\n\n\n<p><a href=\"https:\/\/www.gaertner-schultz.de\/\" data-type=\"link\" data-id=\"https:\/\/www.gaertner-schultz.de\/\" target=\"_blank\" rel=\"noopener\">www.gaertner-schultz.de<\/a><\/p>\n\n\n\n<div class=\"wp-block-columns is-layout-flex wp-container-core-columns-is-layout-9d6595d7 wp-block-columns-is-layout-flex\">\n<div class=\"wp-block-column is-layout-flow wp-block-column-is-layout-flow\" style=\"flex-basis:33.33%\">\n<figure class=\"wp-block-image size-large\"><a href=\"https:\/\/www.psychosozial-verlag.de\/3177\" target=\"_blank\" rel=\"noreferrer noopener\"><img loading=\"lazy\" decoding=\"async\" width=\"722\" height=\"1024\" src=\"https:\/\/www.sinn-schaffen.de\/medien\/wp-content\/uploads\/sites\/21\/2023\/11\/Verborgene-und-unbewusste-Dynamiken-in-Organisationen-722x1024.jpg\" alt=\"\" class=\"wp-image-176\"\/><\/a><\/figure>\n<\/div>\n\n\n\n<div class=\"wp-block-column is-layout-flow wp-block-column-is-layout-flow\" style=\"flex-basis:66.66%\">\n<p><\/p>\n\n\n\n<p><em><a href=\"https:\/\/www.psychosozial-verlag.de\/3177\" target=\"_blank\" data-type=\"link\" data-id=\"https:\/\/www.psychosozial-verlag.de\/3177\" rel=\"noreferrer noopener\">Annemarie Bauer, Marlies W. Fr\u00f6se, J\u00f6rg Seigies (Hg.), \u201eVerborgene und unbewusste Dynamiken in Organisationen. Systeme psychoanalytisch verstehen in Beratung, Coaching und Supervision\u201c, 1. Aufl. 2023, Psychosozial-Verlag, Gie\u00dfen, 715 Seiten, 79,90 Euro.<\/a><\/em><\/p>\n<\/div>\n<\/div>\n","protected":false},"excerpt":{"rendered":"<p>Annemarie Bauer, Marlies W. Fr\u00f6se, J\u00f6rg Seigies (Hg.), \u201eVerborgene und unbewusste Dynamiken in Organisationen. Systeme psychoanalytisch verstehen in Beratung, Coaching und Supervision\u201c, 1. Aufl. 2023, Psychosozial-Verlag, Gie\u00dfen, 715 Seiten, 79,90 Euro. Mit Beitr\u00e4gen von Florian Barth, Annemarie Bauer, Heike Baum, Tanja Becker, Rafael Behr, Ruth Belzner, Christoph Bevier, Ruth Bornhofen-Wentzel, Ben Christian, Elisabeth Christian, Karin &hellip; <\/p>\n<p class=\"link-more\"><a href=\"https:\/\/www.sinn-schaffen.de\/medien\/verborgene-und-unbewusste-dynamiken-in-organisationen-2\/\" class=\"more-link\"><span class=\"screen-reader-text\">\u201eVerborgene und unbewusste Dynamiken in Organisationen\u201c<\/span> weiterlesen<\/a><\/p>\n","protected":false},"author":1,"featured_media":0,"parent":0,"menu_order":7,"comment_status":"closed","ping_status":"closed","template":"","meta":{"footnotes":""},"class_list":["post-177","page","type-page","status-publish","hentry"],"_links":{"self":[{"href":"https:\/\/www.sinn-schaffen.de\/medien\/wp-json\/wp\/v2\/pages\/177","targetHints":{"allow":["GET"]}}],"collection":[{"href":"https:\/\/www.sinn-schaffen.de\/medien\/wp-json\/wp\/v2\/pages"}],"about":[{"href":"https:\/\/www.sinn-schaffen.de\/medien\/wp-json\/wp\/v2\/types\/page"}],"author":[{"embeddable":true,"href":"https:\/\/www.sinn-schaffen.de\/medien\/wp-json\/wp\/v2\/users\/1"}],"replies":[{"embeddable":true,"href":"https:\/\/www.sinn-schaffen.de\/medien\/wp-json\/wp\/v2\/comments?post=177"}],"version-history":[{"count":1,"href":"https:\/\/www.sinn-schaffen.de\/medien\/wp-json\/wp\/v2\/pages\/177\/revisions"}],"predecessor-version":[{"id":178,"href":"https:\/\/www.sinn-schaffen.de\/medien\/wp-json\/wp\/v2\/pages\/177\/revisions\/178"}],"wp:attachment":[{"href":"https:\/\/www.sinn-schaffen.de\/medien\/wp-json\/wp\/v2\/media?parent=177"}],"curies":[{"name":"wp","href":"https:\/\/api.w.org\/{rel}","templated":true}]}}