{"id":1558,"date":"2025-09-24T17:25:55","date_gmt":"2025-09-24T15:25:55","guid":{"rendered":"https:\/\/www.sinn-schaffen.de\/finanz\/?page_id=1558"},"modified":"2025-09-30T18:09:40","modified_gmt":"2025-09-30T16:09:40","slug":"rentenentwivklung-2017","status":"publish","type":"page","link":"https:\/\/www.sinn-schaffen.de\/finanz\/rentenentwivklung-2017\/","title":{"rendered":"Rentenentwicklung in Deutschland"},"content":{"rendered":"\n<h6 class=\"wp-block-heading\">Vergleich zwischen politischen Versprechen und der realen Entwicklung des Rentenniveaus<\/h6>\n\n\n\n<!DOCTYPE html>\n<html lang=\"de\">\n<head>\n    <meta charset=\"UTF-8\">\n    <meta name=\"viewport\" content=\"width=device-width, initial-scale=1.0\">\n    <title>Rentenentwicklung Deutschland<\/title>\n    <style>\n        \/* Angepasste CSS-Klassen basierend auf den urspr\u00fcnglichen Tailwind-Klassen *\/\n        \n        .container {\n            max-width: 1000px;\n            margin-left: auto;\n            margin-right: auto;\n            padding: 2rem;\n        }\n        .card-content {\n            position: relative;\n        }\n        .popup {\n            position: absolute;\n            background-color: white;\n            border: 1px solid #d1d5db;\n            border-radius: 0.5rem;\n            box-shadow: 0 10px 15px -3px rgba(0, 0, 0, 0.1), 0 4px 6px -4px rgba(0, 0, 0, 0.1);\n            padding: 1rem;\n            z-index: 20;\n            width: 300px;\n            display: none;\n        }\n        .popup-close {\n            position: absolute;\n            top: 0.5rem;\n            right: 0.5rem;\n            cursor: pointer;\n            color: var(--color-gray-400);\n        }\n        .popup-title {\n            font-size: 1.125rem; \/* lg *\/\n            font-weight: 700; \/* bold *\/\n            color: var(--color-gray-900);\n            margin-bottom: 0.5rem;\n        }\n        .popup-coalition {\n            font-size: 0.875rem; \/* sm *\/\n            font-weight: 500; \/* medium *\/\n            color: var(--color-gray-500);\n            margin-bottom: 0.25rem;\n        }\n        .popup-description {\n            font-size: 0.875rem; \/* sm *\/\n            color: var(--color-gray-700);\n            margin-bottom: 0.5rem;\n        }\n        .popup-subtitle {\n            font-weight: 600; \/* semibold *\/\n            font-size: 0.875rem; \/* sm *\/\n            margin-bottom: 0.25rem;\n        }\n        \n        .text-content ul {\n            list-style-type: disc;\n            margin-left: 1.5rem;\n            color: var(--color-gray-700);\n        }\n        .text-content ul li {\n            margin-bottom: 0.5rem;\n        }\n    <\/style>\n    <script src=\"https:\/\/cdn.jsdelivr.net\/npm\/chart.js@4.4.3\/dist\/chart.umd.min.js\"><\/script>\n    <link rel=\"preconnect\" href=\"https:\/\/fonts.googleapis.com\">\n    <link rel=\"preconnect\" href=\"https:\/\/fonts.gstatic.com\" crossorigin>\n    <link href=\"https:\/\/fonts.googleapis.com\/css2?family=Inter:wght@400;500;600;700&#038;display=swap\" rel=\"stylesheet\">\n<\/head>\n<body>\n    <div class=\"container\">\n        \n        <main class=\"card\">\n            <div class=\"card-content\">\n                <canvas id=\"rentenChart\"><\/canvas>\n            <\/div>\n\n            <!-- Interaktives Pop-up f\u00fcr Details -->\n            <div id=\"promise-popup\" class=\"popup\">\n                <button id=\"close-popup\" class=\"popup-close\">&times;<\/button>\n                <h3 id=\"popup-title\" class=\"popup-title\"><\/h3>\n                <p id=\"popup-coalition\" class=\"popup-coalition\"><\/p>\n                <p id=\"popup-description\" class=\"popup-description\"><\/p>\n                <p class=\"popup-subtitle\">Was versprochen wurde:<\/p>\n                <p id=\"popup-promise\" class=\"text-gray-600\"><\/p>\n                <p class=\"popup-subtitle\">Was wirklich passierte:<\/p>\n                <p id=\"popup-reality\" class=\"text-gray-600\"><\/p>\n            <\/div>\n        <\/main>\n\n        <!-- Neuer Abschnitt f\u00fcr Funktionsbeschreibung und Hintergrundinformationen -->\n        <div class=\"card mt-8 text-content\">\n            <p><i>\n               <strong>Funktionsweise der Seite:<\/strong>\n                Die blaue Linie zeigt die tats\u00e4chliche Entwicklung des Rentenniveaus in Deutschland \u00fcber die Jahre. Die gr\u00fcnen Punkte repr\u00e4sentieren wichtige politische Ma\u00dfnahmen. Klicken Sie auf einen der gr\u00fcnen Punkte, um detaillierte Informationen zur jeweiligen Ma\u00dfnahme und den damit verbundenen Versprechen und tats\u00e4chlichen Auswirkungen in einem Pop-up-Fenster zu sehen.\n            <\/i><\/p>\n\n            <h3>Warum die Versprechen nicht eingehalten wurden<\/h3>\n            <p>\n                Die langfristige Absenkung des Rentenniveaus trotz zahlreicher Reformen ist eine Folge der Komplexit\u00e4t des deutschen Rentensystems und des demografischen Wandels. Die politischen Versprechen stie\u00dfen auf systemische H\u00fcrden, die eine dauerhafte Stabilisierung erschwerten.\n            <\/p>\n            \n            <h3>Demografischer Wandel und Priorit\u00e4t der Beitragssatzstabilit\u00e4t<\/h3>\n            <ul>\n                <li><strong>Demografischer Wandel:<\/strong> Das Verh\u00e4ltnis von Rentnern zu Beitragszahlern verschlechtert sich. Das Umlagesystem, bei dem die Jungen die Alten finanzieren, ger\u00e4t unter Druck, da die Basis der Beitragszahler schrumpft und die Zahl der Rentenempf\u00e4nger steigt.<\/li>\n                <li><strong>Beitragssatzstabilit\u00e4t:<\/strong> Politische Entscheidungen priorisierten oft die Stabilisierung der Rentenbeitragss\u00e4tze f\u00fcr die Arbeitnehmer und Arbeitgeber, um die Lohnnebenkosten niedrig zu halten. Dies hatte zur Folge, dass das Rentenniveau aktiv abgesenkt werden musste, um die Finanzierung zu sichern.<\/li>\n            <\/ul>\n\n            <h3>Die Rolle der Produktivit\u00e4tsentwicklung<\/h3>\n            <p>\n                Ein wesentlicher Grund f\u00fcr die Absenkung des Rentenniveaus ist, dass die Rentenformel &#8222;bewusst von der Produktivit\u00e4tsentwicklung abgekoppelt wurde&#8220;. W\u00e4hrend L\u00f6hne im Idealfall prim\u00e4r durch Produktivit\u00e4tsfortschritte steigen, wurden die Rentenreformen darauf ausgerichtet, die Beitragss\u00e4tze stabil zu halten.\n            <\/p>\n            <ul>\n                <li><strong>Abkopplung von der Produktivit\u00e4t:<\/strong> Durch die Einf\u00fchrung von Faktoren wie dem Nachhaltigkeitsfaktor in der Rentenformel wurde die Rentenentwicklung nicht mehr nur an das Lohnwachstum gekoppelt. Stattdessen wurden demografische Ver\u00e4nderungen und die Zahl der Rentner ber\u00fccksichtigt, was das Rentenwachstum aktiv d\u00e4mpfte.<\/li>\n                <li><strong>Folge f\u00fcr das Rentenniveau:<\/strong> Wenn die Produktivit\u00e4t steigt und damit auch die L\u00f6hne, w\u00fcrde eine voll gekoppelte Rente mitwachsen. Indem dieser Mechanismus abgeschw\u00e4cht wurde, wurde eine Schere zwischen Lohn- und Rentenentwicklung ge\u00f6ffnet. Die Renten stiegen langsamer als die L\u00f6hne, was das Rentenniveau \u00fcber die Jahre fallen lie\u00df.<\/li>\n            <\/ul>\n\n            <h3>Einfluss einzelner Reformen<\/h3>\n            <ul>\n                <li><strong>Rentenreform 1992:<\/strong> Statt das Rentenniveau zu stabilisieren, wurde die Rentenanpassung an die demografische Entwicklung gekoppelt, um die Rentenversicherungsbeitr\u00e4ge zu stabilisieren. Dies f\u00fchrte zu einer langsameren Steigerung der Renten als der L\u00f6hne und somit zu einem sinkenden Rentenniveau.<\/li>\n                <li><strong>Rentenreform 1999:<\/strong> Die Einf\u00fchrung des \u00e2\u20ac\u017eNachhaltigkeitsfaktors\u00e2\u20ac\u0153 koppelte die Rentenanpassung noch st\u00e4rker an das Verh\u00e4ltnis von Beitragszahlern zu Rentnern. Das Ziel, das Rentenniveau bei einem bestimmten Wert zu halten, wurde zugunsten einer Beitragssatzobergrenze faktisch aufgegeben.<\/li>\n                <li><strong>Altersverm\u00f6gensgesetz (Riester-Rente):<\/strong> Die Riester-Rente sollte die durch die Reformen bewusst geschaffene &#8222;Rentenl\u00fccke&#8220; schlie\u00dfen. Sie scheiterte jedoch weitgehend daran, ein fl\u00e4chendeckendes und wirksames Instrument zu werden. Gr\u00fcnde hierf\u00fcr waren hohe Kosten, niedrige Zinsen, mangelnde Transparenz und die Tatsache, dass viele Geringverdiener nicht in der Lage waren, ausreichend privat vorzusorgen.<\/li>\n                <li><strong>Rente mit 67:<\/strong> Die Anhebung des Renteneintrittsalters sollte die demografische Belastung mindern. Allerdings wurde die Wirksamkeit durch die Realit\u00e4t des Arbeitsmarktes eingeschr\u00e4nkt. Viele \u00e4ltere Arbeitnehmer finden nach dem 60. Lebensjahr keinen neuen Arbeitsplatz oder m\u00fcssen aus gesundheitlichen Gr\u00fcnden vorzeitig in Rente gehen, was die angestrebte Entlastung des Systems d\u00e4mpft.<\/li>\n                <li><strong>M\u00fctterrente I (2014) und Grundrente (2023):<\/strong> Diese Ma\u00dfnahmen dienten der sozialen Gerechtigkeit und sollten die Situation bestimmter Gruppen (M\u00fctter mit vor 1992 geborenen Kindern, Geringverdiener) verbessern. Sie hatten jedoch keine nennenswerte Auswirkung auf das allgemeine Rentenniveau, da sie nur f\u00fcr einen ausgew\u00e4hlten Personenkreis gelten. Sie sind somit wichtige sozialpolitische Instrumente, aber keine systemischen L\u00f6sungen f\u00fcr die langfristige Absenkung des Gesamtniveaus.<\/li>\n            <\/ul>\n        <\/div>\n    <\/div>\n\n    <script>\n        document.addEventListener('DOMContentLoaded', () => {\n            const ctx = document.getElementById('rentenChart').getContext('2d');\n            const popup = document.getElementById('promise-popup');\n            const closeButton = document.getElementById('close-popup');\n            const popupTitle = document.getElementById('popup-title');\n            const popupCoalition = document.getElementById('popup-coalition');\n            const popupDescription = document.getElementById('popup-description');\n            const popupPromise = document.getElementById('popup-promise');\n            const popupReality = document.getElementById('popup-reality');\n\n            \/\/ Beispieldaten: Rentenniveau-Kurve (Sch\u00e4tzwerte) mit politischem Kontext\n            const politicalEvents = [\n                { year: 1992, level: 53.6, event: \"Rentenreform 1992\", coalition: \"CDU\/CSU-FDP\", description: \"Verabschiedet unter der Regierung Kohl, sollte die Rentenversicherung auf die alternde Gesellschaft vorbereiten.\", promise: \"Das Rentenniveau soll bei 70% stabilisiert werden, bis 2030 jedoch auf 64% sinken.\", reality: \"Das Rentenniveau sank in der Folge weiter ab.\" },\n                { year: 1999, level: 52.2, event: \"Rentenreform 1999\", coalition: \"SPD-Gr\u00fcne\", description: \"Die Regierung Schr\u00f6der reagierte auf die drohenden Finanzierungsprobleme. Einf\u00fchrung des 'Nachhaltigkeitsfaktors'.\", promise: \"Ein Rentenniveau von 64% bis 2030 soll durch eine 'Nachhaltigkeitsanpassung' gesichert werden.\", reality: \"Die eingef\u00fchrte Formel trug zum weiteren Absinken bei, das Niveau lag 2022 bei 48,1%.\" },\n                { year: 2004, level: 50.8, event: \"Altersverm\u00f6gensgesetz (Riester-Rente)\", coalition: \"SPD-Gr\u00fcne\", description: \"Einf\u00fchrung einer staatlich gef\u00f6rderten, privaten Altersvorsorge.\", promise: \"Private Vorsorge soll die sinkenden Renten ausgleichen, das Rentenniveau wird bis 2030 auf 43% gesenkt.\", reality: \"Das tats\u00e4chliche Rentenniveau lag 2022 bei 48,1%, aber viele Rentner haben keine private Vorsorge.\" },\n                { year: 2007, level: 50.0, event: \"RV-Altersgrenzenanpassungsgesetz (Rente mit 67)\", coalition: \"CDU\/CSU-SPD\", description: \"Die Gro\u00dfe Koalition unter Merkel beschloss die schrittweise Anhebung des Renteneintrittsalters.\", promise: \"Das Renteneintrittsalter wird schrittweise auf 67 angehoben, um die Renten zu stabilisieren.\", reality: \"Die Anhebung soll das Rentenniveau stabilisieren, die Wirkung ist umstritten.\" },\n                { year: 2014, level: 48.9, event: \"M\u00fctterrente I\", coalition: \"CDU\/CSU-SPD\", description: \"Leistungsverbesserungen f\u00fcr M\u00fctter von vor 1992 geborenen Kindern.\", promise: \"Bessere Anerkennung von Erziehungszeiten, was das Rentenniveau nicht direkt beeinflusst, aber die individuelle Rente verbessert.\", reality: \"Dies verbesserte die Renten f\u00fcr die betroffenen M\u00fctter, hatte aber keinen signifikanten Einfluss auf das Gesamtniveau.\" },\n                { year: 2018, level: 48.1, event: \"RV-Leistungsverbesserungs- und -stabilisierungsgesetz\", coalition: \"CDU\/CSU-SPD\", description: \"Eine erneute Gro\u00dfe Koalition versprach eine Phase der Stabilit\u00e4t.\", promise: \"Das Rentenniveau soll bis 2025 nicht unter 48% fallen.\", reality: \"Dieses Versprechen wurde bisher gehalten.\" },\n                { year: 2023, level: 48.2, event: \"Grundrente\", coalition: \"SPD-Gr\u00fcne-FDP\", description: \"Ein Zuschlag f\u00fcr Geringverdiener mit langer Beitragszeit, verabschiedet unter der Regierung Scholz.\", promise: \"Zuschlag f\u00fcr Kleinrentner, die lange gearbeitet haben, aber nur eine kleine Rente erhalten.\", reality: \"Verbesserte Situation f\u00fcr Geringverdiener, aber ohne Einfluss auf das allgemeine Rentenniveau.\" }\n            ];\n\n            const years = Array.from({length: 32}, (_, i) => 1992 + i);\n            const levels = years.map(year => {\n                const dataPoint = politicalEvents.find(d => d.year === year);\n                if (dataPoint) return dataPoint.level;\n                \/\/ Einfache Interpolation f\u00fcr fehlende Datenpunkte\n                const prev = politicalEvents.filter(d => d.year < year).pop();\n                const next = politicalEvents.find(d => d.year > year);\n                if (prev && next) {\n                    const ratio = (year - prev.year) \/ (next.year - prev.year);\n                    return prev.level + ratio * (next.level - prev.level);\n                }\n                return null;\n            });\n            \n            \/\/ Separates Dataset f\u00fcr die politischen Events, um sie interaktiv zu machen\n            const eventPoints = politicalEvents.map(event => ({\n                x: event.year,\n                y: event.level,\n                ...event \/\/ Die gesamten Event-Daten hier speichern\n            }));\n\n            \/\/ Erstelle das Diagramm\n            const myChart = new Chart(ctx, {\n                type: 'line',\n                data: {\n                    labels: years,\n                    datasets: [{\n                        label: 'Rentenniveau (Sch\u00e4tzwerte)',\n                        data: levels,\n                        borderColor: '#4f46e5',\n                        backgroundColor: 'rgba(79, 70, 229, 0.1)',\n                        tension: 0.2,\n                        fill: true,\n                        pointRadius: 0, \/\/ Basislinie ohne Punkte\n                        pointHoverRadius: 0\n                    },\n                    {\n                        label: 'Politische Ma\u00dfnahmen',\n                        data: eventPoints,\n                        borderColor: '#10b981',\n                        pointBackgroundColor: '#10b981',\n                        pointRadius: 6,\n                        pointHoverRadius: 8,\n                        showLine: false, \/\/ Keine Linie zwischen den Punkten\n                    }]\n                },\n                options: {\n                    responsive: true,\n                    interaction: {\n                        mode: 'nearest',\n                        intersect: true,\n                        axis: 'x'\n                    },\n                    plugins: {\n                        tooltip: {\n                            callbacks: {\n                                title: (context) => `Jahr: ${context[0].label}`,\n                                label: (context) => {\n                                    \/\/ \u00dcberpr\u00fcfe, ob der Datenpunkt g\u00fcltig ist, bevor toFixed() aufgerufen wird\n                                    \/\/ Dies verhindert den Fehler, wenn der Benutzer \u00fcber einen Null-Datenpunkt schwebt\n                                    if (context.raw && typeof context.raw.y === 'number') {\n                                        return `${context.dataset.label}: ${context.raw.y.toFixed(1)}%`;\n                                    } else if (typeof context.raw === 'number') {\n                                        return `${context.dataset.label}: ${context.raw.toFixed(1)}%`;\n                                    }\n                                    return ''; \/\/ Leerer String f\u00fcr ung\u00fcltige Datenpunkte\n                                }\n                            }\n                        }\n                    },\n                    scales: {\n                        x: {\n                            title: {\n                                display: true,\n                                text: 'Jahr'\n                            },\n                            ticks: {\n                                callback: function(value, index, values) {\n                                    return years[index] % 5 === 0 ? years[index] : '';\n                                }\n                            }\n                        },\n                        y: {\n                            title: {\n                                display: true,\n                                text: 'Rentenniveau in %'\n                            },\n                            beginAtZero: false,\n                            min: 40,\n                            max: 60\n                        }\n                    },\n                    onClick: (e) => {\n                        const activePoints = myChart.getElementsAtEventForMode(e, 'nearest', { intersect: true }, false);\n                        if (activePoints.length > 0) {\n                            const firstPoint = activePoints[0];\n                            const datasetIndex = firstPoint.datasetIndex;\n                            const index = firstPoint.index;\n                            \n                            \/\/ Nur reagieren, wenn der interaktive Event-Punkt angeklickt wird (datasetIndex 1)\n                            if (datasetIndex === 1) {\n                                const dataPoint = myChart.data.datasets[datasetIndex].data[index];\n                                showPopup(e, dataPoint);\n                            } else {\n                                \/\/ Pop-up ausblenden, wenn kein Event-Punkt geklickt wird\n                                popup.style.display = 'none';\n                            }\n                        }\n                    }\n                }\n            });\n\n            \/\/ Funktionen f\u00fcr das Pop-up\n            const showPopup = (e, item) => {\n                popupTitle.textContent = `${item.event} (${item.year})`;\n                popupCoalition.textContent = `Regierung: ${item.coalition}`;\n                popupDescription.textContent = item.description;\n                popupPromise.textContent = item.promise;\n                popupReality.textContent = item.reality;\n\n                \/\/ Positionierung des Pop-ups\n                let topPos = e.clientY + 10;\n                let leftPos = e.clientX + 10;\n\n                \/\/ Korrektur, wenn das Pop-up aus dem Bildschirm ragt\n                if (leftPos + popup.offsetWidth > window.innerWidth) {\n                    leftPos = e.clientX - popup.offsetWidth - 10;\n                }\n                if (topPos + popup.offsetHeight > window.innerHeight) {\n                    topPos = e.clientY - popup.offsetHeight - 10;\n                }\n\n                popup.style.display = 'block';\n                popup.style.top = `${topPos}px`;\n                popup.style.left = `${leftPos}px`;\n            };\n\n            closeButton.addEventListener('click', () => {\n                popup.style.display = 'none';\n            });\n        });\n    <\/script>\n<\/body>\n<\/html>\n","protected":false},"excerpt":{"rendered":"<p>Vergleich zwischen politischen Versprechen und der realen Entwicklung des Rentenniveaus Rentenentwicklung Deutschland &times; Was versprochen wurde: Was wirklich passierte: Funktionsweise der Seite: Die blaue Linie zeigt die tats\u00e4chliche Entwicklung des Rentenniveaus in Deutschland \u00fcber die Jahre. Die gr\u00fcnen Punkte repr\u00e4sentieren wichtige politische Ma\u00dfnahmen. Klicken Sie auf einen der gr\u00fcnen Punkte, um detaillierte Informationen zur jeweiligen &hellip; <\/p>\n<p class=\"link-more\"><a href=\"https:\/\/www.sinn-schaffen.de\/finanz\/rentenentwivklung-2017\/\" class=\"more-link\"><span class=\"screen-reader-text\">\u201eRentenentwicklung in Deutschland\u201c<\/span> weiterlesen<\/a><\/p>\n","protected":false},"author":1,"featured_media":0,"parent":0,"menu_order":0,"comment_status":"closed","ping_status":"closed","template":"","meta":{"footnotes":""},"class_list":["post-1558","page","type-page","status-publish","hentry"],"_links":{"self":[{"href":"https:\/\/www.sinn-schaffen.de\/finanz\/wp-json\/wp\/v2\/pages\/1558","targetHints":{"allow":["GET"]}}],"collection":[{"href":"https:\/\/www.sinn-schaffen.de\/finanz\/wp-json\/wp\/v2\/pages"}],"about":[{"href":"https:\/\/www.sinn-schaffen.de\/finanz\/wp-json\/wp\/v2\/types\/page"}],"author":[{"embeddable":true,"href":"https:\/\/www.sinn-schaffen.de\/finanz\/wp-json\/wp\/v2\/users\/1"}],"replies":[{"embeddable":true,"href":"https:\/\/www.sinn-schaffen.de\/finanz\/wp-json\/wp\/v2\/comments?post=1558"}],"version-history":[{"count":48,"href":"https:\/\/www.sinn-schaffen.de\/finanz\/wp-json\/wp\/v2\/pages\/1558\/revisions"}],"predecessor-version":[{"id":1618,"href":"https:\/\/www.sinn-schaffen.de\/finanz\/wp-json\/wp\/v2\/pages\/1558\/revisions\/1618"}],"wp:attachment":[{"href":"https:\/\/www.sinn-schaffen.de\/finanz\/wp-json\/wp\/v2\/media?parent=1558"}],"curies":[{"name":"wp","href":"https:\/\/api.w.org\/{rel}","templated":true}]}}